{"id":249105,"date":"2022-10-21T03:35:38","date_gmt":"2022-10-21T01:35:38","guid":{"rendered":"http:\/\/dev.claret.cat\/producte\/tiempos-de-hielo\/"},"modified":"2023-01-28T13:56:27","modified_gmt":"2023-01-28T12:56:27","slug":"tiempos-de-hielo-9788416465217","status":"publish","type":"product","link":"https:\/\/www.claret.cat\/es\/libro\/tiempos-de-hielo-9788416465217\/","title":{"rendered":"TIEMPOS DE HIELO"},"content":{"rendered":"<p>PREMIO LANDERNEAU POLAR 2015<\/p>\n<p> \u00abFred Vargas ha alcanzado la cumbre de su arte\u00bb.<\/p>\n<p> Le Figaro Litt\u00e9raire <\/p>\n<p> \u00abUna nueva demostraci\u00f3n de su persistente capacidad para hechizar al lector\u00bb.<\/p>\n<p> Lib\u00e9ration<\/p>\n<p> Alice Gauthier, una respetable profesora de matem\u00e1ticas de sesenta y seis a\u00f1os, aparece muerta en su ba\u00f1era; todo parece apuntar a un suicidio, pero ciertos detalles, como un extra\u00f1o signo trazado en el lugar del suceso, hacen pensar que quiz\u00e1 haya algo m\u00e1s detr\u00e1s de su muerte, por lo que el caso es derivado al equipo de la Brigada Criminal del comisario Adamsberg. Al poco, una mujer dice haber enviado una carta que la muerta hab\u00eda escrito a un tal Amad\u00e9e Masfaur\u00e9&#8230;, cuyo padre se habr\u00eda suicidado dejando un signo similar. Las sospechas se confirman al comprobar que ambas muertes ten\u00edan algo m\u00e1s en com\u00fan: las dos v\u00edctimas formaban parte de una tr\u00e1gica expedici\u00f3n a una remota e inexplorada isla de Islandia, diez a\u00f1os antes;<\/p>\n<p> Un extra\u00f1o club de admiradores de Robespierre, viejos rencores familiares, pistas falsas, reminiscencias de antiguos mitos n\u00f3rdicos;, y la imbatible sagacidad de Adamsberg y su brigada son los ingredientes de la magn\u00edfica nueva obra de la reina de la novela negra europea.<\/p>\n","protected":false},"excerpt":{"rendered":"<p>VARGAS, FRED<\/p>\n","protected":false},"featured_media":249106,"template":"","meta":{"_acf_changed":false,"om_disable_all_campaigns":false,"rs_blank_template":"","rs_page_bg_color":"","slide_template_v7":"","inline_featured_image":false,"_monsterinsights_skip_tracking":false,"_monsterinsights_sitenote_active":false,"_monsterinsights_sitenote_note":"","_monsterinsights_sitenote_category":0},"product_brand":[],"product_cat":[16],"product_tag":[],"class_list":{"0":"post-249105","1":"product","2":"type-product","3":"status-publish","4":"has-post-thumbnail","6":"product_cat-sense-categoria","8":"first","9":"instock","10":"taxable","11":"shipping-taxable","12":"purchasable","13":"product-type-simple"},"acf":{"autor":"VARGAS, FRED","codart":"841646521","libros-coleccion":"","ediciones":"1","encuadernacion":"R\u00fastica","fecha_de_publicacion":"01\/09\/2015","novedad":"0","paginas":"352","subtitulo":"","orden":"999","portada":"0","idioma":"spa","editorial":[{"ID":148829,"post_author":"3","post_date":"2022-10-14 12:01:19","post_date_gmt":"2022-10-14 10:01:19","post_content":"","post_title":"SIRUELA, EDICIONES","post_excerpt":"","post_status":"publish","comment_status":"closed","ping_status":"closed","post_password":"","post_name":"siruela-ediciones","to_ping":"","pinged":"","post_modified":"2022-10-14 12:01:19","post_modified_gmt":"2022-10-14 10:01:19","post_content_filtered":"","post_parent":0,"guid":"http:\/\/dev.claret.cat\/editorial\/siruela-ediciones\/","menu_order":0,"post_type":"editorial","post_mime_type":"","comment_count":"0","filter":"raw"}],"autores-libros":[{"ID":156396,"post_author":"3","post_date":"2022-10-14 15:20:29","post_date_gmt":"2022-10-14 13:20:29","post_content":"","post_title":"FRED VARGAS","post_excerpt":"","post_status":"publish","comment_status":"closed","ping_status":"closed","post_password":"","post_name":"fred-vargas","to_ping":"","pinged":"","post_modified":"2022-10-14 15:20:29","post_modified_gmt":"2022-10-14 13:20:29","post_content_filtered":"","post_parent":0,"guid":"http:\/\/dev.claret.cat\/autor\/fred-vargas\/","menu_order":0,"post_type":"autor","post_mime_type":"","comment_count":"0","filter":"raw"}]},"aioseo_notices":[],"_links":{"self":[{"href":"https:\/\/www.claret.cat\/es\/wp-json\/wp\/v2\/product\/249105","targetHints":{"allow":["GET"]}}],"collection":[{"href":"https:\/\/www.claret.cat\/es\/wp-json\/wp\/v2\/product"}],"about":[{"href":"https:\/\/www.claret.cat\/es\/wp-json\/wp\/v2\/types\/product"}],"wp:featuredmedia":[{"embeddable":true,"href":"https:\/\/www.claret.cat\/es\/wp-json\/wp\/v2\/media\/249106"}],"wp:attachment":[{"href":"https:\/\/www.claret.cat\/es\/wp-json\/wp\/v2\/media?parent=249105"}],"wp:term":[{"taxonomy":"product_brand","embeddable":true,"href":"https:\/\/www.claret.cat\/es\/wp-json\/wp\/v2\/product_brand?post=249105"},{"taxonomy":"product_cat","embeddable":true,"href":"https:\/\/www.claret.cat\/es\/wp-json\/wp\/v2\/product_cat?post=249105"},{"taxonomy":"product_tag","embeddable":true,"href":"https:\/\/www.claret.cat\/es\/wp-json\/wp\/v2\/product_tag?post=249105"}],"curies":[{"name":"wp","href":"https:\/\/api.w.org\/{rel}","templated":true}]}}

<p>PREMIO LANDERNEAU POLAR 2015</p>
<p> «Fred Vargas ha alcanzado la cumbre de su arte».</p>
<p> Le Figaro Littéraire </p>
<p> «Una nueva demostración de su persistente capacidad para hechizar al lector».</p>
<p> Libération</p>
<p> Alice Gauthier, una respetable profesora de matemáticas de sesenta y seis años, aparece muerta en su bañera; todo parece apuntar a un suicidio, pero ciertos detalles, como un extraño signo trazado en el lugar del suceso, hacen pensar que quizá haya algo más detrás de su muerte, por lo que el caso es derivado al equipo de la Brigada Criminal del comisario Adamsberg. Al poco, una mujer dice haber enviado una carta que la muerta había escrito a un tal Amadée Masfauré&#8230;, cuyo padre se habría suicidado dejando un signo similar. Las sospechas se confirman al comprobar que ambas muertes tenían algo más en común: las dos víctimas formaban parte de una trágica expedición a una remota e inexplorada isla de Islandia, diez años antes;</p>
<p> Un extraño club de admiradores de Robespierre, viejos rencores familiares, pistas falsas, reminiscencias de antiguos mitos nórdicos;, y la imbatible sagacidad de Adamsberg y su brigada son los ingredientes de la magnífica nueva obra de la reina de la novela negra europea.</p>

Rústica
