{"id":249962,"date":"2022-10-21T08:56:59","date_gmt":"2022-10-21T06:56:59","guid":{"rendered":"http:\/\/dev.claret.cat\/producte\/en-defensa-de-los-animales-2\/"},"modified":"2023-01-28T13:34:44","modified_gmt":"2023-01-28T12:34:44","slug":"en-defensa-de-los-animales-9788499884608","status":"publish","type":"product","link":"https:\/\/www.claret.cat\/es\/libro\/en-defensa-de-los-animales-9788499884608\/","title":{"rendered":"EN DEFENSA DE LOS ANIMALES"},"content":{"rendered":"<p>Cada a\u00f1o matamos 60 mil millones de animales terrestres y 1 bill\u00f3n de animales marinos para nuestro consumo. Una masacre sin parang\u00f3n en la historia de la humanidad que plantea un desaf\u00edo \u00e9tico de primera magnitud. Este consumo desbocado agrava el problema del hambre en el mundo, provoca desequilibrios ecol\u00f3gicos y es nocivo para nuestra salud. <br \/> Adem\u00e1s, instrumentalizamos los animales por razones puramente venales (tr\u00e1fico de fauna salvaje), para la investigaci\u00f3n cient\u00edfica o por mera diversi\u00f3n (corridas de toros, circos, zool\u00f3gicos, etc\u00e9tera). <br \/> \u00bfY si hubiera llegado la hora de considerar los animales no ya como seres inferiores sino como nuestros &#8216;conciudadanos&#8217; planetarios? Vivimos en un mundo interdependiente en el que la suerte de cada ser vivo est\u00e1 \u00edntimamente ligada a la de los otros. <br \/> Este clarificador ensayo pone al alcance de todos los conocimientos actuales sobre los animales y nuestra manera de tratarlos. Una invitaci\u00f3n para que cambiemos nuestra mentalidad y nuestros comportamientos y una invitaci\u00f3n a expandir la benevolencia al conjunto de los seres vivos.<\/p>\n","protected":false},"excerpt":{"rendered":"<p>RICARD, MATTHIEU<\/p>\n","protected":false},"featured_media":249963,"template":"","meta":{"_acf_changed":false,"om_disable_all_campaigns":false,"rs_blank_template":"","rs_page_bg_color":"","slide_template_v7":"","inline_featured_image":false,"_monsterinsights_skip_tracking":false,"_monsterinsights_sitenote_active":false,"_monsterinsights_sitenote_note":"","_monsterinsights_sitenote_category":0},"product_brand":[],"product_cat":[16],"product_tag":[],"class_list":{"0":"post-249962","1":"product","2":"type-product","3":"status-publish","4":"has-post-thumbnail","6":"product_cat-sense-categoria","8":"first","9":"instock","10":"taxable","11":"shipping-taxable","12":"purchasable","13":"product-type-simple"},"acf":{"autor":"RICARD, MATTHIEU","codart":"849988460","libros-coleccion":"","ediciones":"1","encuadernacion":"R\u00fastica","fecha_de_publicacion":"01\/09\/2015","novedad":"0","paginas":"413","subtitulo":"","orden":"999","portada":"0","idioma":"spa","autores-libros":[{"ID":164503,"post_author":"3","post_date":"2022-10-14 17:47:35","post_date_gmt":"2022-10-14 15:47:35","post_content":"","post_title":"MATTHIEU RICARD","post_excerpt":"","post_status":"publish","comment_status":"closed","ping_status":"closed","post_password":"","post_name":"matthieu-ricard","to_ping":"","pinged":"","post_modified":"2022-10-14 17:47:35","post_modified_gmt":"2022-10-14 15:47:35","post_content_filtered":"","post_parent":0,"guid":"http:\/\/dev.claret.cat\/autor\/matthieu-ricard\/","menu_order":0,"post_type":"autor","post_mime_type":"","comment_count":"0","filter":"raw"}]},"aioseo_notices":[],"_links":{"self":[{"href":"https:\/\/www.claret.cat\/es\/wp-json\/wp\/v2\/product\/249962","targetHints":{"allow":["GET"]}}],"collection":[{"href":"https:\/\/www.claret.cat\/es\/wp-json\/wp\/v2\/product"}],"about":[{"href":"https:\/\/www.claret.cat\/es\/wp-json\/wp\/v2\/types\/product"}],"wp:featuredmedia":[{"embeddable":true,"href":"https:\/\/www.claret.cat\/es\/wp-json\/wp\/v2\/media\/249963"}],"wp:attachment":[{"href":"https:\/\/www.claret.cat\/es\/wp-json\/wp\/v2\/media?parent=249962"}],"wp:term":[{"taxonomy":"product_brand","embeddable":true,"href":"https:\/\/www.claret.cat\/es\/wp-json\/wp\/v2\/product_brand?post=249962"},{"taxonomy":"product_cat","embeddable":true,"href":"https:\/\/www.claret.cat\/es\/wp-json\/wp\/v2\/product_cat?post=249962"},{"taxonomy":"product_tag","embeddable":true,"href":"https:\/\/www.claret.cat\/es\/wp-json\/wp\/v2\/product_tag?post=249962"}],"curies":[{"name":"wp","href":"https:\/\/api.w.org\/{rel}","templated":true}]}}

<p>Cada año matamos 60 mil millones de animales terrestres y 1 billón de animales marinos para nuestro consumo. Una masacre sin parangón en la historia de la humanidad que plantea un desafío ético de primera magnitud. Este consumo desbocado agrava el problema del hambre en el mundo, provoca desequilibrios ecológicos y es nocivo para nuestra salud. <br /> Además, instrumentalizamos los animales por razones puramente venales (tráfico de fauna salvaje), para la investigación científica o por mera diversión (corridas de toros, circos, zoológicos, etcétera). <br /> ¿Y si hubiera llegado la hora de considerar los animales no ya como seres inferiores sino como nuestros &#8216;conciudadanos&#8217; planetarios? Vivimos en un mundo interdependiente en el que la suerte de cada ser vivo está íntimamente ligada a la de los otros. <br /> Este clarificador ensayo pone al alcance de todos los conocimientos actuales sobre los animales y nuestra manera de tratarlos. Una invitación para que cambiemos nuestra mentalidad y nuestros comportamientos y una invitación a expandir la benevolencia al conjunto de los seres vivos.</p>

Rústica
