{"id":249992,"date":"2022-10-21T08:57:48","date_gmt":"2022-10-21T06:57:48","guid":{"rendered":"http:\/\/dev.claret.cat\/producte\/les-cuineres-de-sils\/"},"modified":"2026-04-07T11:28:47","modified_gmt":"2026-04-07T09:28:47","slug":"les-cuineres-de-sils-9788482647272","status":"publish","type":"product","link":"https:\/\/www.claret.cat\/es\/libro\/les-cuineres-de-sils-9788482647272\/","title":{"rendered":"LES CUINERES DE SILS"},"content":{"rendered":"<p>La nova edici\u00f3 ampliada de Les cuineres de Sils, amb m\u00e9s records de la cuina antiga, nous suggeriments i<br \/> consells basats en l&#8221;experi\u00e8ncia i amb un cap\u00edtol extens dedicat a les postres. Un llibre que, m\u00e9s enll\u00e0 d&#8221;un receptari,<br \/>  t\u00e9 la vocaci\u00f3 de ser una mem\u00f2ria gastron\u00f2mica, un recull de productes, d&#8221;usos i de costums culinaris de la nostra<br \/> terra.<\/p>\n","protected":false},"excerpt":{"rendered":"<p>DE SILS , CUINERES<\/p>\n","protected":false},"featured_media":1094938,"template":"","meta":{"_acf_changed":false,"om_disable_all_campaigns":false,"rs_blank_template":"","rs_page_bg_color":"","slide_template_v7":"","inline_featured_image":false,"_monsterinsights_skip_tracking":false,"_monsterinsights_sitenote_active":false,"_monsterinsights_sitenote_note":"","_monsterinsights_sitenote_category":0},"product_brand":[],"product_cat":[553,103],"product_tag":[],"class_list":{"0":"post-249992","1":"product","2":"type-product","3":"status-publish","4":"has-post-thumbnail","6":"product_cat-cocina","7":"product_cat-cuina","9":"first","10":"outofstock","11":"taxable","12":"shipping-taxable","13":"purchasable","14":"product-type-simple"},"acf":{"autor":"DE SILS , CUINERES","codart":"848264727","libros-coleccion":"","ediciones":"1","encuadernacion":"Carton\u00e9","fecha_de_publicacion":"01\/09\/2015","novedad":"0","paginas":"316","subtitulo":"","orden":"999","portada":"0","idioma":"spa","editorial":[{"ID":8268,"post_author":"3","post_date":"2022-09-30 09:21:37","post_date_gmt":"2022-09-30 07:21:37","post_content":"","post_title":"RBA LIBROS SA.","post_excerpt":"","post_status":"publish","comment_status":"closed","ping_status":"closed","post_password":"","post_name":"rba-libros-sa","to_ping":"","pinged":"","post_modified":"2022-09-30 09:21:37","post_modified_gmt":"2022-09-30 07:21:37","post_content_filtered":"","post_parent":0,"guid":"http:\/\/dev.claret.cat\/editorial\/rba-libros-sa\/","menu_order":0,"post_type":"editorial","post_mime_type":"","comment_count":"0","filter":"raw"}],"autores-libros":[{"ID":421562,"post_author":"3","post_date":"2023-05-16 07:00:49","post_date_gmt":"2023-05-16 05:00:49","post_content":"","post_title":"CUINERES DE SILS","post_excerpt":"","post_status":"publish","comment_status":"closed","ping_status":"closed","post_password":"","post_name":"cuineres-de-sils","to_ping":"","pinged":"","post_modified":"2023-05-16 07:00:49","post_modified_gmt":"2023-05-16 05:00:49","post_content_filtered":"","post_parent":0,"guid":"https:\/\/www.claret.cat\/autor\/cuineres-de-sils\/","menu_order":0,"post_type":"autor","post_mime_type":"","comment_count":"0","filter":"raw"}],"booktrailer":"","resenas":""},"aioseo_notices":[],"_links":{"self":[{"href":"https:\/\/www.claret.cat\/es\/wp-json\/wp\/v2\/product\/249992","targetHints":{"allow":["GET"]}}],"collection":[{"href":"https:\/\/www.claret.cat\/es\/wp-json\/wp\/v2\/product"}],"about":[{"href":"https:\/\/www.claret.cat\/es\/wp-json\/wp\/v2\/types\/product"}],"wp:featuredmedia":[{"embeddable":true,"href":"https:\/\/www.claret.cat\/es\/wp-json\/wp\/v2\/media\/1094938"}],"wp:attachment":[{"href":"https:\/\/www.claret.cat\/es\/wp-json\/wp\/v2\/media?parent=249992"}],"wp:term":[{"taxonomy":"product_brand","embeddable":true,"href":"https:\/\/www.claret.cat\/es\/wp-json\/wp\/v2\/product_brand?post=249992"},{"taxonomy":"product_cat","embeddable":true,"href":"https:\/\/www.claret.cat\/es\/wp-json\/wp\/v2\/product_cat?post=249992"},{"taxonomy":"product_tag","embeddable":true,"href":"https:\/\/www.claret.cat\/es\/wp-json\/wp\/v2\/product_tag?post=249992"}],"curies":[{"name":"wp","href":"https:\/\/api.w.org\/{rel}","templated":true}]}}

<p>La nova edició ampliada de Les cuineres de Sils, amb més records de la cuina antiga, nous suggeriments i<br /> consells basats en l&#8221;experiència i amb un capítol extens dedicat a les postres. Un llibre que, més enllà d&#8221;un receptari,<br />  té la vocació de ser una memòria gastronòmica, un recull de productes, d&#8221;usos i de costums culinaris de la nostra<br /> terra.</p>

Cartoné
