{"id":252082,"date":"2022-10-21T09:58:32","date_gmt":"2022-10-21T07:58:32","guid":{"rendered":"http:\/\/dev.claret.cat\/producte\/junio-2\/"},"modified":"2025-01-31T18:56:45","modified_gmt":"2025-01-31T17:56:45","slug":"junio-9788424655891","status":"publish","type":"product","link":"https:\/\/www.claret.cat\/es\/libro\/junio-9788424655891\/","title":{"rendered":"JUNIO"},"content":{"rendered":"<p>Nuevo formato de la colecci\u00f3n &#8221;Mi mes&#8221;, uno de los best-sellers de la Galera con m\u00e1s de 200.000 ejemplares vendidos.&lt;BR&gt;&lt;BR&gt;Este t\u00edtulo forma parte de una colecci\u00f3n de 12 libros destinada a los m\u00e1s peque\u00f1os, con informaci\u00f3n muy sencilla y entendedora sobre el mes en que cumple a\u00f1os: con refranes, adivinanzas, poemas y canciones. Pensados para que ni\u00f1os y ni\u00f1as conozcan los meses del a\u00f1o, sus paisajes y sus fiestas y tradiciones.<\/p>\n","protected":false},"excerpt":{"rendered":"<p>ESPOT, LAURA \/ MONSERRAT, DAVID \/ TORT, ELISABETH<\/p>\n","protected":false},"featured_media":252083,"template":"","meta":{"_acf_changed":false,"om_disable_all_campaigns":false,"rs_blank_template":"","rs_page_bg_color":"","slide_template_v7":"","inline_featured_image":false,"_monsterinsights_skip_tracking":false,"_monsterinsights_sitenote_active":false,"_monsterinsights_sitenote_note":"","_monsterinsights_sitenote_category":0},"product_brand":[],"product_cat":[90,540],"product_tag":[],"class_list":{"0":"post-252082","1":"product","2":"type-product","3":"status-publish","4":"has-post-thumbnail","6":"product_cat-altres","7":"product_cat-otros","9":"first","10":"instock","11":"taxable","12":"shipping-taxable","13":"purchasable","14":"product-type-simple"},"acf":{"autor":"ESPOT, LAURA \/ MONSERRAT, DAVID \/ TORT, ELISABETH","codart":"842465589","libros-coleccion":"","ediciones":"1","encuadernacion":"R\u00fastica","fecha_de_publicacion":"01\/05\/2015","novedad":"0","paginas":"12","subtitulo":"","orden":"999","portada":"0","idioma":"spa","editorial":[{"ID":148189,"post_author":"3","post_date":"2022-10-14 11:56:19","post_date_gmt":"2022-10-14 09:56:19","post_content":"","post_title":"GALERA, EDITORIAL","post_excerpt":"","post_status":"publish","comment_status":"closed","ping_status":"closed","post_password":"","post_name":"galera-editorial","to_ping":"","pinged":"","post_modified":"2022-10-14 11:56:19","post_modified_gmt":"2022-10-14 09:56:19","post_content_filtered":"","post_parent":0,"guid":"http:\/\/dev.claret.cat\/editorial\/galera-editorial\/","menu_order":0,"post_type":"editorial","post_mime_type":"","comment_count":"0","filter":"raw"}],"autores-libros":[{"ID":161936,"post_author":"3","post_date":"2022-10-14 17:27:03","post_date_gmt":"2022-10-14 15:27:03","post_content":"","post_title":"LAURA ESPOT","post_excerpt":"","post_status":"publish","comment_status":"closed","ping_status":"closed","post_password":"","post_name":"laura-espot","to_ping":"","pinged":"","post_modified":"2022-10-14 17:27:03","post_modified_gmt":"2022-10-14 15:27:03","post_content_filtered":"","post_parent":0,"guid":"http:\/\/dev.claret.cat\/autor\/laura-espot\/","menu_order":0,"post_type":"autor","post_mime_type":"","comment_count":"0","filter":"raw"},{"ID":153900,"post_author":"3","post_date":"2022-10-14 15:00:27","post_date_gmt":"2022-10-14 13:00:27","post_content":"","post_title":"DAVID MONSERRAT","post_excerpt":"","post_status":"publish","comment_status":"closed","ping_status":"closed","post_password":"","post_name":"david-monserrat","to_ping":"","pinged":"","post_modified":"2022-10-14 15:00:27","post_modified_gmt":"2022-10-14 13:00:27","post_content_filtered":"","post_parent":0,"guid":"http:\/\/dev.claret.cat\/autor\/david-monserrat\/","menu_order":0,"post_type":"autor","post_mime_type":"","comment_count":"0","filter":"raw"},{"ID":154826,"post_author":"3","post_date":"2022-10-14 15:07:57","post_date_gmt":"2022-10-14 13:07:57","post_content":"","post_title":"ELISABETH TORT","post_excerpt":"","post_status":"publish","comment_status":"closed","ping_status":"closed","post_password":"","post_name":"elisabeth-tort","to_ping":"","pinged":"","post_modified":"2022-10-14 15:07:57","post_modified_gmt":"2022-10-14 13:07:57","post_content_filtered":"","post_parent":0,"guid":"http:\/\/dev.claret.cat\/autor\/elisabeth-tort\/","menu_order":0,"post_type":"autor","post_mime_type":"","comment_count":"0","filter":"raw"}]},"aioseo_notices":[],"_links":{"self":[{"href":"https:\/\/www.claret.cat\/es\/wp-json\/wp\/v2\/product\/252082","targetHints":{"allow":["GET"]}}],"collection":[{"href":"https:\/\/www.claret.cat\/es\/wp-json\/wp\/v2\/product"}],"about":[{"href":"https:\/\/www.claret.cat\/es\/wp-json\/wp\/v2\/types\/product"}],"wp:featuredmedia":[{"embeddable":true,"href":"https:\/\/www.claret.cat\/es\/wp-json\/wp\/v2\/media\/252083"}],"wp:attachment":[{"href":"https:\/\/www.claret.cat\/es\/wp-json\/wp\/v2\/media?parent=252082"}],"wp:term":[{"taxonomy":"product_brand","embeddable":true,"href":"https:\/\/www.claret.cat\/es\/wp-json\/wp\/v2\/product_brand?post=252082"},{"taxonomy":"product_cat","embeddable":true,"href":"https:\/\/www.claret.cat\/es\/wp-json\/wp\/v2\/product_cat?post=252082"},{"taxonomy":"product_tag","embeddable":true,"href":"https:\/\/www.claret.cat\/es\/wp-json\/wp\/v2\/product_tag?post=252082"}],"curies":[{"name":"wp","href":"https:\/\/api.w.org\/{rel}","templated":true}]}}

<p>Nuevo formato de la colección &#8221;Mi mes&#8221;, uno de los best-sellers de la Galera con más de 200.000 ejemplares vendidos.&lt;BR&gt;&lt;BR&gt;Este título forma parte de una colección de 12 libros destinada a los más pequeños, con información muy sencilla y entendedora sobre el mes en que cumple años: con refranes, adivinanzas, poemas y canciones. Pensados para que niños y niñas conozcan los meses del año, sus paisajes y sus fiestas y tradiciones.</p>

Rústica
