{"id":253397,"date":"2022-10-21T10:33:40","date_gmt":"2022-10-21T08:33:40","guid":{"rendered":"http:\/\/dev.claret.cat\/producte\/tapas-y-aperitivos-con-sergio-fernandez\/"},"modified":"2025-02-04T18:41:37","modified_gmt":"2025-02-04T17:41:37","slug":"tapas-y-aperitivos-con-sergio-fernandez-9788490562673","status":"publish","type":"product","link":"https:\/\/www.claret.cat\/es\/libro\/tapas-y-aperitivos-con-sergio-fernandez-9788490562673\/","title":{"rendered":"TAPAS Y APERITIVOS CON SERGIO FERN\u00c1NDEZ"},"content":{"rendered":"<p>El cocinero Sergio Fern\u00e1ndez te propone en ?Tapas y Aperitivos&#8221; un buen n\u00famero de recetas para que elabores<br \/> las tapas m\u00e1s sabrosas en tu cocina. Desde los cl\u00e1sicos sabores de siempre a las ideas para picar m\u00e1s sorprendentes e<br \/> innovadoras, Sergio repasa las tapas, los montaditos, los pinchos, los canap\u00e9s, las frituras y las brochetas,<br \/> ofreci\u00e9ndote apetitosas propuestas y trucos de cocina muy \u00fatiles. Junto a \u00e9l descubrir\u00e1s que el ?tapeo&#8221; puede ser todo<br \/> un placer a la hora de cocinar y un deleite para el paladar de tus invitados. Recordando que en muchas ocasiones apenas<br \/> tenemos tiempo para meternos entre fogones, las recetas de Sergio te sorprender\u00e1n, tambi\u00e9n, por la sencillez en su<br \/> elaboraci\u00f3n y por lo r\u00e1pido que las tendr\u00e1s listas.<\/p>\n","protected":false},"excerpt":{"rendered":"<p>FERNANDEZ LUQUE, SERGIO<\/p>\n","protected":false},"featured_media":253398,"template":"","meta":{"_acf_changed":false,"om_disable_all_campaigns":false,"rs_blank_template":"","rs_page_bg_color":"","slide_template_v7":"","inline_featured_image":false,"_monsterinsights_skip_tracking":false,"_monsterinsights_sitenote_active":false,"_monsterinsights_sitenote_note":"","_monsterinsights_sitenote_category":0},"product_brand":[],"product_cat":[90,540],"product_tag":[],"class_list":{"0":"post-253397","1":"product","2":"type-product","3":"status-publish","4":"has-post-thumbnail","6":"product_cat-altres","7":"product_cat-otros","9":"first","10":"outofstock","11":"taxable","12":"shipping-taxable","13":"purchasable","14":"product-type-simple"},"acf":{"autor":"FERNANDEZ LUQUE, SERGIO","codart":"849056267","libros-coleccion":"","ediciones":"1","encuadernacion":"R\u00fastica","fecha_de_publicacion":"01\/04\/2015","novedad":"0","paginas":"138","subtitulo":"","orden":"999","portada":"0","idioma":"spa","editorial":[{"ID":8268,"post_author":"3","post_date":"2022-09-30 09:21:37","post_date_gmt":"2022-09-30 07:21:37","post_content":"","post_title":"RBA LIBROS SA.","post_excerpt":"","post_status":"publish","comment_status":"closed","ping_status":"closed","post_password":"","post_name":"rba-libros-sa","to_ping":"","pinged":"","post_modified":"2022-09-30 09:21:37","post_modified_gmt":"2022-09-30 07:21:37","post_content_filtered":"","post_parent":0,"guid":"http:\/\/dev.claret.cat\/editorial\/rba-libros-sa\/","menu_order":0,"post_type":"editorial","post_mime_type":"","comment_count":"0","filter":"raw"}],"autores-libros":[{"ID":325934,"post_author":"3","post_date":"2023-01-05 10:51:53","post_date_gmt":"2023-01-05 09:51:53","post_content":"","post_title":"SERGIO FERNANDEZ LUQUE","post_excerpt":"","post_status":"publish","comment_status":"closed","ping_status":"closed","post_password":"","post_name":"sergio-fernandez-luque","to_ping":"","pinged":"","post_modified":"2023-01-05 10:51:53","post_modified_gmt":"2023-01-05 09:51:53","post_content_filtered":"","post_parent":0,"guid":"https:\/\/www.claret.cat\/autor\/sergio-fernandez-luque\/","menu_order":0,"post_type":"autor","post_mime_type":"","comment_count":"0","filter":"raw"}]},"aioseo_notices":[],"_links":{"self":[{"href":"https:\/\/www.claret.cat\/es\/wp-json\/wp\/v2\/product\/253397","targetHints":{"allow":["GET"]}}],"collection":[{"href":"https:\/\/www.claret.cat\/es\/wp-json\/wp\/v2\/product"}],"about":[{"href":"https:\/\/www.claret.cat\/es\/wp-json\/wp\/v2\/types\/product"}],"wp:featuredmedia":[{"embeddable":true,"href":"https:\/\/www.claret.cat\/es\/wp-json\/wp\/v2\/media\/253398"}],"wp:attachment":[{"href":"https:\/\/www.claret.cat\/es\/wp-json\/wp\/v2\/media?parent=253397"}],"wp:term":[{"taxonomy":"product_brand","embeddable":true,"href":"https:\/\/www.claret.cat\/es\/wp-json\/wp\/v2\/product_brand?post=253397"},{"taxonomy":"product_cat","embeddable":true,"href":"https:\/\/www.claret.cat\/es\/wp-json\/wp\/v2\/product_cat?post=253397"},{"taxonomy":"product_tag","embeddable":true,"href":"https:\/\/www.claret.cat\/es\/wp-json\/wp\/v2\/product_tag?post=253397"}],"curies":[{"name":"wp","href":"https:\/\/api.w.org\/{rel}","templated":true}]}}

TAPAS Y APERITIVOS CON SERGIO FERNÁNDEZ

<p>El cocinero Sergio Fernández te propone en ?Tapas y Aperitivos&#8221; un buen número de recetas para que elabores<br /> las tapas más sabrosas en tu cocina. Desde los clásicos sabores de siempre a las ideas para picar más sorprendentes e<br /> innovadoras, Sergio repasa las tapas, los montaditos, los pinchos, los canapés, las frituras y las brochetas,<br /> ofreciéndote apetitosas propuestas y trucos de cocina muy útiles. Junto a él descubrirás que el ?tapeo&#8221; puede ser todo<br /> un placer a la hora de cocinar y un deleite para el paladar de tus invitados. Recordando que en muchas ocasiones apenas<br /> tenemos tiempo para meternos entre fogones, las recetas de Sergio te sorprenderán, también, por la sencillez en su<br /> elaboración y por lo rápido que las tendrás listas.</p>

Rústica
