{"id":253877,"date":"2022-10-21T10:46:01","date_gmt":"2022-10-21T08:46:01","guid":{"rendered":"http:\/\/dev.claret.cat\/producte\/barcelona-50-meravelles-del-modernisme\/"},"modified":"2026-04-01T23:20:27","modified_gmt":"2026-04-01T21:20:27","slug":"barcelona-50-meravelles-del-modernisme-9788490343135","status":"publish","type":"product","link":"https:\/\/www.claret.cat\/es\/libro\/barcelona-50-meravelles-del-modernisme-9788490343135\/","title":{"rendered":"BARCELONA. 50 MERAVELLES DEL MODERNISME"},"content":{"rendered":"<p>Fa\u00e7anes ondulants, muses que ens criden des de les parets, espectaculars cobertes brillants sota el sol, fanals, bancs, portes, parcs i monuments incre\u00efblement bonics embelleixen la ciutat del 1900. A Barcelona: 50 meravelles del Modernisme el lector es passejar\u00e0 des de la Sagrada Fam\u00edlia i el Park G\u00fcell fins a cases particulars com la Pedrera, el palau G\u00fcell o les cases Batll\u00f3 i Amatller, passant per f\u00e0briques, hospitals, esgl\u00e9sies i escoles que van modernitzar la capital de Catalunya, amb la fusi\u00f3 de bellesa i funcionalitat. En el segle XXI Barcelona encara \u00e9s modernista, amb tot de s\u00edmbols identitaris que trobareu descrits en els textos de Tate Cabr\u00e9 i copsats en les magn\u00edfiques fotografies de Miquel Badia.<\/p>\n","protected":false},"excerpt":{"rendered":"<p>CABR\u00c9 I MASSOT, TATE<\/p>\n","protected":false},"featured_media":319805,"template":"","meta":{"_acf_changed":false,"om_disable_all_campaigns":false,"rs_blank_template":"","rs_page_bg_color":"","slide_template_v7":"","inline_featured_image":false,"_monsterinsights_skip_tracking":false,"_monsterinsights_sitenote_active":false,"_monsterinsights_sitenote_note":"","_monsterinsights_sitenote_category":0},"product_brand":[],"product_cat":[110,560,105,555],"product_tag":[],"class_list":{"0":"post-253877","1":"product","2":"type-product","3":"status-publish","4":"has-post-thumbnail","6":"product_cat-art","7":"product_cat-arte","8":"product_cat-regal","9":"product_cat-regalo","11":"first","12":"instock","13":"taxable","14":"shipping-taxable","15":"purchasable","16":"product-type-simple"},"acf":{"autor":"CABR\u00c9 I MASSOT, TATE","codart":"849034313","libros-coleccion":"","ediciones":"1","encuadernacion":"Carton\u00e9","fecha_de_publicacion":"01\/03\/2015","novedad":"0","paginas":"116","subtitulo":"","orden":"999","portada":"0","idioma":"cat","editorial":[{"ID":6171,"post_author":"3","post_date":"2022-07-28 17:46:25","post_date_gmt":"2022-07-28 15:46:25","post_content":"","post_title":"COSSETANIA EDICIONS","post_excerpt":"","post_status":"publish","comment_status":"closed","ping_status":"closed","post_password":"","post_name":"cossetania-edicions","to_ping":"","pinged":"","post_modified":"2022-07-28 17:46:25","post_modified_gmt":"2022-07-28 15:46:25","post_content_filtered":"","post_parent":0,"guid":"http:\/\/dev.claret.cat\/editorial\/cossetania-edicions\/","menu_order":0,"post_type":"editorial","post_mime_type":"","comment_count":"0","filter":"raw"}],"autores-libros":[{"ID":319804,"post_author":"3","post_date":"2023-01-02 23:39:24","post_date_gmt":"2023-01-02 22:39:24","post_content":"","post_title":"TATE CABR\u00c9 I MASSOT","post_excerpt":"","post_status":"publish","comment_status":"closed","ping_status":"closed","post_password":"","post_name":"tate-cabre-i-massot","to_ping":"","pinged":"","post_modified":"2023-01-02 23:39:24","post_modified_gmt":"2023-01-02 22:39:24","post_content_filtered":"","post_parent":0,"guid":"https:\/\/www.claret.cat\/autor\/tate-cabre-i-massot\/","menu_order":0,"post_type":"autor","post_mime_type":"","comment_count":"0","filter":"raw"}],"booktrailer":"","resenas":""},"aioseo_notices":[],"_links":{"self":[{"href":"https:\/\/www.claret.cat\/es\/wp-json\/wp\/v2\/product\/253877","targetHints":{"allow":["GET"]}}],"collection":[{"href":"https:\/\/www.claret.cat\/es\/wp-json\/wp\/v2\/product"}],"about":[{"href":"https:\/\/www.claret.cat\/es\/wp-json\/wp\/v2\/types\/product"}],"wp:featuredmedia":[{"embeddable":true,"href":"https:\/\/www.claret.cat\/es\/wp-json\/wp\/v2\/media\/319805"}],"wp:attachment":[{"href":"https:\/\/www.claret.cat\/es\/wp-json\/wp\/v2\/media?parent=253877"}],"wp:term":[{"taxonomy":"product_brand","embeddable":true,"href":"https:\/\/www.claret.cat\/es\/wp-json\/wp\/v2\/product_brand?post=253877"},{"taxonomy":"product_cat","embeddable":true,"href":"https:\/\/www.claret.cat\/es\/wp-json\/wp\/v2\/product_cat?post=253877"},{"taxonomy":"product_tag","embeddable":true,"href":"https:\/\/www.claret.cat\/es\/wp-json\/wp\/v2\/product_tag?post=253877"}],"curies":[{"name":"wp","href":"https:\/\/api.w.org\/{rel}","templated":true}]}}

<p>Façanes ondulants, muses que ens criden des de les parets, espectaculars cobertes brillants sota el sol, fanals, bancs, portes, parcs i monuments increïblement bonics embelleixen la ciutat del 1900. A Barcelona: 50 meravelles del Modernisme el lector es passejarà des de la Sagrada Família i el Park Güell fins a cases particulars com la Pedrera, el palau Güell o les cases Batlló i Amatller, passant per fàbriques, hospitals, esglésies i escoles que van modernitzar la capital de Catalunya, amb la fusió de bellesa i funcionalitat. En el segle XXI Barcelona encara és modernista, amb tot de símbols identitaris que trobareu descrits en els textos de Tate Cabré i copsats en les magnífiques fotografies de Miquel Badia.</p>

<p>CABRÉ I MASSOT, TATE</p>

CABRÉ I MASSOT, TATE

Cartoné

TATE CABRÉ I MASSOT
