{"id":254224,"date":"2022-10-21T10:53:39","date_gmt":"2022-10-21T08:53:39","guid":{"rendered":"http:\/\/dev.claret.cat\/producte\/sant-jordi-un-drac-una-princesa-i-un-cavaller\/"},"modified":"2025-01-31T15:07:18","modified_gmt":"2025-01-31T14:07:18","slug":"sant-jordi-un-drac-una-princesa-i-un-cavaller-9788416166602","status":"publish","type":"product","link":"https:\/\/www.claret.cat\/es\/libro\/sant-jordi-un-drac-una-princesa-i-un-cavaller-9788416166602\/","title":{"rendered":"SANT JORDI. UN DRAC, UNA PRINCESA I UN CAVALLER"},"content":{"rendered":"<p>Amb els divertits i bells versos de Care Santos i les magn\u00edfiques il\u00b7lustracions de Dani Cruz, el t\u00e0ndem creatiu que dona vida a les aventures d&#8221;\u00c0nna Anec, ens explica ara d&#8221;una forma ben original una llegenda tan nostra com la de Sant Jordi, el drac i la princesa.<\/p>\n","protected":false},"excerpt":{"rendered":"<p>SANTOS, CARE<\/p>\n","protected":false},"featured_media":316975,"template":"","meta":{"_acf_changed":false,"om_disable_all_campaigns":false,"rs_blank_template":"","rs_page_bg_color":"","slide_template_v7":"","inline_featured_image":false,"_monsterinsights_skip_tracking":false,"_monsterinsights_sitenote_active":false,"_monsterinsights_sitenote_note":"","_monsterinsights_sitenote_category":0},"product_brand":[],"product_cat":[86,352],"product_tag":[],"class_list":{"0":"post-254224","1":"product","2":"type-product","3":"status-publish","4":"has-post-thumbnail","6":"product_cat-infantil","7":"product_cat-infantil-3_infantil-juvenil-spa","9":"first","10":"instock","11":"taxable","12":"shipping-taxable","13":"purchasable","14":"product-type-simple"},"acf":{"autor":"SANTOS, CARE","codart":"841616660","libros-coleccion":"","ediciones":"1","encuadernacion":"Carton\u00e9","fecha_de_publicacion":"01\/03\/2015","novedad":"0","paginas":"24","subtitulo":"","orden":"999","portada":"0","idioma":"spa","editorial":[{"ID":147533,"post_author":"3","post_date":"2022-10-14 11:51:18","post_date_gmt":"2022-10-14 09:51:18","post_content":"","post_title":"BASE EDITORIAL","post_excerpt":"","post_status":"publish","comment_status":"closed","ping_status":"closed","post_password":"","post_name":"base-editorial","to_ping":"","pinged":"","post_modified":"2022-10-14 11:51:18","post_modified_gmt":"2022-10-14 09:51:18","post_content_filtered":"","post_parent":0,"guid":"http:\/\/dev.claret.cat\/editorial\/base-editorial\/","menu_order":0,"post_type":"editorial","post_mime_type":"","comment_count":"0","filter":"raw"}],"autores-libros":[{"ID":152083,"post_author":"3","post_date":"2022-10-14 14:45:58","post_date_gmt":"2022-10-14 12:45:58","post_content":"<b>Care Santos\u00a0<\/b>va n\u00e9ixer a\u00a0<b>Matar\u00f3\u00a0<\/b>(Barcelona) l'any 1970. Va comen\u00e7ar a escriure als 8 anys i des de llavors no ha deixat de fer-ho ni un sol dia de la seva vida, tant en catal\u00e0 com en castell\u00e0. Va estudiar Dret i Filologia, va treballar al desaparegut Diari de Barcelona i en diferents mitjans de comunicaci\u00f3. Als 25 anys va publicar el seu primer llibre. Des de llavors, ha publicat catorze novel\u00b7les, sis llibres de relats i una nombrosa obra per a lectors joves, entre la qual destaca la saga formada per\u00a0<i><b>Mentida<\/b><\/i>,\u00a0<i><b>Veritat<\/b><\/i>,\u00a0<i><b>Por<\/b><\/i>,\u00a0<i><b>Ben<\/b><\/i>\u00a0i\u00a0<b><i>Els Medina<\/i><\/b>\u00a0(Edeb\u00e9) que ha sedu\u00eft a milers de lectors, i l'ha convertida en una de les autores m\u00e9s llegides del nostre pa\u00eds. La seva obra ha estat tradu\u00efda a 23 idiomes i tamb\u00e9 adaptada a la televisi\u00f3 (<i><b>Habitacions tancades<\/b><\/i>, TV3 i TVE). El 2014 va guanyar el Premi de les Lletres Catalanes Ramon Llull amb la novel\u00b7la\u00a0<i><b>Desig de xocolata<\/b><\/i>\u00a0i el 2017 el Premio Nadal amb\u00a0<i><b>Media vida<\/b><\/i>. Tamb\u00e9 ha obtingut importants guardons en el camp de la literatura per a joves. Col\u00b7labora habitualment amb El Peri\u00f3dico i amb d\u2019altres mitjans de comunicaci\u00f3 i de tant en tant imparteix cursos d'escriptura creativa. El 2020 l'Ajuntament d'Alcal\u00e1 de Henares li va concedir el prestigi\u00f3s\u00a0<b>Premi Cervantes Chico<\/b>\u00a0pel conjunt de la seva traject\u00f2ria.","post_title":"CARE SANTOS","post_excerpt":"","post_status":"publish","comment_status":"closed","ping_status":"closed","post_password":"","post_name":"care-santos","to_ping":"","pinged":"","post_modified":"2025-06-26 14:35:45","post_modified_gmt":"2025-06-26 12:35:45","post_content_filtered":"","post_parent":0,"guid":"http:\/\/dev.claret.cat\/autor\/care-santos\/","menu_order":0,"post_type":"autor","post_mime_type":"","comment_count":"0","filter":"raw"}]},"aioseo_notices":[],"_links":{"self":[{"href":"https:\/\/www.claret.cat\/es\/wp-json\/wp\/v2\/product\/254224","targetHints":{"allow":["GET"]}}],"collection":[{"href":"https:\/\/www.claret.cat\/es\/wp-json\/wp\/v2\/product"}],"about":[{"href":"https:\/\/www.claret.cat\/es\/wp-json\/wp\/v2\/types\/product"}],"wp:featuredmedia":[{"embeddable":true,"href":"https:\/\/www.claret.cat\/es\/wp-json\/wp\/v2\/media\/316975"}],"wp:attachment":[{"href":"https:\/\/www.claret.cat\/es\/wp-json\/wp\/v2\/media?parent=254224"}],"wp:term":[{"taxonomy":"product_brand","embeddable":true,"href":"https:\/\/www.claret.cat\/es\/wp-json\/wp\/v2\/product_brand?post=254224"},{"taxonomy":"product_cat","embeddable":true,"href":"https:\/\/www.claret.cat\/es\/wp-json\/wp\/v2\/product_cat?post=254224"},{"taxonomy":"product_tag","embeddable":true,"href":"https:\/\/www.claret.cat\/es\/wp-json\/wp\/v2\/product_tag?post=254224"}],"curies":[{"name":"wp","href":"https:\/\/api.w.org\/{rel}","templated":true}]}}

<p>Amb els divertits i bells versos de Care Santos i les magnífiques il·lustracions de Dani Cruz, el tàndem creatiu que dona vida a les aventures d&#8221;Ànna Anec, ens explica ara d&#8221;una forma ben original una llegenda tan nostra com la de Sant Jordi, el drac i la princesa.</p>

Cartoné

<b>Care Santos </b>va néixer a <b>Mataró </b>(Barcelona) l'any 1970. Va començar a escriure als 8 anys i des de llavors no ha deixat de fer-ho ni un sol dia de la seva vida, tant en català com en castellà. Va estudiar Dret i Filologia, va treballar al desaparegut Diari de Barcelona i en diferents mitjans de comunicació. Als 25 anys va publicar el seu primer llibre. Des de llavors, ha publicat catorze novel·les, sis llibres de relats i una nombrosa obra per a lectors joves, entre la qual destaca la saga formada per <i><b>Mentida</b></i>, <i><b>Veritat</b></i>, <i><b>Por</b></i>, <i><b>Ben</b></i> i <b><i>Els Medina</i></b> (Edebé) que ha seduït a milers de lectors, i l'ha convertida en una de les autores més llegides del nostre país. La seva obra ha estat traduïda a 23 idiomes i també adaptada a la televisió (<i><b>Habitacions tancades</b></i>, TV3 i TVE). El 2014 va guanyar el Premi de les Lletres Catalanes Ramon Llull amb la novel·la <i><b>Desig de xocolata</b></i> i el 2017 el Premio Nadal amb <i><b>Media vida</b></i>. També ha obtingut importants guardons en el camp de la literatura per a joves. Col·labora habitualment amb El Periódico i amb d’altres mitjans de comunicació i de tant en tant imparteix cursos d'escriptura creativa. El 2020 l'Ajuntament d'Alcalá de Henares li va concedir el prestigiós <b>Premi Cervantes Chico</b> pel conjunt de la seva trajectòria.
