{"id":255454,"date":"2022-10-21T11:23:46","date_gmt":"2022-10-21T09:23:46","guid":{"rendered":"http:\/\/dev.claret.cat\/producte\/les-millors-coques-catalanes\/"},"modified":"2023-01-28T19:48:43","modified_gmt":"2023-01-28T18:48:43","slug":"les-millors-coques-catalanes-9788490342213","status":"publish","type":"product","link":"https:\/\/www.claret.cat\/es\/libro\/les-millors-coques-catalanes-9788490342213\/","title":{"rendered":"LES MILLORS COQUES CATALANES"},"content":{"rendered":"<p>En el m\u00f3n de la cuina catalana les coques ocupen un lloc privilegiat. A la Mediterr\u00e0nia hi ha coques per tot arreu, les m\u00e9s conegudes de les quals s\u00f3n les pizzes italianes, per\u00f2 nosaltres tamb\u00e9 en tenim, de totes menes, i amb molta m\u00e9s varietat. N&#8221;hi ha de recapte, de tomata, de ceba, de tremp\u00f3, de sobrassada, d&#8221;espinacs, de p\u00e8sols&#8230; En aquest llibre en trobaran vost\u00e8s dos centenars, entre coques i panades, totes molt tradicionals i ben vives encara.<\/p>\n","protected":false},"excerpt":{"rendered":"<p>MARQU\u00c9S, VICENT<\/p>\n","protected":false},"featured_media":319730,"template":"","meta":{"_acf_changed":false,"om_disable_all_campaigns":false,"rs_blank_template":"","rs_page_bg_color":"","slide_template_v7":"","inline_featured_image":false,"_monsterinsights_skip_tracking":false,"_monsterinsights_sitenote_active":false,"_monsterinsights_sitenote_note":"","_monsterinsights_sitenote_category":0},"product_brand":[],"product_cat":[553,103],"product_tag":[],"class_list":{"0":"post-255454","1":"product","2":"type-product","3":"status-publish","4":"has-post-thumbnail","6":"product_cat-cocina","7":"product_cat-cuina","9":"first","10":"instock","11":"taxable","12":"shipping-taxable","13":"purchasable","14":"product-type-simple"},"acf":{"autor":"MARQU\u00c9S, VICENT","codart":"849034221","libros-coleccion":"","ediciones":"1","encuadernacion":"R\u00fastica","fecha_de_publicacion":"01\/01\/2015","novedad":"0","paginas":"188","subtitulo":"","orden":"999","portada":"0","idioma":"cat","editorial":[{"ID":6171,"post_author":"3","post_date":"2022-07-28 17:46:25","post_date_gmt":"2022-07-28 15:46:25","post_content":"","post_title":"COSSETANIA EDICIONS","post_excerpt":"","post_status":"publish","comment_status":"closed","ping_status":"closed","post_password":"","post_name":"cossetania-edicions","to_ping":"","pinged":"","post_modified":"2022-07-28 17:46:25","post_modified_gmt":"2022-07-28 15:46:25","post_content_filtered":"","post_parent":0,"guid":"http:\/\/dev.claret.cat\/editorial\/cossetania-edicions\/","menu_order":0,"post_type":"editorial","post_mime_type":"","comment_count":"0","filter":"raw"}],"autores-libros":[{"ID":170934,"post_author":"3","post_date":"2022-10-14 22:39:21","post_date_gmt":"2022-10-14 20:39:21","post_content":"","post_title":"VICENT MARQU\u00c9S","post_excerpt":"","post_status":"publish","comment_status":"closed","ping_status":"closed","post_password":"","post_name":"vicent-marques","to_ping":"","pinged":"","post_modified":"2022-10-14 22:39:21","post_modified_gmt":"2022-10-14 20:39:21","post_content_filtered":"","post_parent":0,"guid":"http:\/\/dev.claret.cat\/autor\/vicent-marques\/","menu_order":0,"post_type":"autor","post_mime_type":"","comment_count":"0","filter":"raw"}]},"aioseo_notices":[],"_links":{"self":[{"href":"https:\/\/www.claret.cat\/es\/wp-json\/wp\/v2\/product\/255454","targetHints":{"allow":["GET"]}}],"collection":[{"href":"https:\/\/www.claret.cat\/es\/wp-json\/wp\/v2\/product"}],"about":[{"href":"https:\/\/www.claret.cat\/es\/wp-json\/wp\/v2\/types\/product"}],"wp:featuredmedia":[{"embeddable":true,"href":"https:\/\/www.claret.cat\/es\/wp-json\/wp\/v2\/media\/319730"}],"wp:attachment":[{"href":"https:\/\/www.claret.cat\/es\/wp-json\/wp\/v2\/media?parent=255454"}],"wp:term":[{"taxonomy":"product_brand","embeddable":true,"href":"https:\/\/www.claret.cat\/es\/wp-json\/wp\/v2\/product_brand?post=255454"},{"taxonomy":"product_cat","embeddable":true,"href":"https:\/\/www.claret.cat\/es\/wp-json\/wp\/v2\/product_cat?post=255454"},{"taxonomy":"product_tag","embeddable":true,"href":"https:\/\/www.claret.cat\/es\/wp-json\/wp\/v2\/product_tag?post=255454"}],"curies":[{"name":"wp","href":"https:\/\/api.w.org\/{rel}","templated":true}]}}

<p>En el món de la cuina catalana les coques ocupen un lloc privilegiat. A la Mediterrània hi ha coques per tot arreu, les més conegudes de les quals són les pizzes italianes, però nosaltres també en tenim, de totes menes, i amb molta més varietat. N&#8221;hi ha de recapte, de tomata, de ceba, de trempó, de sobrassada, d&#8221;espinacs, de pèsols&#8230; En aquest llibre en trobaran vostès dos centenars, entre coques i panades, totes molt tradicionals i ben vives encara.</p>

<p>MARQUÉS, VICENT</p>

MARQUÉS, VICENT

Rústica

VICENT MARQUÉS
