{"id":255642,"date":"2022-10-21T11:27:57","date_gmt":"2022-10-21T09:27:57","guid":{"rendered":"http:\/\/dev.claret.cat\/producte\/des-don-tornar-a-estimar\/"},"modified":"2024-01-31T21:02:58","modified_gmt":"2024-01-31T20:02:58","slug":"des-don-tornar-a-estimar-9788475885414","status":"publish","type":"product","link":"https:\/\/www.claret.cat\/es\/libro\/des-don-tornar-a-estimar-9788475885414\/","title":{"rendered":"DES D&#8217;ON TORNAR A ESTIMAR"},"content":{"rendered":"<p>Mai fins ara, Joan Margarit no havia escrit un llibre que, conservant la tendresa dels seus primers poemes, tingu\u00e9s tamb\u00e9 la lucidesa severa dels \u00faltims. La intel\u00b7lig\u00e8ncia sentimental i la bellesa abrupta d&#8217;aquests versos signifiquen un pas de gegant en la poesia del poeta catal\u00e0 m\u00e9s llegit del nostre temps.<br \/>Assegut en un tren contemplo els camps i de sobte, fuga\u00e7, passa una casa que \u00e9s el llampec d\u2019alguna veritat. Seria un error baixar del tren. Ja no hi seria. Estimar \u00e9s on, i sempre hi ha una cosa que m\u2019ho revela: un terrat al sol, la tarima del director d\u2019orquestra sense ning\u00fa, nom\u00e9s amb una rosa, mentre al voltant els m\u00fasics toquen sols. Un dormitori a l\u2019alba, un camp segat. Per descomptat, el cant d\u2019aquells ocells al cementiri un mat\u00ed de juny. Estimar \u00e9s on. Perdura al fons de tot: \u00e9s d\u2019on venim. I \u00e9s aquell lloc on va quedant la vida.<\/p>\n","protected":false},"excerpt":{"rendered":"<p>MARGARIT, JOAN<\/p>\n","protected":false},"featured_media":255643,"template":"","meta":{"_acf_changed":false,"om_disable_all_campaigns":false,"rs_blank_template":"","rs_page_bg_color":"","slide_template_v7":"","inline_featured_image":false,"_monsterinsights_skip_tracking":false,"_monsterinsights_sitenote_active":false,"_monsterinsights_sitenote_note":"","_monsterinsights_sitenote_category":0},"product_brand":[],"product_cat":[90,540],"product_tag":[],"class_list":{"0":"post-255642","1":"product","2":"type-product","3":"status-publish","4":"has-post-thumbnail","6":"product_cat-altres","7":"product_cat-otros","9":"first","10":"instock","11":"taxable","12":"shipping-taxable","13":"purchasable","14":"product-type-simple"},"acf":{"autor":"MARGARIT, JOAN","codart":"847588541","libros-coleccion":"","ediciones":"1","encuadernacion":"Carton\u00e9","fecha_de_publicacion":"01\/01\/2015","novedad":"0","paginas":"250","subtitulo":"","orden":"999","portada":"0","idioma":"cat","editorial":[{"ID":148696,"post_author":"3","post_date":"2022-10-14 12:00:16","post_date_gmt":"2022-10-14 10:00:16","post_content":"","post_title":"PROA, S.A. EDICIONS","post_excerpt":"","post_status":"publish","comment_status":"closed","ping_status":"closed","post_password":"","post_name":"proa-s-a-edicions","to_ping":"","pinged":"","post_modified":"2022-10-14 12:00:16","post_modified_gmt":"2022-10-14 10:00:16","post_content_filtered":"","post_parent":0,"guid":"http:\/\/dev.claret.cat\/editorial\/proa-s-a-edicions\/","menu_order":0,"post_type":"editorial","post_mime_type":"","comment_count":"0","filter":"raw"}],"autores-libros":[{"ID":159357,"post_author":"3","post_date":"2022-10-14 15:44:11","post_date_gmt":"2022-10-14 13:44:11","post_content":"","post_title":"JOAN MARGARIT","post_excerpt":"","post_status":"publish","comment_status":"closed","ping_status":"closed","post_password":"","post_name":"joan-margarit","to_ping":"","pinged":"","post_modified":"2022-10-14 15:44:11","post_modified_gmt":"2022-10-14 13:44:11","post_content_filtered":"","post_parent":0,"guid":"http:\/\/dev.claret.cat\/autor\/joan-margarit\/","menu_order":0,"post_type":"autor","post_mime_type":"","comment_count":"0","filter":"raw"}]},"aioseo_notices":[],"_links":{"self":[{"href":"https:\/\/www.claret.cat\/es\/wp-json\/wp\/v2\/product\/255642","targetHints":{"allow":["GET"]}}],"collection":[{"href":"https:\/\/www.claret.cat\/es\/wp-json\/wp\/v2\/product"}],"about":[{"href":"https:\/\/www.claret.cat\/es\/wp-json\/wp\/v2\/types\/product"}],"wp:featuredmedia":[{"embeddable":true,"href":"https:\/\/www.claret.cat\/es\/wp-json\/wp\/v2\/media\/255643"}],"wp:attachment":[{"href":"https:\/\/www.claret.cat\/es\/wp-json\/wp\/v2\/media?parent=255642"}],"wp:term":[{"taxonomy":"product_brand","embeddable":true,"href":"https:\/\/www.claret.cat\/es\/wp-json\/wp\/v2\/product_brand?post=255642"},{"taxonomy":"product_cat","embeddable":true,"href":"https:\/\/www.claret.cat\/es\/wp-json\/wp\/v2\/product_cat?post=255642"},{"taxonomy":"product_tag","embeddable":true,"href":"https:\/\/www.claret.cat\/es\/wp-json\/wp\/v2\/product_tag?post=255642"}],"curies":[{"name":"wp","href":"https:\/\/api.w.org\/{rel}","templated":true}]}}

<p>Mai fins ara, Joan Margarit no havia escrit un llibre que, conservant la tendresa dels seus primers poemes, tingués també la lucidesa severa dels últims. La intel·ligència sentimental i la bellesa abrupta d&#8217;aquests versos signifiquen un pas de gegant en la poesia del poeta català més llegit del nostre temps.<br />Assegut en un tren contemplo els camps i de sobte, fugaç, passa una casa que és el llampec d’alguna veritat. Seria un error baixar del tren. Ja no hi seria. Estimar és on, i sempre hi ha una cosa que m’ho revela: un terrat al sol, la tarima del director d’orquestra sense ningú, només amb una rosa, mentre al voltant els músics toquen sols. Un dormitori a l’alba, un camp segat. Per descomptat, el cant d’aquells ocells al cementiri un matí de juny. Estimar és on. Perdura al fons de tot: és d’on venim. I és aquell lloc on va quedant la vida.</p>

Cartoné
