{"id":256491,"date":"2022-10-21T11:48:29","date_gmt":"2022-10-21T09:48:29","guid":{"rendered":"http:\/\/dev.claret.cat\/producte\/els-dies-sense-fam\/"},"modified":"2024-01-31T17:52:42","modified_gmt":"2024-01-31T16:52:42","slug":"els-dies-sense-fam-9788499309217","status":"publish","type":"product","link":"https:\/\/www.claret.cat\/es\/libro\/els-dies-sense-fam-9788499309217\/","title":{"rendered":"ELS DIES SENSE FAM"},"content":{"rendered":"<p>Amb el pseud\u00f2nim de Lou Delvig, l?any 2001, Delphine de Vigan, l?autora de l?aclamada Res no s?oposa a la nit, publicava Els dies sense fam, una primera novel\u00b7la autobiogr\u00e0fica inspirada en la malaltia que va patir durant l?adolesc\u00e8ncia: l?anor\u00e8xia. Si a Res no s?oposa a la nit l?autora resseguia els passos de la bogeria materna que va marcar la seva infantesa, en aquesta novel\u00b7la se?n fa ress\u00f2 a partir de la seva pr\u00f2pia hist\u00f2ria, tot i que transformant-la i reinventant-la, i en una mena d?exorcisme contra la malaltia ens ofereix algunes claus de la seva experi\u00e8ncia m\u00e9s personal i dolorosa. Una hist\u00f2ria honesta, gens autocompassiva. Un gran relat, en maj\u00fascules.<\/p>\n","protected":false},"excerpt":{"rendered":"<p>DE VIGAN, DELPHINE<\/p>\n","protected":false},"featured_media":256492,"template":"","meta":{"_acf_changed":false,"om_disable_all_campaigns":false,"rs_blank_template":"","rs_page_bg_color":"","slide_template_v7":"","inline_featured_image":false,"_monsterinsights_skip_tracking":false,"_monsterinsights_sitenote_active":false,"_monsterinsights_sitenote_note":"","_monsterinsights_sitenote_category":0},"product_brand":[],"product_cat":[90,540],"product_tag":[],"class_list":{"0":"post-256491","1":"product","2":"type-product","3":"status-publish","4":"has-post-thumbnail","6":"product_cat-altres","7":"product_cat-otros","9":"first","10":"instock","11":"taxable","12":"shipping-taxable","13":"purchasable","14":"product-type-simple"},"acf":{"autor":"DE VIGAN, DELPHINE","codart":"849930921","libros-coleccion":"","ediciones":"1","encuadernacion":"R\u00fastica","fecha_de_publicacion":"01\/11\/2014","novedad":"0","paginas":"176","subtitulo":"","orden":"999","portada":"0","idioma":"cat","editorial":[{"ID":6281,"post_author":"3","post_date":"2022-07-28 17:48:50","post_date_gmt":"2022-07-28 15:48:50","post_content":"","post_title":"LABUTXACA","post_excerpt":"","post_status":"publish","comment_status":"closed","ping_status":"closed","post_password":"","post_name":"labutxaca","to_ping":"","pinged":"","post_modified":"2022-07-28 17:48:50","post_modified_gmt":"2022-07-28 15:48:50","post_content_filtered":"","post_parent":0,"guid":"http:\/\/dev.claret.cat\/editorial\/labutxaca\/","menu_order":0,"post_type":"editorial","post_mime_type":"","comment_count":"0","filter":"raw"}],"autores-libros":[{"ID":154060,"post_author":"3","post_date":"2022-10-14 15:01:46","post_date_gmt":"2022-10-14 13:01:46","post_content":"","post_title":"DELPHINE DE VIGAN","post_excerpt":"","post_status":"publish","comment_status":"closed","ping_status":"closed","post_password":"","post_name":"delphine-de-vigan","to_ping":"","pinged":"","post_modified":"2022-10-14 15:01:46","post_modified_gmt":"2022-10-14 13:01:46","post_content_filtered":"","post_parent":0,"guid":"http:\/\/dev.claret.cat\/autor\/delphine-de-vigan\/","menu_order":0,"post_type":"autor","post_mime_type":"","comment_count":"0","filter":"raw"}]},"aioseo_notices":[],"_links":{"self":[{"href":"https:\/\/www.claret.cat\/es\/wp-json\/wp\/v2\/product\/256491","targetHints":{"allow":["GET"]}}],"collection":[{"href":"https:\/\/www.claret.cat\/es\/wp-json\/wp\/v2\/product"}],"about":[{"href":"https:\/\/www.claret.cat\/es\/wp-json\/wp\/v2\/types\/product"}],"wp:featuredmedia":[{"embeddable":true,"href":"https:\/\/www.claret.cat\/es\/wp-json\/wp\/v2\/media\/256492"}],"wp:attachment":[{"href":"https:\/\/www.claret.cat\/es\/wp-json\/wp\/v2\/media?parent=256491"}],"wp:term":[{"taxonomy":"product_brand","embeddable":true,"href":"https:\/\/www.claret.cat\/es\/wp-json\/wp\/v2\/product_brand?post=256491"},{"taxonomy":"product_cat","embeddable":true,"href":"https:\/\/www.claret.cat\/es\/wp-json\/wp\/v2\/product_cat?post=256491"},{"taxonomy":"product_tag","embeddable":true,"href":"https:\/\/www.claret.cat\/es\/wp-json\/wp\/v2\/product_tag?post=256491"}],"curies":[{"name":"wp","href":"https:\/\/api.w.org\/{rel}","templated":true}]}}

<p>Amb el pseudònim de Lou Delvig, l?any 2001, Delphine de Vigan, l?autora de l?aclamada Res no s?oposa a la nit, publicava Els dies sense fam, una primera novel·la autobiogràfica inspirada en la malaltia que va patir durant l?adolescència: l?anorèxia. Si a Res no s?oposa a la nit l?autora resseguia els passos de la bogeria materna que va marcar la seva infantesa, en aquesta novel·la se?n fa ressò a partir de la seva pròpia història, tot i que transformant-la i reinventant-la, i en una mena d?exorcisme contra la malaltia ens ofereix algunes claus de la seva experiència més personal i dolorosa. Una història honesta, gens autocompassiva. Un gran relat, en majúscules.</p>

Rústica
