{"id":257350,"date":"2022-10-21T12:08:44","date_gmt":"2022-10-21T10:08:44","guid":{"rendered":"http:\/\/dev.claret.cat\/producte\/les-vint-perles-de-la-saviesa\/"},"modified":"2023-01-28T05:32:56","modified_gmt":"2023-01-28T04:32:56","slug":"les-vint-perles-de-la-saviesa-9788416139170","status":"publish","type":"product","link":"https:\/\/www.claret.cat\/es\/libro\/les-vint-perles-de-la-saviesa-9788416139170\/","title":{"rendered":"LES VINT PERLES DE LA SAVIESA"},"content":{"rendered":"<p>Mai no s&#8221;acaba de cr\u00e9ixer  <br \/> En un dels seus viatges per la \u00cdndia, el Vietnam i Cambodja els autors van anar descobrint i reunint un conjunt d&#8221;hist\u00f2ries i viv\u00e8ncies plenes de saviesa, &#8216;petites i valuoses perles&#8217; que en aquest llibre han anat enfilant per fer-ne un collar. I el fil que les ha unit, en forma de conte, \u00e9s la idea que cal aprendre a fer-nos savis abans que ens fem grans. <br \/> No hi ha, com sovint es diu, una relaci\u00f3 directa entre saviersa i vellesa. La saviesa no t\u00e9 a veure amb l&#8221;acumulaci\u00f3 d&#8221;anys o de coneixements, sino amb acceptar els misteris de la vida i saber mantenir la curiositat i la capacitat de sorprendre&#8221;ns. <br \/> Nom\u00e9s aix\u00ed aconseguirem viure de manera plena i amb una profunda connexi\u00f3 amb nosaltres mateixos, amb els altres i amb el m\u00f3n. <br \/> &#8216;No \u00e9s mai tard per arribar a ser all\u00f2 que volem ser&#8221;Estima i apassiona&#8221;t per tot. Un dia morir\u00e0s; avui et toca viure&#8217;<\/p>\n","protected":false},"excerpt":{"rendered":"<p>CONANGLA, MARIA MERC\u00c8 \/ SOLER, JAUME<\/p>\n","protected":false},"featured_media":316103,"template":"","meta":{"_acf_changed":false,"om_disable_all_campaigns":false,"rs_blank_template":"","rs_page_bg_color":"","slide_template_v7":"","inline_featured_image":false,"_monsterinsights_skip_tracking":false,"_monsterinsights_sitenote_active":false,"_monsterinsights_sitenote_note":"","_monsterinsights_sitenote_category":0},"product_brand":[],"product_cat":[90,540],"product_tag":[],"class_list":{"0":"post-257350","1":"product","2":"type-product","3":"status-publish","4":"has-post-thumbnail","6":"product_cat-altres","7":"product_cat-otros","9":"first","10":"outofstock","11":"taxable","12":"shipping-taxable","13":"purchasable","14":"product-type-simple"},"acf":{"autor":"CONANGLA, MARIA MERC\u00c8 \/ SOLER, JAUME","codart":"841613917","libros-coleccion":"","ediciones":"1","encuadernacion":"R\u00fastica","fecha_de_publicacion":"01\/10\/2014","novedad":"0","paginas":"192","subtitulo":"FER-NOS SAVIS ABANS D''ENVELLIR","orden":"999","portada":"0","idioma":"spa","editorial":[{"ID":6122,"post_author":"3","post_date":"2022-07-28 17:45:22","post_date_gmt":"2022-07-28 15:45:22","post_content":"","post_title":"ANGLE EDITORIAL","post_excerpt":"","post_status":"publish","comment_status":"closed","ping_status":"closed","post_password":"","post_name":"angle-editorial","to_ping":"","pinged":"","post_modified":"2022-07-28 17:45:22","post_modified_gmt":"2022-07-28 15:45:22","post_content_filtered":"","post_parent":0,"guid":"http:\/\/dev.claret.cat\/editorial\/angle-editorial\/","menu_order":0,"post_type":"editorial","post_mime_type":"","comment_count":"0","filter":"raw"}],"autores-libros":[{"ID":158635,"post_author":"3","post_date":"2022-10-14 15:38:24","post_date_gmt":"2022-10-14 13:38:24","post_content":"","post_title":"JAUME SOLER","post_excerpt":"","post_status":"publish","comment_status":"closed","ping_status":"closed","post_password":"","post_name":"jaume-soler","to_ping":"","pinged":"","post_modified":"2022-10-14 15:38:24","post_modified_gmt":"2022-10-14 13:38:24","post_content_filtered":"","post_parent":0,"guid":"http:\/\/dev.claret.cat\/autor\/jaume-soler\/","menu_order":0,"post_type":"autor","post_mime_type":"","comment_count":"0","filter":"raw"},{"ID":163711,"post_author":"3","post_date":"2022-10-14 17:41:14","post_date_gmt":"2022-10-14 15:41:14","post_content":"","post_title":"MARIA MERC\u00c8 CONANGLA","post_excerpt":"","post_status":"publish","comment_status":"closed","ping_status":"closed","post_password":"","post_name":"maria-merce-conangla","to_ping":"","pinged":"","post_modified":"2022-10-14 17:41:14","post_modified_gmt":"2022-10-14 15:41:14","post_content_filtered":"","post_parent":0,"guid":"http:\/\/dev.claret.cat\/autor\/maria-merce-conangla\/","menu_order":0,"post_type":"autor","post_mime_type":"","comment_count":"0","filter":"raw"}]},"aioseo_notices":[],"_links":{"self":[{"href":"https:\/\/www.claret.cat\/es\/wp-json\/wp\/v2\/product\/257350","targetHints":{"allow":["GET"]}}],"collection":[{"href":"https:\/\/www.claret.cat\/es\/wp-json\/wp\/v2\/product"}],"about":[{"href":"https:\/\/www.claret.cat\/es\/wp-json\/wp\/v2\/types\/product"}],"wp:featuredmedia":[{"embeddable":true,"href":"https:\/\/www.claret.cat\/es\/wp-json\/wp\/v2\/media\/316103"}],"wp:attachment":[{"href":"https:\/\/www.claret.cat\/es\/wp-json\/wp\/v2\/media?parent=257350"}],"wp:term":[{"taxonomy":"product_brand","embeddable":true,"href":"https:\/\/www.claret.cat\/es\/wp-json\/wp\/v2\/product_brand?post=257350"},{"taxonomy":"product_cat","embeddable":true,"href":"https:\/\/www.claret.cat\/es\/wp-json\/wp\/v2\/product_cat?post=257350"},{"taxonomy":"product_tag","embeddable":true,"href":"https:\/\/www.claret.cat\/es\/wp-json\/wp\/v2\/product_tag?post=257350"}],"curies":[{"name":"wp","href":"https:\/\/api.w.org\/{rel}","templated":true}]}}

<p>Mai no s&#8221;acaba de créixer  <br /> En un dels seus viatges per la Índia, el Vietnam i Cambodja els autors van anar descobrint i reunint un conjunt d&#8221;històries i vivències plenes de saviesa, &#8216;petites i valuoses perles&#8217; que en aquest llibre han anat enfilant per fer-ne un collar. I el fil que les ha unit, en forma de conte, és la idea que cal aprendre a fer-nos savis abans que ens fem grans. <br /> No hi ha, com sovint es diu, una relació directa entre saviersa i vellesa. La saviesa no té a veure amb l&#8221;acumulació d&#8221;anys o de coneixements, sino amb acceptar els misteris de la vida i saber mantenir la curiositat i la capacitat de sorprendre&#8221;ns. <br /> Només així aconseguirem viure de manera plena i amb una profunda connexió amb nosaltres mateixos, amb els altres i amb el món. <br /> &#8216;No és mai tard per arribar a ser allò que volem ser&#8221;Estima i apassiona&#8221;t per tot. Un dia moriràs; avui et toca viure&#8217;</p>

<p>CONANGLA, MARIA MERCÈ / SOLER, JAUME</p>

CONANGLA, MARIA MERCÈ / SOLER, JAUME

Rústica

MARIA MERCÈ CONANGLA
