{"id":257542,"date":"2022-10-21T12:13:47","date_gmt":"2022-10-21T10:13:47","guid":{"rendered":"http:\/\/dev.claret.cat\/producte\/solitud-2\/"},"modified":"2024-01-31T17:54:25","modified_gmt":"2024-01-31T16:54:25","slug":"solitud-9788499309002","status":"publish","type":"product","link":"https:\/\/www.claret.cat\/es\/libro\/solitud-9788499309002\/","title":{"rendered":"SOLITUD"},"content":{"rendered":"<p>Apareguda per entregues a la revista Joventut l&#8217;any 1904 i 1905, Solitud va obtenir immediatament un gran \u00e8xit entre els lectors i fou tradu\u00efda a diverses lleng\u00fces. Passats cent anys des de la seva publicaci\u00f3, Solitud, una novel.la actual i colpidora, mant\u00e9 avui dia plenament la seva vig\u00e8ncia.Toni Sala, escriptor i professor d&#8217;ensenyament secundari, guanyador del Premi Nacional de Literatura 2005 per la seva obra Rodalies, \u00e9s l&#8217;autor de l&#8217;acurat estudi introductori i les detallades propostes de treball. Aquesta edici\u00f3 vol ser una eina per a professors i estudiants que els permeti un apropament literari a l&#8217;obra i a la seva \u00e8poca i fer, alhora, una lectura actual Considerada una de les obres mestres de la literatura catalana de tots els temps, Solitud narra el trajecte vital i espiritual d&#8217;una dona, la Mila, en l&#8217;\u00e0mbit rural. Contraposant la realitat de les valls amb l&#8217;idealisme de l&#8217;alta montanya, la protagonista inicia un proc\u00e9s d&#8217;autoconeixement que la dur\u00e0 a trobar en la solitud la for\u00e7a per trencar amb les convencions del seu m\u00f3n q\u00fcotidi\u00e0. El drama de la Mila ens ajuda a entendre que estem sols al m\u00f3n, i per aix\u00f2 mateix ens fa companyia i ens d\u00f3na coratge per continuar endavant, com fa ella, malgrat tot<\/p>\n","protected":false},"excerpt":{"rendered":"<p>CATAL\u00c0, V\u00cdCTOR<\/p>\n","protected":false},"featured_media":257543,"template":"","meta":{"_acf_changed":false,"om_disable_all_campaigns":false,"rs_blank_template":"","rs_page_bg_color":"","slide_template_v7":"","inline_featured_image":false,"_monsterinsights_skip_tracking":false,"_monsterinsights_sitenote_active":false,"_monsterinsights_sitenote_note":"","_monsterinsights_sitenote_category":0},"product_brand":[],"product_cat":[87,353],"product_tag":[],"class_list":{"0":"post-257542","1":"product","2":"type-product","3":"status-publish","4":"has-post-thumbnail","6":"product_cat-literatura","7":"product_cat-literatura-2_humanidades","9":"first","10":"instock","11":"taxable","12":"shipping-taxable","13":"purchasable","14":"product-type-simple"},"acf":{"autor":"CATAL\u00c0, V\u00cdCTOR","codart":"849930900","libros-coleccion":"","ediciones":"0","encuadernacion":"R\u00fastica","fecha_de_publicacion":"16\/09\/2014","novedad":"0","paginas":"400","subtitulo":"","orden":"999","portada":"0","idioma":"cat","editorial":[{"ID":6281,"post_author":"3","post_date":"2022-07-28 17:48:50","post_date_gmt":"2022-07-28 15:48:50","post_content":"","post_title":"LABUTXACA","post_excerpt":"","post_status":"publish","comment_status":"closed","ping_status":"closed","post_password":"","post_name":"labutxaca","to_ping":"","pinged":"","post_modified":"2022-07-28 17:48:50","post_modified_gmt":"2022-07-28 15:48:50","post_content_filtered":"","post_parent":0,"guid":"http:\/\/dev.claret.cat\/editorial\/labutxaca\/","menu_order":0,"post_type":"editorial","post_mime_type":"","comment_count":"0","filter":"raw"}],"autores-libros":[{"ID":6078,"post_author":"3","post_date":"2022-07-28 17:37:40","post_date_gmt":"2022-07-28 15:37:40","post_content":"","post_title":"V\u00cdCTOR CATAL\u00c0","post_excerpt":"","post_status":"publish","comment_status":"closed","ping_status":"closed","post_password":"","post_name":"victor-catala","to_ping":"","pinged":"","post_modified":"2022-07-28 17:37:40","post_modified_gmt":"2022-07-28 15:37:40","post_content_filtered":"","post_parent":0,"guid":"http:\/\/dev.claret.cat\/autor\/victor-catala\/","menu_order":0,"post_type":"autor","post_mime_type":"","comment_count":"0","filter":"raw"}]},"aioseo_notices":[],"_links":{"self":[{"href":"https:\/\/www.claret.cat\/es\/wp-json\/wp\/v2\/product\/257542","targetHints":{"allow":["GET"]}}],"collection":[{"href":"https:\/\/www.claret.cat\/es\/wp-json\/wp\/v2\/product"}],"about":[{"href":"https:\/\/www.claret.cat\/es\/wp-json\/wp\/v2\/types\/product"}],"wp:featuredmedia":[{"embeddable":true,"href":"https:\/\/www.claret.cat\/es\/wp-json\/wp\/v2\/media\/257543"}],"wp:attachment":[{"href":"https:\/\/www.claret.cat\/es\/wp-json\/wp\/v2\/media?parent=257542"}],"wp:term":[{"taxonomy":"product_brand","embeddable":true,"href":"https:\/\/www.claret.cat\/es\/wp-json\/wp\/v2\/product_brand?post=257542"},{"taxonomy":"product_cat","embeddable":true,"href":"https:\/\/www.claret.cat\/es\/wp-json\/wp\/v2\/product_cat?post=257542"},{"taxonomy":"product_tag","embeddable":true,"href":"https:\/\/www.claret.cat\/es\/wp-json\/wp\/v2\/product_tag?post=257542"}],"curies":[{"name":"wp","href":"https:\/\/api.w.org\/{rel}","templated":true}]}}

<p>Apareguda per entregues a la revista Joventut l&#8217;any 1904 i 1905, Solitud va obtenir immediatament un gran èxit entre els lectors i fou traduïda a diverses llengües. Passats cent anys des de la seva publicació, Solitud, una novel.la actual i colpidora, manté avui dia plenament la seva vigència.Toni Sala, escriptor i professor d&#8217;ensenyament secundari, guanyador del Premi Nacional de Literatura 2005 per la seva obra Rodalies, és l&#8217;autor de l&#8217;acurat estudi introductori i les detallades propostes de treball. Aquesta edició vol ser una eina per a professors i estudiants que els permeti un apropament literari a l&#8217;obra i a la seva època i fer, alhora, una lectura actual Considerada una de les obres mestres de la literatura catalana de tots els temps, Solitud narra el trajecte vital i espiritual d&#8217;una dona, la Mila, en l&#8217;àmbit rural. Contraposant la realitat de les valls amb l&#8217;idealisme de l&#8217;alta montanya, la protagonista inicia un procés d&#8217;autoconeixement que la durà a trobar en la solitud la força per trencar amb les convencions del seu món qüotidià. El drama de la Mila ens ajuda a entendre que estem sols al món, i per això mateix ens fa companyia i ens dóna coratge per continuar endavant, com fa ella, malgrat tot</p>

<p>CATALÀ, VÍCTOR</p>

CATALÀ, VÍCTOR

Rústica

VÍCTOR CATALÀ
