{"id":257580,"date":"2022-10-21T12:14:55","date_gmt":"2022-10-21T10:14:55","guid":{"rendered":"http:\/\/dev.claret.cat\/producte\/tots-els-poemes-1975-2012\/"},"modified":"2024-01-31T17:54:03","modified_gmt":"2024-01-31T16:54:03","slug":"tots-els-poemes-19752012-9788499308951","status":"publish","type":"product","link":"https:\/\/www.claret.cat\/es\/libro\/tots-els-poemes-19752012-9788499308951\/","title":{"rendered":"TOTS ELS POEMES (1975-2012)"},"content":{"rendered":"<p>Aquesta nova edici\u00f3 incorpora els poemes del seu darrer poemari Es perd el senyal.<br \/>Si hagu\u00e9ssim de dir qui \u00e9s l\u2019hereu de la poesia clara i dif\u00edcil de Salvador Espriu i de la poesia bondadosa i intensa de Miquel Mart\u00ed i Pol, aquest \u00e9s sense cap mena de dubte Joan Margarit. La duresa i, alhora, la tendresa d\u2019aquest refugi contra la intemp\u00e8rie que \u00e9s la seva extensa i reconeguda obra po\u00e8tica el situen entre els poetes m\u00e9s valorats per la cr\u00edtica i els lectors.<\/p>\n","protected":false},"excerpt":{"rendered":"<p>MARGARIT, JOAN<\/p>\n","protected":false},"featured_media":257581,"template":"","meta":{"_acf_changed":false,"om_disable_all_campaigns":false,"rs_blank_template":"","rs_page_bg_color":"","slide_template_v7":"","inline_featured_image":false,"_monsterinsights_skip_tracking":false,"_monsterinsights_sitenote_active":false,"_monsterinsights_sitenote_note":"","_monsterinsights_sitenote_category":0},"product_brand":[],"product_cat":[90,540],"product_tag":[],"class_list":{"0":"post-257580","1":"product","2":"type-product","3":"status-publish","4":"has-post-thumbnail","6":"product_cat-altres","7":"product_cat-otros","9":"first","10":"instock","11":"taxable","12":"shipping-taxable","13":"purchasable","14":"product-type-simple"},"acf":{"autor":"MARGARIT, JOAN","codart":"849930895","libros-coleccion":"","ediciones":"0","encuadernacion":"R\u00fastica","fecha_de_publicacion":"09\/09\/2014","novedad":"0","paginas":"856","subtitulo":"DE RESTES D'AQUELL NAUFRAGI A ES PERD EL SENYAL","orden":"999","portada":"0","idioma":"cat","editorial":[{"ID":6281,"post_author":"3","post_date":"2022-07-28 17:48:50","post_date_gmt":"2022-07-28 15:48:50","post_content":"","post_title":"LABUTXACA","post_excerpt":"","post_status":"publish","comment_status":"closed","ping_status":"closed","post_password":"","post_name":"labutxaca","to_ping":"","pinged":"","post_modified":"2022-07-28 17:48:50","post_modified_gmt":"2022-07-28 15:48:50","post_content_filtered":"","post_parent":0,"guid":"http:\/\/dev.claret.cat\/editorial\/labutxaca\/","menu_order":0,"post_type":"editorial","post_mime_type":"","comment_count":"0","filter":"raw"}],"autores-libros":[{"ID":159357,"post_author":"3","post_date":"2022-10-14 15:44:11","post_date_gmt":"2022-10-14 13:44:11","post_content":"","post_title":"JOAN MARGARIT","post_excerpt":"","post_status":"publish","comment_status":"closed","ping_status":"closed","post_password":"","post_name":"joan-margarit","to_ping":"","pinged":"","post_modified":"2022-10-14 15:44:11","post_modified_gmt":"2022-10-14 13:44:11","post_content_filtered":"","post_parent":0,"guid":"http:\/\/dev.claret.cat\/autor\/joan-margarit\/","menu_order":0,"post_type":"autor","post_mime_type":"","comment_count":"0","filter":"raw"}]},"aioseo_notices":[],"_links":{"self":[{"href":"https:\/\/www.claret.cat\/es\/wp-json\/wp\/v2\/product\/257580","targetHints":{"allow":["GET"]}}],"collection":[{"href":"https:\/\/www.claret.cat\/es\/wp-json\/wp\/v2\/product"}],"about":[{"href":"https:\/\/www.claret.cat\/es\/wp-json\/wp\/v2\/types\/product"}],"wp:featuredmedia":[{"embeddable":true,"href":"https:\/\/www.claret.cat\/es\/wp-json\/wp\/v2\/media\/257581"}],"wp:attachment":[{"href":"https:\/\/www.claret.cat\/es\/wp-json\/wp\/v2\/media?parent=257580"}],"wp:term":[{"taxonomy":"product_brand","embeddable":true,"href":"https:\/\/www.claret.cat\/es\/wp-json\/wp\/v2\/product_brand?post=257580"},{"taxonomy":"product_cat","embeddable":true,"href":"https:\/\/www.claret.cat\/es\/wp-json\/wp\/v2\/product_cat?post=257580"},{"taxonomy":"product_tag","embeddable":true,"href":"https:\/\/www.claret.cat\/es\/wp-json\/wp\/v2\/product_tag?post=257580"}],"curies":[{"name":"wp","href":"https:\/\/api.w.org\/{rel}","templated":true}]}}

<p>Aquesta nova edició incorpora els poemes del seu darrer poemari Es perd el senyal.<br />Si haguéssim de dir qui és l’hereu de la poesia clara i difícil de Salvador Espriu i de la poesia bondadosa i intensa de Miquel Martí i Pol, aquest és sense cap mena de dubte Joan Margarit. La duresa i, alhora, la tendresa d’aquest refugi contra la intempèrie que és la seva extensa i reconeguda obra poètica el situen entre els poetes més valorats per la crítica i els lectors.</p>

Rústica
