{"id":259278,"date":"2022-10-21T12:57:50","date_gmt":"2022-10-21T10:57:50","guid":{"rendered":"http:\/\/dev.claret.cat\/producte\/fe-i-valors-humans\/"},"modified":"2024-11-23T11:05:17","modified_gmt":"2024-11-23T10:05:17","slug":"fe-i-valors-humans-9788498836615","status":"publish","type":"product","link":"https:\/\/www.claret.cat\/es\/libro\/fe-i-valors-humans-9788498836615\/","title":{"rendered":"FE I VALORS HUMANS"},"content":{"rendered":"<p>El Secretariat Dioces\u00e0 de Just\u00edcia i Pau de Tarragona ha promogut aquesta miscel\u00b7l\u00e0nia en honor del prevere i te\u00f2leg Josep Gil i Ribas, en reconeixement a la seva traject\u00f2ria de renovaci\u00f3 de la reflexi\u00f3 teol\u00f2gica realitzada en contacte permanent amb el context social i amb la vida concreta de les persones.<\/p>\n","protected":false},"excerpt":{"rendered":"<p>PUBLICACIONS DE L&#8217;ABADIA DE MONTSERRAT<\/p>\n","protected":false},"featured_media":368736,"template":"","meta":{"_acf_changed":false,"om_disable_all_campaigns":false,"rs_blank_template":"","rs_page_bg_color":"","slide_template_v7":"","inline_featured_image":false,"_monsterinsights_skip_tracking":false,"_monsterinsights_sitenote_active":false,"_monsterinsights_sitenote_note":"","_monsterinsights_sitenote_category":0},"product_brand":[],"product_cat":[90,540],"product_tag":[],"class_list":{"0":"post-259278","1":"product","2":"type-product","3":"status-publish","4":"has-post-thumbnail","6":"product_cat-altres","7":"product_cat-otros","9":"first","10":"instock","11":"taxable","12":"shipping-taxable","13":"purchasable","14":"product-type-simple"},"acf":{"autor":"PUBLICACIONS DE L'ABADIA DE MONTSERRAT","codart":"849883661","libros-coleccion":"","ediciones":"1","encuadernacion":"R\u00fastica","fecha_de_publicacion":"07\/04\/2014","novedad":"0","paginas":"232","subtitulo":"MISCEL.L\u00c0NIA EN HONOR DEL DR. JOSEP GIL I RIBAS","orden":"999","portada":"0","idioma":"cat","editorial":[{"ID":8266,"post_author":"3","post_date":"2022-09-30 09:21:36","post_date_gmt":"2022-09-30 07:21:36","post_content":"","post_title":"PUBLICACIONS DE L'ABADIA DE MONTSERRAT","post_excerpt":"","post_status":"publish","comment_status":"closed","ping_status":"closed","post_password":"","post_name":"publicacions-de-labadia-de-montserrat-5","to_ping":"","pinged":"","post_modified":"2022-09-30 09:21:36","post_modified_gmt":"2022-09-30 07:21:36","post_content_filtered":"","post_parent":0,"guid":"http:\/\/dev.claret.cat\/editorial\/publicacions-de-labadia-de-montserrat-5\/","menu_order":0,"post_type":"editorial","post_mime_type":"","comment_count":"0","filter":"raw"}],"autores-libros":[{"ID":8422,"post_author":"3","post_date":"2022-09-30 09:48:27","post_date_gmt":"2022-09-30 07:48:27","post_content":"","post_title":"PUBLICACIONS DE L'ABADIA DE MONTSERRAT","post_excerpt":"","post_status":"publish","comment_status":"closed","ping_status":"closed","post_password":"","post_name":"publicacions-de-labadia-de-montserrat-4","to_ping":"","pinged":"","post_modified":"2022-09-30 09:48:27","post_modified_gmt":"2022-09-30 07:48:27","post_content_filtered":"","post_parent":0,"guid":"http:\/\/dev.claret.cat\/autor\/publicacions-de-labadia-de-montserrat-4\/","menu_order":0,"post_type":"autor","post_mime_type":"","comment_count":"0","filter":"raw"}]},"aioseo_notices":[],"_links":{"self":[{"href":"https:\/\/www.claret.cat\/es\/wp-json\/wp\/v2\/product\/259278","targetHints":{"allow":["GET"]}}],"collection":[{"href":"https:\/\/www.claret.cat\/es\/wp-json\/wp\/v2\/product"}],"about":[{"href":"https:\/\/www.claret.cat\/es\/wp-json\/wp\/v2\/types\/product"}],"wp:featuredmedia":[{"embeddable":true,"href":"https:\/\/www.claret.cat\/es\/wp-json\/wp\/v2\/media\/368736"}],"wp:attachment":[{"href":"https:\/\/www.claret.cat\/es\/wp-json\/wp\/v2\/media?parent=259278"}],"wp:term":[{"taxonomy":"product_brand","embeddable":true,"href":"https:\/\/www.claret.cat\/es\/wp-json\/wp\/v2\/product_brand?post=259278"},{"taxonomy":"product_cat","embeddable":true,"href":"https:\/\/www.claret.cat\/es\/wp-json\/wp\/v2\/product_cat?post=259278"},{"taxonomy":"product_tag","embeddable":true,"href":"https:\/\/www.claret.cat\/es\/wp-json\/wp\/v2\/product_tag?post=259278"}],"curies":[{"name":"wp","href":"https:\/\/api.w.org\/{rel}","templated":true}]}}

<p>El Secretariat Diocesà de Justícia i Pau de Tarragona ha promogut aquesta miscel·lània en honor del prevere i teòleg Josep Gil i Ribas, en reconeixement a la seva trajectòria de renovació de la reflexió teològica realitzada en contacte permanent amb el context social i amb la vida concreta de les persones.</p>

Rústica

MISCEL.LÀNIA EN HONOR DEL DR. JOSEP GIL I RIBAS
