{"id":261286,"date":"2022-10-21T13:52:20","date_gmt":"2022-10-21T11:52:20","guid":{"rendered":"http:\/\/dev.claret.cat\/producte\/transmetre-el-tresor-de-la-fe\/"},"modified":"2024-05-22T18:03:34","modified_gmt":"2024-05-22T16:03:34","slug":"transmetre-el-tresor-de-la-fe-9788498468229","status":"publish","type":"product","link":"https:\/\/www.claret.cat\/es\/libro\/transmetre-el-tresor-de-la-fe-9788498468229\/","title":{"rendered":"TRANSMETRE EL TRESOR DE LA FE"},"content":{"rendered":"<p>Transmetre el tresor de la fe \u00e9s el document que els bisbes de Catalunya ens adrecen en l\u2019acabament de l\u2019Any de la fe convocat per Benet XVI i clausurat pel papa Francesc. S\u2019ha celebrat en escaure\u2019s el cinquant\u00e8 aniversari de la convocat\u00f2ria del Concili Vatic\u00e0 II i el vint\u00e8 de la publicaci\u00f3 del Catecisme de l\u2019Esgl\u00e9sia Cat\u00f2lica. Pastors i fidels de les deu di\u00f2cesis amb seu a Catalunya l\u2019han acollit com un temps de gr\u00e0cia, fixant l\u2019esguard en Jesucrist.<\/p>\n<p>Per aix\u00f2 en cloure l\u2019Any de la fe, els bisbes de Catalunya desitgen reflexionar en aquesta carta sobre alguns aspectes de la missi\u00f3 de transmetre i viure la fe que l\u2019Esgl\u00e9sia t\u00e9, i precisar m\u00e9s alguns dels seus camins en l\u2019actual situaci\u00f3 religiosa i social.<\/p>\n","protected":false},"excerpt":{"rendered":"<p>ELS BISBES DE CATALUNYA<\/p>\n","protected":false},"featured_media":386410,"template":"","meta":{"_acf_changed":false,"om_disable_all_campaigns":false,"rs_blank_template":"","rs_page_bg_color":"","slide_template_v7":"","inline_featured_image":false,"_monsterinsights_skip_tracking":false,"_monsterinsights_sitenote_active":false,"_monsterinsights_sitenote_note":"","_monsterinsights_sitenote_category":0},"product_brand":[],"product_cat":[90,581,540],"product_tag":[],"class_list":{"0":"post-261286","1":"product","2":"type-product","3":"status-publish","4":"has-post-thumbnail","6":"product_cat-altres","7":"product_cat-editorial-claret","8":"product_cat-otros","10":"first","11":"instock","12":"taxable","13":"shipping-taxable","14":"purchasable","15":"product-type-simple"},"acf":{"autor":"ELS BISBES DE CATALUNYA","codart":"849846822","libros-coleccion":"DOCUMENTS DEL MAGISTERI","ediciones":"1","encuadernacion":"R\u00fastica","fecha_de_publicacion":"18\/11\/2013","novedad":"0","paginas":"44","subtitulo":"","orden":"999","portada":"0","idioma":"cat","editorial":[{"ID":6158,"post_author":"3","post_date":"2022-07-28 17:46:08","post_date_gmt":"2022-07-28 15:46:08","post_content":"","post_title":"CLARET","post_excerpt":"","post_status":"publish","comment_status":"closed","ping_status":"closed","post_password":"","post_name":"claret","to_ping":"","pinged":"","post_modified":"2022-07-28 17:46:08","post_modified_gmt":"2022-07-28 15:46:08","post_content_filtered":"","post_parent":0,"guid":"http:\/\/dev.claret.cat\/editorial\/claret\/","menu_order":0,"post_type":"editorial","post_mime_type":"","comment_count":"0","filter":"raw"}],"autores-libros":[{"ID":5442,"post_author":"3","post_date":"2022-07-28 17:24:03","post_date_gmt":"2022-07-28 15:24:03","post_content":"","post_title":"ELS BISBES DE CATALUNYA","post_excerpt":"","post_status":"publish","comment_status":"closed","ping_status":"closed","post_password":"","post_name":"els-bisbes-de-catalunya","to_ping":"","pinged":"","post_modified":"2022-07-28 17:24:03","post_modified_gmt":"2022-07-28 15:24:03","post_content_filtered":"","post_parent":0,"guid":"http:\/\/dev.claret.cat\/autor\/els-bisbes-de-catalunya\/","menu_order":0,"post_type":"autor","post_mime_type":"","comment_count":"0","filter":"raw"}]},"aioseo_notices":[],"_links":{"self":[{"href":"https:\/\/www.claret.cat\/es\/wp-json\/wp\/v2\/product\/261286","targetHints":{"allow":["GET"]}}],"collection":[{"href":"https:\/\/www.claret.cat\/es\/wp-json\/wp\/v2\/product"}],"about":[{"href":"https:\/\/www.claret.cat\/es\/wp-json\/wp\/v2\/types\/product"}],"wp:featuredmedia":[{"embeddable":true,"href":"https:\/\/www.claret.cat\/es\/wp-json\/wp\/v2\/media\/386410"}],"wp:attachment":[{"href":"https:\/\/www.claret.cat\/es\/wp-json\/wp\/v2\/media?parent=261286"}],"wp:term":[{"taxonomy":"product_brand","embeddable":true,"href":"https:\/\/www.claret.cat\/es\/wp-json\/wp\/v2\/product_brand?post=261286"},{"taxonomy":"product_cat","embeddable":true,"href":"https:\/\/www.claret.cat\/es\/wp-json\/wp\/v2\/product_cat?post=261286"},{"taxonomy":"product_tag","embeddable":true,"href":"https:\/\/www.claret.cat\/es\/wp-json\/wp\/v2\/product_tag?post=261286"}],"curies":[{"name":"wp","href":"https:\/\/api.w.org\/{rel}","templated":true}]}}

<p>Transmetre el tresor de la fe és el document que els bisbes de Catalunya ens adrecen en l’acabament de l’Any de la fe convocat per Benet XVI i clausurat pel papa Francesc. S’ha celebrat en escaure’s el cinquantè aniversari de la convocatòria del Concili Vaticà II i el vintè de la publicació del Catecisme de l’Església Catòlica. Pastors i fidels de les deu diòcesis amb seu a Catalunya l’han acollit com un temps de gràcia, fixant l’esguard en Jesucrist.</p>
<p>Per això en cloure l’Any de la fe, els bisbes de Catalunya desitgen reflexionar en aquesta carta sobre alguns aspectes de la missió de transmetre i viure la fe que l’Església té, i precisar més alguns dels seus camins en l’actual situació religiosa i social.</p>

Rústica
