{"id":261429,"date":"2022-10-21T13:56:13","date_gmt":"2022-10-21T11:56:13","guid":{"rendered":"http:\/\/dev.claret.cat\/producte\/la-reconciliacion\/"},"modified":"2026-02-05T10:30:08","modified_gmt":"2026-02-05T09:30:08","slug":"la-reconciliacion-9788429321036","status":"publish","type":"product","link":"https:\/\/www.claret.cat\/es\/libro\/la-reconciliacion-9788429321036\/","title":{"rendered":"LA RECONCILIACI\u00d3N"},"content":{"rendered":"<p>Hablar de reconciliaci\u00f3n en nuestro contexto actual resulta delicado y arriesgado. Es curioso observar que, mientras en otros pa\u00edses los expertos utilizan esta palabra con naturalidad y libertad, aqu\u00ed es preciso adobar el concepto que ella encierra con una expresi\u00f3n m\u00e1s &#8216;eufem\u00edstica&#8217;: convivencia pac\u00edfica.<br \/>El contenido evocado por la palabra &#8216;reconciliaci\u00f3n&#8217; suscita en muchos ciudadanos una reacci\u00f3n negativa todav\u00eda muy apasionada. Las heridas del pasado reciente est\u00e1n a\u00fan en carne viva. Las posiciones ante este pasado son muy distantes y candentes. Las v\u00edctimas, muy numerosas. \u00bfSer\u00e1 todav\u00eda prematuro abordar el tema de la reconciliaci\u00f3n?<br \/>Este libro nace con la convicci\u00f3n de que es preciso hablar ya ahora, con serena sensibilidad y con la m\u00e1xima objetividad posible, de la reconciliaci\u00f3n.<br \/>El mensaje cristiano de la reconciliaci\u00f3n es un servicio de primera magnitud que la Iglesia est\u00e1 obligada a prestar a nuestra sociedad. No debe omitirlo ni descafeinarlo por temor a reacciones disconformes e interpretaciones sesgadas, incluso agresivas.<br \/>En mi exposici\u00f3n he intentado atenerme al pensamiento social cristiano y aplicarlo [?] a nuestra situaci\u00f3n, necesitada de reconciliaci\u00f3n. No pretendo, con todo, imprimir a mis palabras una autoridad eclesial que no tienen. Soy un obispo jubilado que no preside pastoralmente ninguna Iglesia local. Cuanto afirmo en este escrito, lo sostengo a t\u00edtulo particular. Pero el tema de la paz y la reconciliaci\u00f3n me ha ocupado y preocupado durante mi ministerio al frente de las di\u00f3cesis y me ha obligado a reflexionar, incluso posteriormente. La esperanza de que estas reflexiones puedan ser \u00fatiles y contribuyan, siquiera modestamente, a la reconciliaci\u00f3n efectiva es el \u00fanico motivo que me ha inducido a escribirlas y publicarlas.<\/p>\n","protected":false},"excerpt":{"rendered":"<p>URIARTE, JUAN MAR\u00cdA<\/p>\n","protected":false},"featured_media":1081326,"template":"","meta":{"_acf_changed":false,"om_disable_all_campaigns":false,"rs_blank_template":"","rs_page_bg_color":"","slide_template_v7":"","inline_featured_image":false,"_monsterinsights_skip_tracking":false,"_monsterinsights_sitenote_active":false,"_monsterinsights_sitenote_note":"","_monsterinsights_sitenote_category":0},"product_brand":[],"product_cat":[275,413],"product_tag":[],"class_list":{"0":"post-261429","1":"product","2":"type-product","3":"status-publish","4":"has-post-thumbnail","6":"product_cat-fonamental","7":"product_cat-fundamental","9":"first","10":"instock","11":"taxable","12":"shipping-taxable","13":"purchasable","14":"product-type-simple"},"acf":{"autor":"URIARTE, JUAN MAR\u00cdA","codart":"842932103","libros-coleccion":"","ediciones":"1","encuadernacion":"R\u00fastica","fecha_de_publicacion":"06\/11\/2013","novedad":"0","paginas":"152","subtitulo":"","orden":"999","portada":"0","idioma":"spa","editorial":[{"ID":6351,"post_author":"3","post_date":"2022-07-28 17:50:19","post_date_gmt":"2022-07-28 15:50:19","post_content":"","post_title":"Sal Terrae","post_excerpt":"","post_status":"publish","comment_status":"closed","ping_status":"closed","post_password":"","post_name":"sal-terrae","to_ping":"","pinged":"","post_modified":"2022-07-28 17:50:19","post_modified_gmt":"2022-07-28 15:50:19","post_content_filtered":"","post_parent":0,"guid":"http:\/\/dev.claret.cat\/editorial\/sal-terrae\/","menu_order":0,"post_type":"editorial","post_mime_type":"","comment_count":"0","filter":"raw"}],"autores-libros":[{"ID":161118,"post_author":"3","post_date":"2022-10-14 17:15:39","post_date_gmt":"2022-10-14 15:15:39","post_content":"","post_title":"JUAN MAR\u00cdA URIARTE","post_excerpt":"","post_status":"publish","comment_status":"closed","ping_status":"closed","post_password":"","post_name":"juan-maria-uriarte","to_ping":"","pinged":"","post_modified":"2022-10-14 17:15:39","post_modified_gmt":"2022-10-14 15:15:39","post_content_filtered":"","post_parent":0,"guid":"http:\/\/dev.claret.cat\/autor\/juan-maria-uriarte\/","menu_order":0,"post_type":"autor","post_mime_type":"","comment_count":"0","filter":"raw"}],"booktrailer":"","resenas":""},"aioseo_notices":[],"_links":{"self":[{"href":"https:\/\/www.claret.cat\/es\/wp-json\/wp\/v2\/product\/261429","targetHints":{"allow":["GET"]}}],"collection":[{"href":"https:\/\/www.claret.cat\/es\/wp-json\/wp\/v2\/product"}],"about":[{"href":"https:\/\/www.claret.cat\/es\/wp-json\/wp\/v2\/types\/product"}],"wp:featuredmedia":[{"embeddable":true,"href":"https:\/\/www.claret.cat\/es\/wp-json\/wp\/v2\/media\/1081326"}],"wp:attachment":[{"href":"https:\/\/www.claret.cat\/es\/wp-json\/wp\/v2\/media?parent=261429"}],"wp:term":[{"taxonomy":"product_brand","embeddable":true,"href":"https:\/\/www.claret.cat\/es\/wp-json\/wp\/v2\/product_brand?post=261429"},{"taxonomy":"product_cat","embeddable":true,"href":"https:\/\/www.claret.cat\/es\/wp-json\/wp\/v2\/product_cat?post=261429"},{"taxonomy":"product_tag","embeddable":true,"href":"https:\/\/www.claret.cat\/es\/wp-json\/wp\/v2\/product_tag?post=261429"}],"curies":[{"name":"wp","href":"https:\/\/api.w.org\/{rel}","templated":true}]}}

LA RECONCILIACIÓN

<p>Hablar de reconciliación en nuestro contexto actual resulta delicado y arriesgado. Es curioso observar que, mientras en otros países los expertos utilizan esta palabra con naturalidad y libertad, aquí es preciso adobar el concepto que ella encierra con una expresión más &#8216;eufemística&#8217;: convivencia pacífica.<br />El contenido evocado por la palabra &#8216;reconciliación&#8217; suscita en muchos ciudadanos una reacción negativa todavía muy apasionada. Las heridas del pasado reciente están aún en carne viva. Las posiciones ante este pasado son muy distantes y candentes. Las víctimas, muy numerosas. ¿Será todavía prematuro abordar el tema de la reconciliación?<br />Este libro nace con la convicción de que es preciso hablar ya ahora, con serena sensibilidad y con la máxima objetividad posible, de la reconciliación.<br />El mensaje cristiano de la reconciliación es un servicio de primera magnitud que la Iglesia está obligada a prestar a nuestra sociedad. No debe omitirlo ni descafeinarlo por temor a reacciones disconformes e interpretaciones sesgadas, incluso agresivas.<br />En mi exposición he intentado atenerme al pensamiento social cristiano y aplicarlo [?] a nuestra situación, necesitada de reconciliación. No pretendo, con todo, imprimir a mis palabras una autoridad eclesial que no tienen. Soy un obispo jubilado que no preside pastoralmente ninguna Iglesia local. Cuanto afirmo en este escrito, lo sostengo a título particular. Pero el tema de la paz y la reconciliación me ha ocupado y preocupado durante mi ministerio al frente de las diócesis y me ha obligado a reflexionar, incluso posteriormente. La esperanza de que estas reflexiones puedan ser útiles y contribuyan, siquiera modestamente, a la reconciliación efectiva es el único motivo que me ha inducido a escribirlas y publicarlas.</p>

<p>URIARTE, JUAN MARÍA</p>

URIARTE, JUAN MARÍA

Rústica

JUAN MARÍA URIARTE
