{"id":26229,"date":"2022-10-02T10:41:34","date_gmt":"2022-10-02T08:41:34","guid":{"rendered":"http:\/\/dev.claret.cat\/producte\/cara-de-pan\/"},"modified":"2023-01-28T01:41:48","modified_gmt":"2023-01-28T00:41:48","slug":"cara-de-pan-9788433998613","status":"publish","type":"product","link":"https:\/\/www.claret.cat\/es\/libro\/cara-de-pan-9788433998613\/","title":{"rendered":"CARA DE PAN"},"content":{"rendered":"<p>\u00abLa primera vez la coge tan desprevenida que se sobresalta al verlo.\u00bb El encuentro se produce en un parque. Ella es Casi, una adolescente de \u00abcasi\u00bb catorce a\u00f1os; \u00e9l, el Viejo, tiene muchos m\u00e1s.<br \/> El primer contacto es casual, pero volver\u00e1n a verse en m\u00e1s ocasiones. Ella huye de las imposiciones de la escuela y tiene difi cultades para relacionarse. A \u00e9l le gusta contemplar los p\u00e1jaros y escuchar a Nina Simone, no trabaja y arrastra un pasado problem\u00e1tico.<br \/> Estos dos personajes escurridizos y heridos establecer\u00e1n una relaci\u00f3n impropia, intolerable, sospechosa, que provocar\u00e1 incomprensi\u00f3n y rechazo y en la que no necesariamente coincide lo que sucede, lo que se cuenta que sucede y lo que se interpreta que sucede.<br \/> Una historia elusiva, obsesiva, inquietante y hasta inc\u00f3moda, pero al mismo tiempo extra\u00f1amente magn\u00e9tica, en la que palpitan el tab\u00fa, el miedo al salto al vac\u00edo de la vida adulta y la dificultad de ajustarse a las convenciones sociales&#8230; La ambiciosa carrera literaria de Sara Mesa da un nuevo paso adelante con esta novela sobre dos seres desarraigados cuyos destinos se entrecruzan en un parque, una defensa de la inadaptaci\u00f3n y la diferencia.<\/p>\n","protected":false},"excerpt":{"rendered":"<p>MESA, SARA<\/p>\n","protected":false},"featured_media":69952,"template":"","meta":{"_acf_changed":false,"om_disable_all_campaigns":false,"rs_blank_template":"","rs_page_bg_color":"","slide_template_v7":"","inline_featured_image":false,"_monsterinsights_skip_tracking":false,"_monsterinsights_sitenote_active":false,"_monsterinsights_sitenote_note":"","_monsterinsights_sitenote_category":0},"product_brand":[],"product_cat":[87],"product_tag":[],"class_list":{"0":"post-26229","1":"product","2":"type-product","3":"status-publish","4":"has-post-thumbnail","6":"product_cat-literatura","8":"first","9":"instock","10":"taxable","11":"shipping-taxable","12":"purchasable","13":"product-type-simple"},"acf":{"autor":"MESA, SARA","codart":"843399861","libros-coleccion":"Narrativas hisp\u00e1nicas","ediciones":"1","encuadernacion":"R\u00fastica","fecha_de_publicacion":"01\/09\/2018","novedad":"1","paginas":"137","subtitulo":"","orden":"0","portada":"0","idioma":"spa","editorial":[{"ID":6219,"post_author":"3","post_date":"2022-07-28 17:47:26","post_date_gmt":"2022-07-28 15:47:26","post_content":"","post_title":"Editorial Anagrama S.A.","post_excerpt":"","post_status":"publish","comment_status":"closed","ping_status":"closed","post_password":"","post_name":"editorial-anagrama-s-a","to_ping":"","pinged":"","post_modified":"2022-07-28 17:47:26","post_modified_gmt":"2022-07-28 15:47:26","post_content_filtered":"","post_parent":0,"guid":"http:\/\/dev.claret.cat\/editorial\/editorial-anagrama-s-a\/","menu_order":0,"post_type":"editorial","post_mime_type":"","comment_count":"0","filter":"raw"}],"autores-libros":[{"ID":169114,"post_author":"3","post_date":"2022-10-14 22:24:35","post_date_gmt":"2022-10-14 20:24:35","post_content":"","post_title":"SARA MESA","post_excerpt":"","post_status":"publish","comment_status":"closed","ping_status":"closed","post_password":"","post_name":"sara-mesa","to_ping":"","pinged":"","post_modified":"2022-10-14 22:24:35","post_modified_gmt":"2022-10-14 20:24:35","post_content_filtered":"","post_parent":0,"guid":"http:\/\/dev.claret.cat\/autor\/sara-mesa\/","menu_order":0,"post_type":"autor","post_mime_type":"","comment_count":"0","filter":"raw"}]},"aioseo_notices":[],"_links":{"self":[{"href":"https:\/\/www.claret.cat\/es\/wp-json\/wp\/v2\/product\/26229","targetHints":{"allow":["GET"]}}],"collection":[{"href":"https:\/\/www.claret.cat\/es\/wp-json\/wp\/v2\/product"}],"about":[{"href":"https:\/\/www.claret.cat\/es\/wp-json\/wp\/v2\/types\/product"}],"wp:featuredmedia":[{"embeddable":true,"href":"https:\/\/www.claret.cat\/es\/wp-json\/wp\/v2\/media\/69952"}],"wp:attachment":[{"href":"https:\/\/www.claret.cat\/es\/wp-json\/wp\/v2\/media?parent=26229"}],"wp:term":[{"taxonomy":"product_brand","embeddable":true,"href":"https:\/\/www.claret.cat\/es\/wp-json\/wp\/v2\/product_brand?post=26229"},{"taxonomy":"product_cat","embeddable":true,"href":"https:\/\/www.claret.cat\/es\/wp-json\/wp\/v2\/product_cat?post=26229"},{"taxonomy":"product_tag","embeddable":true,"href":"https:\/\/www.claret.cat\/es\/wp-json\/wp\/v2\/product_tag?post=26229"}],"curies":[{"name":"wp","href":"https:\/\/api.w.org\/{rel}","templated":true}]}}

<p>«La primera vez la coge tan desprevenida que se sobresalta al verlo.» El encuentro se produce en un parque. Ella es Casi, una adolescente de «casi» catorce años; él, el Viejo, tiene muchos más.<br /> El primer contacto es casual, pero volverán a verse en más ocasiones. Ella huye de las imposiciones de la escuela y tiene difi cultades para relacionarse. A él le gusta contemplar los pájaros y escuchar a Nina Simone, no trabaja y arrastra un pasado problemático.<br /> Estos dos personajes escurridizos y heridos establecerán una relación impropia, intolerable, sospechosa, que provocará incomprensión y rechazo y en la que no necesariamente coincide lo que sucede, lo que se cuenta que sucede y lo que se interpreta que sucede.<br /> Una historia elusiva, obsesiva, inquietante y hasta incómoda, pero al mismo tiempo extrañamente magnética, en la que palpitan el tabú, el miedo al salto al vacío de la vida adulta y la dificultad de ajustarse a las convenciones sociales&#8230; La ambiciosa carrera literaria de Sara Mesa da un nuevo paso adelante con esta novela sobre dos seres desarraigados cuyos destinos se entrecruzan en un parque, una defensa de la inadaptación y la diferencia.</p>

Narrativas hispánicas

Rústica
