{"id":264083,"date":"2022-12-01T11:28:44","date_gmt":"2022-12-01T10:28:44","guid":{"rendered":"http:\/\/dev.claret.cat\/producte\/vanidad-pecados-capitales\/"},"modified":"2024-05-02T05:20:50","modified_gmt":"2024-05-02T03:20:50","slug":"vanidad-pecados-capitales-9788428839457","status":"publish","type":"product","link":"https:\/\/www.claret.cat\/es\/libro\/vanidad-pecados-capitales-9788428839457\/","title":{"rendered":"VANIDAD. PECADOS CAPITALES"},"content":{"rendered":"<p>En muchos de los relatos sobre el origen de la humanidad, y desde luego en la tradici\u00f3n b\u00edblica, aparece un \u00aborigen viciado\u00bb que va a condicionar todo el recorrido posterior de la humanidad. No es lo primero del acto creador, ben\u00e9fico y altruista, pero s\u00ed es la experiencia humana de una carencia original que va a afectar a todos los seres humanos. La carencia original se retrotrae al comienzo en los relatos del origen. De la experiencia cotidiana de algo mal hecho, que todos sufrimos, se desprende la certeza de una falta, un origen viciado que falsea lo que somos y le imprime una din\u00e1mica de perversi\u00f3n del don recibido de la vida: la vanidad, el orgullo y la soberbia.<\/p>\n","protected":false},"excerpt":{"rendered":"<p>QUINZ\u00c0 LLE\u00d3, XAVIER; sj<\/p>\n","protected":false},"featured_media":338503,"template":"","meta":{"_acf_changed":false,"om_disable_all_campaigns":false,"rs_blank_template":"","rs_page_bg_color":"","slide_template_v7":"","inline_featured_image":false,"_monsterinsights_skip_tracking":false,"_monsterinsights_sitenote_active":false,"_monsterinsights_sitenote_note":"","_monsterinsights_sitenote_category":0},"product_brand":[],"product_cat":[275,413],"product_tag":[],"class_list":{"0":"post-264083","1":"product","2":"type-product","3":"status-publish","4":"has-post-thumbnail","6":"product_cat-fonamental","7":"product_cat-fundamental","9":"first","10":"instock","11":"taxable","12":"shipping-taxable","13":"purchasable","14":"product-type-simple"},"acf":{"autor":"QUINZ\u00c0 LLE\u00d3, XAVIER; sj","codart":"842883945","libros-coleccion":"FUERA DE COLECCI\u00d3N","ediciones":"1","encuadernacion":"R\u00fastica","fecha_de_publicacion":"28\/11\/2022","novedad":"1","paginas":"120","subtitulo":"","orden":"0","portada":"0","idioma":"spa","editorial":[{"ID":6335,"post_author":"3","post_date":"2022-07-28 17:49:59","post_date_gmt":"2022-07-28 15:49:59","post_content":"","post_title":"PPC altres","post_excerpt":"","post_status":"publish","comment_status":"closed","ping_status":"closed","post_password":"","post_name":"ppc-altres","to_ping":"","pinged":"","post_modified":"2022-07-28 17:49:59","post_modified_gmt":"2022-07-28 15:49:59","post_content_filtered":"","post_parent":0,"guid":"http:\/\/dev.claret.cat\/editorial\/ppc-altres\/","menu_order":0,"post_type":"editorial","post_mime_type":"","comment_count":"0","filter":"raw"}],"autores-libros":[{"ID":263968,"post_author":"3","post_date":"2022-12-01 11:22:34","post_date_gmt":"2022-12-01 10:22:34","post_content":"","post_title":"XAVIER QUINZ\u00c0 LLE\u00d3","post_excerpt":"","post_status":"publish","comment_status":"closed","ping_status":"closed","post_password":"","post_name":"xavier-quinza-lleo","to_ping":"","pinged":"","post_modified":"2022-12-01 11:22:34","post_modified_gmt":"2022-12-01 10:22:34","post_content_filtered":"","post_parent":0,"guid":"http:\/\/dev.claret.cat\/autor\/xavier-quinza-lleo\/","menu_order":0,"post_type":"autor","post_mime_type":"","comment_count":"0","filter":"raw"},{"ID":169599,"post_author":"3","post_date":"2022-10-14 22:28:31","post_date_gmt":"2022-10-14 20:28:31","post_content":"","post_title":"SJ","post_excerpt":"","post_status":"publish","comment_status":"closed","ping_status":"closed","post_password":"","post_name":"sj","to_ping":"","pinged":"","post_modified":"2022-10-14 22:28:31","post_modified_gmt":"2022-10-14 20:28:31","post_content_filtered":"","post_parent":0,"guid":"http:\/\/dev.claret.cat\/autor\/sj\/","menu_order":0,"post_type":"autor","post_mime_type":"","comment_count":"0","filter":"raw"}]},"aioseo_notices":[],"_links":{"self":[{"href":"https:\/\/www.claret.cat\/es\/wp-json\/wp\/v2\/product\/264083","targetHints":{"allow":["GET"]}}],"collection":[{"href":"https:\/\/www.claret.cat\/es\/wp-json\/wp\/v2\/product"}],"about":[{"href":"https:\/\/www.claret.cat\/es\/wp-json\/wp\/v2\/types\/product"}],"wp:featuredmedia":[{"embeddable":true,"href":"https:\/\/www.claret.cat\/es\/wp-json\/wp\/v2\/media\/338503"}],"wp:attachment":[{"href":"https:\/\/www.claret.cat\/es\/wp-json\/wp\/v2\/media?parent=264083"}],"wp:term":[{"taxonomy":"product_brand","embeddable":true,"href":"https:\/\/www.claret.cat\/es\/wp-json\/wp\/v2\/product_brand?post=264083"},{"taxonomy":"product_cat","embeddable":true,"href":"https:\/\/www.claret.cat\/es\/wp-json\/wp\/v2\/product_cat?post=264083"},{"taxonomy":"product_tag","embeddable":true,"href":"https:\/\/www.claret.cat\/es\/wp-json\/wp\/v2\/product_tag?post=264083"}],"curies":[{"name":"wp","href":"https:\/\/api.w.org\/{rel}","templated":true}]}}

<p>En muchos de los relatos sobre el origen de la humanidad, y desde luego en la tradición bíblica, aparece un «origen viciado» que va a condicionar todo el recorrido posterior de la humanidad. No es lo primero del acto creador, benéfico y altruista, pero sí es la experiencia humana de una carencia original que va a afectar a todos los seres humanos. La carencia original se retrotrae al comienzo en los relatos del origen. De la experiencia cotidiana de algo mal hecho, que todos sufrimos, se desprende la certeza de una falta, un origen viciado que falsea lo que somos y le imprime una dinámica de perversión del don recibido de la vida: la vanidad, el orgullo y la soberbia.</p>

<p>QUINZÀ LLEÓ, XAVIER; sj</p>

QUINZÀ LLEÓ, XAVIER; sj

FUERA DE COLECCIÓN

Rústica

XAVIER QUINZÀ LLEÓ
