{"id":264324,"date":"2022-12-01T11:35:05","date_gmt":"2022-12-01T10:35:05","guid":{"rendered":"http:\/\/dev.claret.cat\/producte\/amado-hasta-el-extremo\/"},"modified":"2024-05-02T07:43:12","modified_gmt":"2024-05-02T05:43:12","slug":"amado-hasta-el-extremo-9788428567442","status":"publish","type":"product","link":"https:\/\/www.claret.cat\/es\/libro\/amado-hasta-el-extremo-9788428567442\/","title":{"rendered":"\u00a1AMADO HASTA EL EXTREMO!"},"content":{"rendered":"<p>Esta obra recoge el registro de dos a\u00f1os de la vida del autor. En ese intervalo de tiempo, a un acontecimiento extraordinario en Medjugorje que cambi\u00f3 completamente su vida se sumaron el diagn\u00f3stico de un c\u00e1ncer linf\u00e1tico, que supuso meses de sufrimiento, y el descubrimiento y la experiencia profunda del amor con may\u00fasculas, ese amor que todo lo puede y todo lo soporta. Su testimonio sincero y desgarrador no es solo una historia de enfermedad, de superaci\u00f3n o de esperanza, sino sobre todo una aut\u00e9ntica historia de amor. Ferran Espa\u00f1a Cucarella comparte con el lector su experiencia de lucha, de fe y de uni\u00f3n con Cristo. Su testimonio es una invitaci\u00f3n a aferrarnos con fuerza a la vida y a la b\u00fasqueda de la felicidad.<\/p>\n","protected":false},"excerpt":{"rendered":"<p>ESPA\u00d1A CUCARELLA, FERRAN<\/p>\n","protected":false},"featured_media":336769,"template":"","meta":{"_acf_changed":false,"om_disable_all_campaigns":false,"rs_blank_template":"","rs_page_bg_color":"","slide_template_v7":"","inline_featured_image":false,"_monsterinsights_skip_tracking":false,"_monsterinsights_sitenote_active":false,"_monsterinsights_sitenote_note":"","_monsterinsights_sitenote_category":0},"product_brand":[],"product_cat":[485,232,495,245],"product_tag":[],"class_list":{"0":"post-264324","1":"product","2":"type-product","3":"status-publish","4":"has-post-thumbnail","6":"product_cat-autores-espiritualidad-1_espiritualidad","7":"product_cat-autors-espiritualitat","8":"product_cat-diversa-espiritualidad-1_espiritualidad","9":"product_cat-diversa","11":"first","12":"instock","13":"taxable","14":"shipping-taxable","15":"purchasable","16":"product-type-simple"},"acf":{"autor":"ESPA\u00d1A CUCARELLA, FERRAN","codart":"842856744","libros-coleccion":"Teselas","ediciones":"1","encuadernacion":"R\u00fastica","fecha_de_publicacion":"14\/11\/2022","novedad":"1","paginas":"152","subtitulo":"UN TESTIMONIO DE AMOR Y FE ANTE LAS ADVERSIDADES DE LA VIDA","orden":"0","portada":"0","idioma":"spa","editorial":[{"ID":6356,"post_author":"3","post_date":"2022-07-28 17:50:26","post_date_gmt":"2022-07-28 15:50:26","post_content":"","post_title":"SAN PABLO COMUNICACI\u00d3N","post_excerpt":"","post_status":"publish","comment_status":"closed","ping_status":"closed","post_password":"","post_name":"san-pablo-comunicacion","to_ping":"","pinged":"","post_modified":"2022-07-28 17:50:26","post_modified_gmt":"2022-07-28 15:50:26","post_content_filtered":"","post_parent":0,"guid":"http:\/\/dev.claret.cat\/editorial\/san-pablo-comunicacion\/","menu_order":0,"post_type":"editorial","post_mime_type":"","comment_count":"0","filter":"raw"}],"autores-libros":[{"ID":263476,"post_author":"3","post_date":"2022-12-01 11:17:46","post_date_gmt":"2022-12-01 10:17:46","post_content":"","post_title":"FERRAN ESPA\u00d1A CUCARELLA","post_excerpt":"","post_status":"publish","comment_status":"closed","ping_status":"closed","post_password":"","post_name":"ferran-espana-cucarella","to_ping":"","pinged":"","post_modified":"2022-12-01 11:17:46","post_modified_gmt":"2022-12-01 10:17:46","post_content_filtered":"","post_parent":0,"guid":"http:\/\/dev.claret.cat\/autor\/ferran-espana-cucarella\/","menu_order":0,"post_type":"autor","post_mime_type":"","comment_count":"0","filter":"raw"}]},"aioseo_notices":[],"_links":{"self":[{"href":"https:\/\/www.claret.cat\/es\/wp-json\/wp\/v2\/product\/264324","targetHints":{"allow":["GET"]}}],"collection":[{"href":"https:\/\/www.claret.cat\/es\/wp-json\/wp\/v2\/product"}],"about":[{"href":"https:\/\/www.claret.cat\/es\/wp-json\/wp\/v2\/types\/product"}],"wp:featuredmedia":[{"embeddable":true,"href":"https:\/\/www.claret.cat\/es\/wp-json\/wp\/v2\/media\/336769"}],"wp:attachment":[{"href":"https:\/\/www.claret.cat\/es\/wp-json\/wp\/v2\/media?parent=264324"}],"wp:term":[{"taxonomy":"product_brand","embeddable":true,"href":"https:\/\/www.claret.cat\/es\/wp-json\/wp\/v2\/product_brand?post=264324"},{"taxonomy":"product_cat","embeddable":true,"href":"https:\/\/www.claret.cat\/es\/wp-json\/wp\/v2\/product_cat?post=264324"},{"taxonomy":"product_tag","embeddable":true,"href":"https:\/\/www.claret.cat\/es\/wp-json\/wp\/v2\/product_tag?post=264324"}],"curies":[{"name":"wp","href":"https:\/\/api.w.org\/{rel}","templated":true}]}}

<p>Esta obra recoge el registro de dos años de la vida del autor. En ese intervalo de tiempo, a un acontecimiento extraordinario en Medjugorje que cambió completamente su vida se sumaron el diagnóstico de un cáncer linfático, que supuso meses de sufrimiento, y el descubrimiento y la experiencia profunda del amor con mayúsculas, ese amor que todo lo puede y todo lo soporta. Su testimonio sincero y desgarrador no es solo una historia de enfermedad, de superación o de esperanza, sino sobre todo una auténtica historia de amor. Ferran España Cucarella comparte con el lector su experiencia de lucha, de fe y de unión con Cristo. Su testimonio es una invitación a aferrarnos con fuerza a la vida y a la búsqueda de la felicidad.</p>

<p>ESPAÑA CUCARELLA, FERRAN</p>

ESPAÑA CUCARELLA, FERRAN

Rústica

SAN PABLO COMUNICACIÓN

FERRAN ESPAÑA CUCARELLA
