{"id":265094,"date":"2022-12-01T12:20:33","date_gmt":"2022-12-01T11:20:33","guid":{"rendered":"http:\/\/dev.claret.cat\/producte\/cuaderno-de-creatividad-de-el-mundo-de-indy\/"},"modified":"2023-10-06T06:58:41","modified_gmt":"2023-10-06T04:58:41","slug":"cuaderno-de-creatividad-de-el-mundo-de-indy-9788408261537","status":"publish","type":"product","link":"https:\/\/www.claret.cat\/es\/libro\/cuaderno-de-creatividad-de-el-mundo-de-indy-9788408261537\/","title":{"rendered":"CUADERNO DE CREATIVIDAD DE EL MUNDO DE INDY"},"content":{"rendered":"<p>\u00a1HOLA, AMIGUINDYS!<br \/> \u00a1Qu\u00e9 ilusi\u00f3n me hace que teng\u00e1is este libro tan especial en vuestras manos!<br \/> \u00bfEsta\u00b4is preparadas para escribir, dibujar, recortar, pegar, destrozar y responder a los tests m\u00e1s alocados?<br \/> En este cuaderno encontrar\u00e9is hasta 100 proyectos creativos para hacer un mont\u00f3n de cosas chul\u00edsimas. Las podr\u00e9is regalar en un cumplea\u00f1os o simplemente cuando os apetezca tener un detalle con alguien a quien apreci\u00e1is mucho.<br \/> Y, sobre todo, espero que al hacerlas se os dispare la imaginaci\u00f3n y os entren unas ganas terribles de seguir inventando, dibujando, cocinando, escribiendo, imaginando\u2026 Porque estoy convencida de que todos llevamos un artista en nuestro interior.<br \/> \u00a1Da rienda suelta a tu creatividad con El Mundo de Indy!<\/p>\n","protected":false},"excerpt":{"rendered":"<p>EL MUNDO DE INDY<\/p>\n","protected":false},"featured_media":387210,"template":"","meta":{"_acf_changed":false,"om_disable_all_campaigns":false,"rs_blank_template":"","rs_page_bg_color":"","slide_template_v7":"","inline_featured_image":false,"_monsterinsights_skip_tracking":false,"_monsterinsights_sitenote_active":false,"_monsterinsights_sitenote_note":"","_monsterinsights_sitenote_category":0},"product_brand":[],"product_cat":[362],"product_tag":[],"class_list":{"0":"post-265094","1":"product","2":"type-product","3":"status-publish","4":"has-post-thumbnail","6":"product_cat-libros-preadolescentes-6-12-anos","8":"first","9":"instock","10":"taxable","11":"shipping-taxable","12":"purchasable","13":"product-type-simple"},"acf":{"autor":"EL MUNDO DE INDY","codart":"840826153","libros-coleccion":"FORA DE COL.LECCI\u00d3","ediciones":"1","encuadernacion":"Carton\u00e9","fecha_de_publicacion":"01\/11\/2022","novedad":"1","paginas":"158","subtitulo":"","orden":"0","portada":"0","idioma":"spa","editorial":[{"ID":6233,"post_author":"3","post_date":"2022-07-28 17:47:48","post_date_gmt":"2022-07-28 15:47:48","post_content":"","post_title":"EDITORIAL PLANETA","post_excerpt":"","post_status":"publish","comment_status":"closed","ping_status":"closed","post_password":"","post_name":"editorial-planeta","to_ping":"","pinged":"","post_modified":"2022-07-28 17:47:48","post_modified_gmt":"2022-07-28 15:47:48","post_content_filtered":"","post_parent":0,"guid":"http:\/\/dev.claret.cat\/editorial\/editorial-planeta\/","menu_order":0,"post_type":"editorial","post_mime_type":"","comment_count":"0","filter":"raw"}],"autores-libros":[{"ID":154682,"post_author":"3","post_date":"2022-10-14 15:06:46","post_date_gmt":"2022-10-14 13:06:46","post_content":"","post_title":"EL MUNDO DE INDY","post_excerpt":"","post_status":"publish","comment_status":"closed","ping_status":"closed","post_password":"","post_name":"el-mundo-de-indy","to_ping":"","pinged":"","post_modified":"2022-10-14 15:06:46","post_modified_gmt":"2022-10-14 13:06:46","post_content_filtered":"","post_parent":0,"guid":"http:\/\/dev.claret.cat\/autor\/el-mundo-de-indy\/","menu_order":0,"post_type":"autor","post_mime_type":"","comment_count":"0","filter":"raw"}]},"aioseo_notices":[],"_links":{"self":[{"href":"https:\/\/www.claret.cat\/es\/wp-json\/wp\/v2\/product\/265094","targetHints":{"allow":["GET"]}}],"collection":[{"href":"https:\/\/www.claret.cat\/es\/wp-json\/wp\/v2\/product"}],"about":[{"href":"https:\/\/www.claret.cat\/es\/wp-json\/wp\/v2\/types\/product"}],"wp:featuredmedia":[{"embeddable":true,"href":"https:\/\/www.claret.cat\/es\/wp-json\/wp\/v2\/media\/387210"}],"wp:attachment":[{"href":"https:\/\/www.claret.cat\/es\/wp-json\/wp\/v2\/media?parent=265094"}],"wp:term":[{"taxonomy":"product_brand","embeddable":true,"href":"https:\/\/www.claret.cat\/es\/wp-json\/wp\/v2\/product_brand?post=265094"},{"taxonomy":"product_cat","embeddable":true,"href":"https:\/\/www.claret.cat\/es\/wp-json\/wp\/v2\/product_cat?post=265094"},{"taxonomy":"product_tag","embeddable":true,"href":"https:\/\/www.claret.cat\/es\/wp-json\/wp\/v2\/product_tag?post=265094"}],"curies":[{"name":"wp","href":"https:\/\/api.w.org\/{rel}","templated":true}]}}

<p>¡HOLA, AMIGUINDYS!<br /> ¡Qué ilusión me hace que tengáis este libro tan especial en vuestras manos!<br /> ¿Esta´is preparadas para escribir, dibujar, recortar, pegar, destrozar y responder a los tests más alocados?<br /> En este cuaderno encontraréis hasta 100 proyectos creativos para hacer un montón de cosas chulísimas. Las podréis regalar en un cumpleaños o simplemente cuando os apetezca tener un detalle con alguien a quien apreciáis mucho.<br /> Y, sobre todo, espero que al hacerlas se os dispare la imaginación y os entren unas ganas terribles de seguir inventando, dibujando, cocinando, escribiendo, imaginando… Porque estoy convencida de que todos llevamos un artista en nuestro interior.<br /> ¡Da rienda suelta a tu creatividad con El Mundo de Indy!</p>

FORA DE COL.LECCIÓ

Cartoné
