{"id":265340,"date":"2022-12-01T12:26:38","date_gmt":"2022-12-01T11:26:38","guid":{"rendered":"http:\/\/dev.claret.cat\/producte\/estuche-constelacion-vida\/"},"modified":"2023-10-06T07:21:39","modified_gmt":"2023-10-06T05:21:39","slug":"estuche-constelacion-vida-9788419466099","status":"publish","type":"product","link":"https:\/\/www.claret.cat\/es\/libro\/estuche-constelacion-vida-9788419466099\/","title":{"rendered":"ESTUCHE CONSTELACI\u00d3N VIDA"},"content":{"rendered":"<p>Todo empez\u00f3 en 2015 en una casa de campo. La vida era una verbena, o al menos esa era la intenci\u00f3n:\u00a0entre amores, fiestas y copas\u2026 Luego, en 2018, toc\u00f3 emprender y criar: un caos de vida pero\u00a0sin perder nunca la alegr\u00eda ni las ganas de seguir adelante. Hasta que el duelo lleg\u00f3 a la familia\u2026 y<br \/>lo que parec\u00eda un desierto termin\u00f3 siendo un duro pero hermoso camino repleto de belleza y amor.<br \/>Esta es la vida seg\u00fan Luc\u00eda Benavente: tres libros ilustrados que te sumergir\u00e1n en el universo de una creadora \u00fanica que nunca deja de sorprendernos, divertirnos, emocionarnos y hacernos\u00a0valorar cada d\u00eda como el regalo que es.<br \/>Un valioso cofre de los tesoros que derrocha creatividad en cada p\u00e1gina y que nos mostrar\u00e1 tambi\u00e9n\u00a0la evoluci\u00f3n art\u00edstica que ha marcado el paso de Luc\u00eda Be a Luc\u00eda Benavente.<\/p>\n","protected":false},"excerpt":{"rendered":"<p>BENAVENTE, LUC\u00cdA<\/p>\n","protected":false},"featured_media":265341,"template":"","meta":{"_acf_changed":false,"om_disable_all_campaigns":false,"rs_blank_template":"","rs_page_bg_color":"","slide_template_v7":"","inline_featured_image":false,"_monsterinsights_skip_tracking":false,"_monsterinsights_sitenote_active":false,"_monsterinsights_sitenote_note":"","_monsterinsights_sitenote_category":0},"product_brand":[],"product_cat":[357],"product_tag":[],"class_list":{"0":"post-265340","1":"product","2":"type-product","3":"status-publish","4":"has-post-thumbnail","6":"product_cat-novela-contemporanea","8":"first","9":"instock","10":"taxable","11":"shipping-taxable","12":"purchasable","13":"product-type-simple"},"acf":{"autor":"BENAVENTE, LUC\u00cdA","codart":"841946609","libros-coleccion":"Ilustraci\u00f3n","ediciones":"1","encuadernacion":"R\u00fastica","fecha_de_publicacion":"01\/11\/2022","novedad":"1","paginas":"480","subtitulo":"","orden":"0","portada":"0","idioma":"spa","editorial":[{"ID":148476,"post_author":"3","post_date":"2022-10-14 11:58:32","post_date_gmt":"2022-10-14 09:58:32","post_content":"","post_title":"Lunwerg Editores","post_excerpt":"","post_status":"publish","comment_status":"closed","ping_status":"closed","post_password":"","post_name":"lunwerg-editores","to_ping":"","pinged":"","post_modified":"2022-10-14 11:58:32","post_modified_gmt":"2022-10-14 09:58:32","post_content_filtered":"","post_parent":0,"guid":"http:\/\/dev.claret.cat\/editorial\/lunwerg-editores\/","menu_order":0,"post_type":"editorial","post_mime_type":"","comment_count":"0","filter":"raw"}],"autores-libros":[{"ID":162577,"post_author":"3","post_date":"2022-10-14 17:32:07","post_date_gmt":"2022-10-14 15:32:07","post_content":"","post_title":"LUC\u00cdA BENAVENTE","post_excerpt":"","post_status":"publish","comment_status":"closed","ping_status":"closed","post_password":"","post_name":"lucia-benavente","to_ping":"","pinged":"","post_modified":"2022-10-14 17:32:07","post_modified_gmt":"2022-10-14 15:32:07","post_content_filtered":"","post_parent":0,"guid":"http:\/\/dev.claret.cat\/autor\/lucia-benavente\/","menu_order":0,"post_type":"autor","post_mime_type":"","comment_count":"0","filter":"raw"}]},"aioseo_notices":[],"_links":{"self":[{"href":"https:\/\/www.claret.cat\/es\/wp-json\/wp\/v2\/product\/265340","targetHints":{"allow":["GET"]}}],"collection":[{"href":"https:\/\/www.claret.cat\/es\/wp-json\/wp\/v2\/product"}],"about":[{"href":"https:\/\/www.claret.cat\/es\/wp-json\/wp\/v2\/types\/product"}],"wp:featuredmedia":[{"embeddable":true,"href":"https:\/\/www.claret.cat\/es\/wp-json\/wp\/v2\/media\/265341"}],"wp:attachment":[{"href":"https:\/\/www.claret.cat\/es\/wp-json\/wp\/v2\/media?parent=265340"}],"wp:term":[{"taxonomy":"product_brand","embeddable":true,"href":"https:\/\/www.claret.cat\/es\/wp-json\/wp\/v2\/product_brand?post=265340"},{"taxonomy":"product_cat","embeddable":true,"href":"https:\/\/www.claret.cat\/es\/wp-json\/wp\/v2\/product_cat?post=265340"},{"taxonomy":"product_tag","embeddable":true,"href":"https:\/\/www.claret.cat\/es\/wp-json\/wp\/v2\/product_tag?post=265340"}],"curies":[{"name":"wp","href":"https:\/\/api.w.org\/{rel}","templated":true}]}}

ESTUCHE CONSTELACIÓN VIDA

<p>Todo empezó en 2015 en una casa de campo. La vida era una verbena, o al menos esa era la intención: entre amores, fiestas y copas… Luego, en 2018, tocó emprender y criar: un caos de vida pero sin perder nunca la alegría ni las ganas de seguir adelante. Hasta que el duelo llegó a la familia… y<br />lo que parecía un desierto terminó siendo un duro pero hermoso camino repleto de belleza y amor.<br />Esta es la vida según Lucía Benavente: tres libros ilustrados que te sumergirán en el universo de una creadora única que nunca deja de sorprendernos, divertirnos, emocionarnos y hacernos valorar cada día como el regalo que es.<br />Un valioso cofre de los tesoros que derrocha creatividad en cada página y que nos mostrará también la evolución artística que ha marcado el paso de Lucía Be a Lucía Benavente.</p>

<p>BENAVENTE, LUCÍA</p>

BENAVENTE, LUCÍA

Ilustración

Rústica

LUCÍA BENAVENTE
