{"id":265388,"date":"2022-12-01T12:27:51","date_gmt":"2022-12-01T11:27:51","guid":{"rendered":"http:\/\/dev.claret.cat\/producte\/resol-el-misteri-4-perill-a-lexcavacio\/"},"modified":"2025-04-07T11:53:50","modified_gmt":"2025-04-07T09:53:50","slug":"resol-el-misteri-4-perill-a-lexcavacio-9788427226203","status":"publish","type":"product","link":"https:\/\/www.claret.cat\/es\/libro\/resol-el-misteri-4-perill-a-lexcavacio-9788427226203\/","title":{"rendered":"RESOL EL MISTERI! 4 &#8211; PERILL A L&#8221;EXCAVACI\u00d3"},"content":{"rendered":"<p>El Carlos, l&#8221;Eliza i el Frank viatgen a l&#8221;excavaci\u00f3 arqueol\u00f2gica d&#8221;unes  catacumbes a Gr\u00e8cia per investigar el robatori d&#8221;unes troballes antigues  de gran valor. Tamb\u00e9 han de protegir el llegendari Collaret d&#8221;Harmonia,  una joia male\u00efda que s&#8221;amaga a una tomba pensada per mantenir els intrusos a ratlla. Nom\u00e9s hi ha set persones amb acc\u00e9s a l&#8221;excavaci\u00f3 de manera que el Carlos  ho hauria de tenir f\u00e0cil per treure el lladre a la llum. Per\u00f2 enfrontat  a uns sospitosos molt h\u00e0bils, unes catacumbes plenes de paranys i un  munt de dilemes impossibles, el Carlos necessita m\u00e9s que mai les teves aptituds detectivesques! TU TRIES QUI INTERROGAR\u00c0S, QUINES PREGUNTES FAR\u00c0S I QUINES PISTES SEGUIR\u00c0S! T&#8221;ATREVEIXES A FER DE DETECTIU? Ja tens tota la col\u00b7lecci\u00f3? Resol m\u00e9s misteris! [4 frontals] Ressenyes:<br \/>\u00abEls lectors s&#8221;obliden del m\u00f3n exterior per acabar-se el llibre d&#8221;una tirada\u00bb.<br \/>Kirkus Reviews \u00abEl format tria la teva aventura hi afegeix un toc divertit, ja  que ofereix al lector diverses possibilitats, com ara decidir amb qui  vol parlar, qu\u00e8 vol investigar o quines pistes vol seguir. Un llibre  alegre i entretingut, ideal per als fans de barrejar el misteri i l&#8221;humor\u00bb.<br \/>School Library Journal \u00abEls personatges s\u00f3n nens aut\u00e8ntics amb preocupacions aut\u00e8ntiques [&#8230;]  i la diversitat d&#8221;opcions implica que la narraci\u00f3 t\u00e9 un to diferent en  cada lectura. Els enigmes es basen en l&#8221;aplicaci\u00f3 de coneixements, de  manera que el lector ha de resoldre les pistes per poder seguir endavant  amb la hist\u00f2ria. Magaziner combina un misteri fascinant, uns personatges  meravellosos i la diversi\u00f3 inherent a les hist\u00f2ries interactives\u00bb.<br \/>Booklist<\/p>\n","protected":false},"excerpt":{"rendered":"<p>MAGAZINER, LAUREN<\/p>\n","protected":false},"featured_media":966260,"template":"","meta":{"_acf_changed":false,"om_disable_all_campaigns":false,"rs_blank_template":"","rs_page_bg_color":"","slide_template_v7":"","inline_featured_image":false,"_monsterinsights_skip_tracking":false,"_monsterinsights_sitenote_active":false,"_monsterinsights_sitenote_note":"","_monsterinsights_sitenote_category":0},"product_brand":[],"product_cat":[132,362],"product_tag":[],"class_list":{"0":"post-265388","1":"product","2":"type-product","3":"status-publish","4":"has-post-thumbnail","6":"product_cat-lectures-per-preadolescents-6-12-anys","7":"product_cat-libros-preadolescentes-6-12-anos","9":"first","10":"instock","11":"taxable","12":"shipping-taxable","13":"purchasable","14":"product-type-simple"},"acf":{"autor":"MAGAZINER, LAUREN","codart":"842722620","libros-coleccion":"FORA DE COL.LECCI\u00d3","ediciones":"1","encuadernacion":"Carton\u00e9","fecha_de_publicacion":"01\/11\/2022","novedad":"1","paginas":"495","subtitulo":"","orden":"0","portada":"0","idioma":"cat","editorial":[{"ID":6346,"post_author":"3","post_date":"2022-07-28 17:50:13","post_date_gmt":"2022-07-28 15:50:13","post_content":"","post_title":"RBA Molino","post_excerpt":"","post_status":"publish","comment_status":"closed","ping_status":"closed","post_password":"","post_name":"rba-molino","to_ping":"","pinged":"","post_modified":"2022-07-28 17:50:13","post_modified_gmt":"2022-07-28 15:50:13","post_content_filtered":"","post_parent":0,"guid":"http:\/\/dev.claret.cat\/editorial\/rba-molino\/","menu_order":0,"post_type":"editorial","post_mime_type":"","comment_count":"0","filter":"raw"}],"autores-libros":[{"ID":263668,"post_author":"3","post_date":"2022-12-01 11:19:37","post_date_gmt":"2022-12-01 10:19:37","post_content":"","post_title":"LAUREN MAGAZINER","post_excerpt":"","post_status":"publish","comment_status":"closed","ping_status":"closed","post_password":"","post_name":"lauren-magaziner","to_ping":"","pinged":"","post_modified":"2022-12-01 11:19:37","post_modified_gmt":"2022-12-01 10:19:37","post_content_filtered":"","post_parent":0,"guid":"http:\/\/dev.claret.cat\/autor\/lauren-magaziner\/","menu_order":0,"post_type":"autor","post_mime_type":"","comment_count":"0","filter":"raw"}]},"aioseo_notices":[],"_links":{"self":[{"href":"https:\/\/www.claret.cat\/es\/wp-json\/wp\/v2\/product\/265388","targetHints":{"allow":["GET"]}}],"collection":[{"href":"https:\/\/www.claret.cat\/es\/wp-json\/wp\/v2\/product"}],"about":[{"href":"https:\/\/www.claret.cat\/es\/wp-json\/wp\/v2\/types\/product"}],"wp:featuredmedia":[{"embeddable":true,"href":"https:\/\/www.claret.cat\/es\/wp-json\/wp\/v2\/media\/966260"}],"wp:attachment":[{"href":"https:\/\/www.claret.cat\/es\/wp-json\/wp\/v2\/media?parent=265388"}],"wp:term":[{"taxonomy":"product_brand","embeddable":true,"href":"https:\/\/www.claret.cat\/es\/wp-json\/wp\/v2\/product_brand?post=265388"},{"taxonomy":"product_cat","embeddable":true,"href":"https:\/\/www.claret.cat\/es\/wp-json\/wp\/v2\/product_cat?post=265388"},{"taxonomy":"product_tag","embeddable":true,"href":"https:\/\/www.claret.cat\/es\/wp-json\/wp\/v2\/product_tag?post=265388"}],"curies":[{"name":"wp","href":"https:\/\/api.w.org\/{rel}","templated":true}]}}

RESOL EL MISTERI! 4 &#8211; PERILL A L&#8221;EXCAVACIÓ

<p>El Carlos, l&#8221;Eliza i el Frank viatgen a l&#8221;excavació arqueològica d&#8221;unes  catacumbes a Grècia per investigar el robatori d&#8221;unes troballes antigues  de gran valor. També han de protegir el llegendari Collaret d&#8221;Harmonia,  una joia maleïda que s&#8221;amaga a una tomba pensada per mantenir els intrusos a ratlla. Només hi ha set persones amb accés a l&#8221;excavació de manera que el Carlos  ho hauria de tenir fàcil per treure el lladre a la llum. Però enfrontat  a uns sospitosos molt hàbils, unes catacumbes plenes de paranys i un  munt de dilemes impossibles, el Carlos necessita més que mai les teves aptituds detectivesques! TU TRIES QUI INTERROGARÀS, QUINES PREGUNTES FARÀS I QUINES PISTES SEGUIRÀS! T&#8221;ATREVEIXES A FER DE DETECTIU? Ja tens tota la col·lecció? Resol més misteris! [4 frontals] Ressenyes:<br />«Els lectors s&#8221;obliden del món exterior per acabar-se el llibre d&#8221;una tirada».<br />Kirkus Reviews «El format tria la teva aventura hi afegeix un toc divertit, ja  que ofereix al lector diverses possibilitats, com ara decidir amb qui  vol parlar, què vol investigar o quines pistes vol seguir. Un llibre  alegre i entretingut, ideal per als fans de barrejar el misteri i l&#8221;humor».<br />School Library Journal «Els personatges són nens autèntics amb preocupacions autèntiques [&#8230;]  i la diversitat d&#8221;opcions implica que la narració té un to diferent en  cada lectura. Els enigmes es basen en l&#8221;aplicació de coneixements, de  manera que el lector ha de resoldre les pistes per poder seguir endavant  amb la història. Magaziner combina un misteri fascinant, uns personatges  meravellosos i la diversió inherent a les històries interactives».<br />Booklist</p>

FORA DE COL.LECCIÓ

Cartoné
