{"id":26615,"date":"2022-10-02T10:47:28","date_gmt":"2022-10-02T08:47:28","guid":{"rendered":"http:\/\/dev.claret.cat\/producte\/para-la-libertad-nos-ha-liberado-cristo-gal-51\/"},"modified":"2023-10-06T09:34:57","modified_gmt":"2023-10-06T07:34:57","slug":"para-la-libertad-nos-ha-liberado-cristo-gal-51-9788412470369","status":"publish","type":"product","link":"https:\/\/www.claret.cat\/es\/libro\/para-la-libertad-nos-ha-liberado-cristo-gal-51-9788412470369\/","title":{"rendered":"&#8216;PARA LA LIBERTAD NOS HA LIBERADO CRISTO&#8217; (GAL 5,1)"},"content":{"rendered":"<p>\u201cLa Comisi\u00f3n Permanente aprob\u00f3 en su reuni\u00f3n del 8 y 9 de marzo la publicaci\u00f3n de una nota doctrinal sobre la objeci\u00f3n de conciencia de la Comisi\u00f3n Episcopal para la Doctrina de la Fe. Desde hace unas d\u00e9cadas estamos asistiendo a un proceso de aprobaci\u00f3n de leyes en las que la vida humana queda gravemente desprotegida. Es un proceso que no ha terminado. A medida que estas leyes se radicalizan, porque los comportamientos que antes estaban despenalizados pasan ahora a considerarse derechos de los ciudadanos, se dificulta la objeci\u00f3n de conciencia de quienes se oponen a colaborar en estas pr\u00e1cticas. La presente nota intenta ofrecer criterios y principios a tener en cuenta para afrontar esta problem\u00e1tica. Se trata de una nota doctrinal porque parte de principios de moral fundamental, como la dignidad de la conciencia, y de Doctrina Social de la Iglesia, como la libertad religiosa y de conciencia, la misi\u00f3n del Estado, la naturaleza de los derechos humanos, etc. El texto ofrece a los cat\u00f3licos el derecho y el deber que tienen de oponerse activamente a realizar aquellas acciones que atentan contra las exigencias de la fe cristiana o sus valores fundamentales. En el marco de la antropolog\u00eda cristiana, el texto que se presenta parte de la doctrina sobre la libertad humana y cristiana, expresada en la enc\u00edclica Veritatis splendor. La libertad humana no se puede separar del respeto a los otros derechos humanos que son universales, inviolables y, por tanto, inseparables entre ellos; derechos que no dependen de la voluntad de los gobernantes, sino que derivan de la dignidad humana y del hecho de que el ser humano ha sido creado por Dios. En la cultura actual, los derechos personales no son vistos l\u00edmites que el Estado no puede traspasar en su relaci\u00f3n con las personas, sino como expresi\u00f3n de los propios deseos subjetivos. Por ello, actualmente muchos cat\u00f3licos viven en conflicto entre lo que las leyes promueven y sus propias convicciones morales. El texto se\u00f1ala c\u00f3mo el derecho a la libertad religiosa y de conciencia es un derecho fundamental que puede servir como indicador del verdadero respeto a todos los derechos humanos. La dignidad de la conciencia humana exige que sus decisiones se inspiren siempre en unos principios b\u00e1sicos de moralidad que tienen un valor universal. Principios como la obligaci\u00f3n que todo ser humano tiene de buscar la verdad y el bien; de hacer lo que sabe que es justo y recto; de tratar a los dem\u00e1s como le gustar\u00eda que lo tratasen a \u00e9l; de no hacer a los otros lo que no le gustar\u00eda que no le hicieran; de hacer el bien y evitar el mal, etc. Por su parte, la misi\u00f3n del Estado debe respetar la autonom\u00eda y la libertad de las personas, el principio de subsidiariedad y sus l\u00edmites en el ejercicio del poder. Cuando los poderes p\u00fablicos se erigen en difusores de una determinada ideolog\u00eda o en promotores de ciertos valores morales que son opinables, est\u00e1n traspasando el l\u00edmite de su misi\u00f3n. Tambi\u00e9n la objeci\u00f3n de conciencia tiene sus limitaciones: no se puede objetar a cualquier ley, sino a aquellas que atentan contra elementos esenciales de la propia religi\u00f3n o las que minan los fundamentos de la dignidad humana y de la convivencia basada en la justicia. El deber del Estado de reconocer este derecho y no discriminar a quienes lo ejercen es paralelo a la obligaci\u00f3n de los cristianos de evitar cualquier tipo de cooperaci\u00f3n material o formal directa con aquellos actos que atentan contra el derecho a la vida, y cualquier acci\u00f3n que pueda ser interpretada como cooperaci\u00f3n, aunque sea indirecta, o aprobaci\u00f3n de estos actos. El documento concluye con un apartado titulado \u201cLa libertad cristiana\u201d. Lo que muchas veces humanamente parece imposible, por la gracia de Dios es posible para quien vive una existencia cristiana aut\u00e9ntica en la fe, la esperanza y la caridad, esto es en la libertad, porque quien est\u00e1 unido a Cristo no se deja vencer por el miedo ante la presi\u00f3n de una cultura que oscurece los valores que dignifican al ser humano\u201d.<\/p>\n","protected":false},"excerpt":{"rendered":"<p>COMISI\u00d3N EPISCOPAL PARA LA DOCTRINA DE LA FE DE LA CONFERENCIA EPISCOPAL ESPA\u00d1O<\/p>\n","protected":false},"featured_media":52801,"template":"","meta":{"_acf_changed":false,"om_disable_all_campaigns":false,"rs_blank_template":"","rs_page_bg_color":"","slide_template_v7":"","inline_featured_image":false,"_monsterinsights_skip_tracking":false,"_monsterinsights_sitenote_active":false,"_monsterinsights_sitenote_note":"","_monsterinsights_sitenote_category":0},"product_brand":[],"product_cat":[508,514],"product_tag":[],"class_list":{"0":"post-26615","1":"product","2":"type-product","3":"status-publish","4":"has-post-thumbnail","6":"product_cat-misterio-de-dios","7":"product_cat-moral-fundamental","9":"first","10":"instock","11":"taxable","12":"shipping-taxable","13":"purchasable","14":"product-type-simple"},"acf":{"autor":"COMISI\u00d3N EPISCOPAL PARA LA DOCTRINA DE LA FE DE LA CONFERENCIA EPISCOPAL ESPA\u00d1O","codart":"841247036","libros-coleccion":"FORA DE COL.LECCI\u00d3","ediciones":"1","encuadernacion":"R\u00fastica","fecha_de_publicacion":"01\/04\/2022","novedad":"1","paginas":"28","subtitulo":"NOTA DOCTRINAL SOBRE LA OBJECI\u00d3N DE CONCIENCIA","orden":"0","portada":"0","idioma":"spa","editorial":[{"ID":148593,"post_author":"3","post_date":"2022-10-14 11:59:27","post_date_gmt":"2022-10-14 09:59:27","post_content":"","post_title":"NUEVO INICIO","post_excerpt":"","post_status":"publish","comment_status":"closed","ping_status":"closed","post_password":"","post_name":"nuevo-inicio","to_ping":"","pinged":"","post_modified":"2022-10-14 11:59:27","post_modified_gmt":"2022-10-14 09:59:27","post_content_filtered":"","post_parent":0,"guid":"http:\/\/dev.claret.cat\/editorial\/nuevo-inicio\/","menu_order":0,"post_type":"editorial","post_mime_type":"","comment_count":"0","filter":"raw"}],"autores-libros":[{"ID":153177,"post_author":"3","post_date":"2022-10-14 14:54:41","post_date_gmt":"2022-10-14 12:54:41","post_content":"","post_title":"COMISI\u00d3N EPISCOPAL PARA LA DOCTRINA DE LA FE DE LA CONFERENCIA EPISCOPAL ESPA\u00d1O","post_excerpt":"","post_status":"publish","comment_status":"closed","ping_status":"closed","post_password":"","post_name":"comision-episcopal-para-la-doctrina-de-la-fe-de-la-conferencia-episcopal-espano","to_ping":"","pinged":"","post_modified":"2022-10-14 14:54:41","post_modified_gmt":"2022-10-14 12:54:41","post_content_filtered":"","post_parent":0,"guid":"http:\/\/dev.claret.cat\/autor\/comision-episcopal-para-la-doctrina-de-la-fe-de-la-conferencia-episcopal-espano\/","menu_order":0,"post_type":"autor","post_mime_type":"","comment_count":"0","filter":"raw"}]},"aioseo_notices":[],"_links":{"self":[{"href":"https:\/\/www.claret.cat\/es\/wp-json\/wp\/v2\/product\/26615","targetHints":{"allow":["GET"]}}],"collection":[{"href":"https:\/\/www.claret.cat\/es\/wp-json\/wp\/v2\/product"}],"about":[{"href":"https:\/\/www.claret.cat\/es\/wp-json\/wp\/v2\/types\/product"}],"wp:featuredmedia":[{"embeddable":true,"href":"https:\/\/www.claret.cat\/es\/wp-json\/wp\/v2\/media\/52801"}],"wp:attachment":[{"href":"https:\/\/www.claret.cat\/es\/wp-json\/wp\/v2\/media?parent=26615"}],"wp:term":[{"taxonomy":"product_brand","embeddable":true,"href":"https:\/\/www.claret.cat\/es\/wp-json\/wp\/v2\/product_brand?post=26615"},{"taxonomy":"product_cat","embeddable":true,"href":"https:\/\/www.claret.cat\/es\/wp-json\/wp\/v2\/product_cat?post=26615"},{"taxonomy":"product_tag","embeddable":true,"href":"https:\/\/www.claret.cat\/es\/wp-json\/wp\/v2\/product_tag?post=26615"}],"curies":[{"name":"wp","href":"https:\/\/api.w.org\/{rel}","templated":true}]}}

<p>“La Comisión Permanente aprobó en su reunión del 8 y 9 de marzo la publicación de una nota doctrinal sobre la objeción de conciencia de la Comisión Episcopal para la Doctrina de la Fe. Desde hace unas décadas estamos asistiendo a un proceso de aprobación de leyes en las que la vida humana queda gravemente desprotegida. Es un proceso que no ha terminado. A medida que estas leyes se radicalizan, porque los comportamientos que antes estaban despenalizados pasan ahora a considerarse derechos de los ciudadanos, se dificulta la objeción de conciencia de quienes se oponen a colaborar en estas prácticas. La presente nota intenta ofrecer criterios y principios a tener en cuenta para afrontar esta problemática. Se trata de una nota doctrinal porque parte de principios de moral fundamental, como la dignidad de la conciencia, y de Doctrina Social de la Iglesia, como la libertad religiosa y de conciencia, la misión del Estado, la naturaleza de los derechos humanos, etc. El texto ofrece a los católicos el derecho y el deber que tienen de oponerse activamente a realizar aquellas acciones que atentan contra las exigencias de la fe cristiana o sus valores fundamentales. En el marco de la antropología cristiana, el texto que se presenta parte de la doctrina sobre la libertad humana y cristiana, expresada en la encíclica Veritatis splendor. La libertad humana no se puede separar del respeto a los otros derechos humanos que son universales, inviolables y, por tanto, inseparables entre ellos; derechos que no dependen de la voluntad de los gobernantes, sino que derivan de la dignidad humana y del hecho de que el ser humano ha sido creado por Dios. En la cultura actual, los derechos personales no son vistos límites que el Estado no puede traspasar en su relación con las personas, sino como expresión de los propios deseos subjetivos. Por ello, actualmente muchos católicos viven en conflicto entre lo que las leyes promueven y sus propias convicciones morales. El texto señala cómo el derecho a la libertad religiosa y de conciencia es un derecho fundamental que puede servir como indicador del verdadero respeto a todos los derechos humanos. La dignidad de la conciencia humana exige que sus decisiones se inspiren siempre en unos principios básicos de moralidad que tienen un valor universal. Principios como la obligación que todo ser humano tiene de buscar la verdad y el bien; de hacer lo que sabe que es justo y recto; de tratar a los demás como le gustaría que lo tratasen a él; de no hacer a los otros lo que no le gustaría que no le hicieran; de hacer el bien y evitar el mal, etc. Por su parte, la misión del Estado debe respetar la autonomía y la libertad de las personas, el principio de subsidiariedad y sus límites en el ejercicio del poder. Cuando los poderes públicos se erigen en difusores de una determinada ideología o en promotores de ciertos valores morales que son opinables, están traspasando el límite de su misión. También la objeción de conciencia tiene sus limitaciones: no se puede objetar a cualquier ley, sino a aquellas que atentan contra elementos esenciales de la propia religión o las que minan los fundamentos de la dignidad humana y de la convivencia basada en la justicia. El deber del Estado de reconocer este derecho y no discriminar a quienes lo ejercen es paralelo a la obligación de los cristianos de evitar cualquier tipo de cooperación material o formal directa con aquellos actos que atentan contra el derecho a la vida, y cualquier acción que pueda ser interpretada como cooperación, aunque sea indirecta, o aprobación de estos actos. El documento concluye con un apartado titulado “La libertad cristiana”. Lo que muchas veces humanamente parece imposible, por la gracia de Dios es posible para quien vive una existencia cristiana auténtica en la fe, la esperanza y la caridad, esto es en la libertad, porque quien está unido a Cristo no se deja vencer por el miedo ante la presión de una cultura que oscurece los valores que dignifican al ser humano”.</p>

<p>COMISIÓN EPISCOPAL PARA LA DOCTRINA DE LA FE DE LA CONFERENCIA EPISCOPAL ESPAÑO</p>

COMISIÓN EPISCOPAL PARA LA DOCTRINA DE LA FE DE LA CONFERENCIA EPISCOPAL ESPAÑO

FORA DE COL.LECCIÓ

Rústica

NOTA DOCTRINAL SOBRE LA OBJECIÓN DE CONCIENCIA
