{"id":266662,"date":"2022-12-01T13:00:07","date_gmt":"2022-12-01T12:00:07","guid":{"rendered":"http:\/\/dev.claret.cat\/producte\/codi-de-dret-canonic-nova-edicio-actualitzada\/"},"modified":"2025-11-25T12:40:12","modified_gmt":"2025-11-25T11:40:12","slug":"codi-de-dret-canonic-nova-edicio-actualitzada-9788412499049","status":"publish","type":"product","link":"https:\/\/www.claret.cat\/es\/libro\/codi-de-dret-canonic-nova-edicio-actualitzada-9788412499049\/","title":{"rendered":"CODI DE DRET CAN\u00d2NIC. NOVA EDICI\u00d3 ACTUALITZADA"},"content":{"rendered":"<p>El Dret can\u00f2nic \u00e9s l&#8217;ordenament jur\u00eddic de l&#8217;Esgl\u00e9sia Cat\u00f2lica. La seva principal font \u00e9s el Codi de Dret Can\u00f2nic, promulgat pel Papa Joan Pau II l&#8217;any 1983. Aquest Codi \u00e9s el cos legislatiu universal vigent per a l&#8217;Esgl\u00e9sia Cat\u00f2lica llatina o occidental (com el Codi de C\u00e0nons de les Esgl\u00e9sies Orientals, de 1990, ho \u00e9s per a aquestes).<br \/>La present edici\u00f3 ha estat corregida respecte a l&#8217;edici\u00f3 original, i actualitzada tot incloent les diverses modificacions que els Pont\u00edfexs Romans han anat introduint des de la seva promulgaci\u00f3, inclosa la modificaci\u00f3 completa del Dret penal de l&#8217;Esgl\u00e9sia al Llibre VI del Codi (2021). Aix\u00ed mateix, s&#8217;han incl\u00f2s com anneces altes lleis can\u00f2niques importants.<\/p>\n","protected":false},"excerpt":{"rendered":"<p>BUENO, SANTIAGO &#8211; (CPL)<\/p>\n","protected":false},"featured_media":1023214,"template":"","meta":{"_acf_changed":false,"om_disable_all_campaigns":false,"rs_blank_template":"","rs_page_bg_color":"","slide_template_v7":"","inline_featured_image":false,"_monsterinsights_skip_tracking":false,"_monsterinsights_sitenote_active":false,"_monsterinsights_sitenote_note":"","_monsterinsights_sitenote_category":0},"product_brand":[],"product_cat":[519,518,293,292],"product_tag":[],"class_list":{"0":"post-266662","1":"product","2":"type-product","3":"status-publish","4":"has-post-thumbnail","6":"product_cat-derecho-canonico-eclesial","7":"product_cat-derecho-canonico-en-general","8":"product_cat-dret-canonic-eclesial","9":"product_cat-dret-canonic-en-general","11":"first","12":"instock","13":"taxable","14":"shipping-taxable","15":"purchasable","16":"product-type-simple"},"acf":{"autor":"BUENO, SANTIAGO - (CPL)","codart":"841249904","libros-coleccion":"","ediciones":"1","encuadernacion":"R\u00fastica","fecha_de_publicacion":"25\/10\/2022","novedad":"1","paginas":"1174","subtitulo":"NOVA EDICI\u00d3 ACTUALITZADA - CPL","orden":"0","portada":"0","idioma":"cat","editorial":[{"ID":6172,"post_author":"3","post_date":"2022-07-28 17:46:27","post_date_gmt":"2022-07-28 15:46:27","post_content":"","post_title":"CPL","post_excerpt":"","post_status":"publish","comment_status":"closed","ping_status":"closed","post_password":"","post_name":"cpl","to_ping":"","pinged":"","post_modified":"2022-07-28 17:46:27","post_modified_gmt":"2022-07-28 15:46:27","post_content_filtered":"","post_parent":0,"guid":"http:\/\/dev.claret.cat\/editorial\/cpl\/","menu_order":0,"post_type":"editorial","post_mime_type":"","comment_count":"0","filter":"raw"}],"autores-libros":[{"ID":263886,"post_author":"3","post_date":"2022-12-01 11:21:45","post_date_gmt":"2022-12-01 10:21:45","post_content":"","post_title":"SANTIAGO - (CPL) BUENO","post_excerpt":"","post_status":"publish","comment_status":"closed","ping_status":"closed","post_password":"","post_name":"santiago-cpl-bueno","to_ping":"","pinged":"","post_modified":"2022-12-01 11:21:45","post_modified_gmt":"2022-12-01 10:21:45","post_content_filtered":"","post_parent":0,"guid":"http:\/\/dev.claret.cat\/autor\/santiago-cpl-bueno\/","menu_order":0,"post_type":"autor","post_mime_type":"","comment_count":"0","filter":"raw"}],"booktrailer":"","resenas":""},"aioseo_notices":[],"_links":{"self":[{"href":"https:\/\/www.claret.cat\/es\/wp-json\/wp\/v2\/product\/266662","targetHints":{"allow":["GET"]}}],"collection":[{"href":"https:\/\/www.claret.cat\/es\/wp-json\/wp\/v2\/product"}],"about":[{"href":"https:\/\/www.claret.cat\/es\/wp-json\/wp\/v2\/types\/product"}],"wp:featuredmedia":[{"embeddable":true,"href":"https:\/\/www.claret.cat\/es\/wp-json\/wp\/v2\/media\/1023214"}],"wp:attachment":[{"href":"https:\/\/www.claret.cat\/es\/wp-json\/wp\/v2\/media?parent=266662"}],"wp:term":[{"taxonomy":"product_brand","embeddable":true,"href":"https:\/\/www.claret.cat\/es\/wp-json\/wp\/v2\/product_brand?post=266662"},{"taxonomy":"product_cat","embeddable":true,"href":"https:\/\/www.claret.cat\/es\/wp-json\/wp\/v2\/product_cat?post=266662"},{"taxonomy":"product_tag","embeddable":true,"href":"https:\/\/www.claret.cat\/es\/wp-json\/wp\/v2\/product_tag?post=266662"}],"curies":[{"name":"wp","href":"https:\/\/api.w.org\/{rel}","templated":true}]}}

CODI DE DRET CANÒNIC. NOVA EDICIÓ ACTUALITZADA

<p>El Dret canònic és l&#8217;ordenament jurídic de l&#8217;Església Catòlica. La seva principal font és el Codi de Dret Canònic, promulgat pel Papa Joan Pau II l&#8217;any 1983. Aquest Codi és el cos legislatiu universal vigent per a l&#8217;Església Catòlica llatina o occidental (com el Codi de Cànons de les Esglésies Orientals, de 1990, ho és per a aquestes).<br />La present edició ha estat corregida respecte a l&#8217;edició original, i actualitzada tot incloent les diverses modificacions que els Pontífexs Romans han anat introduint des de la seva promulgació, inclosa la modificació completa del Dret penal de l&#8217;Església al Llibre VI del Codi (2021). Així mateix, s&#8217;han inclòs com anneces altes lleis canòniques importants.</p>

Rústica

NOVA EDICIÓ ACTUALITZADA - CPL
