{"id":266725,"date":"2022-12-01T13:01:40","date_gmt":"2022-12-01T12:01:40","guid":{"rendered":"http:\/\/dev.claret.cat\/producte\/historia-de-la-cuina-catalana-i-occitana-volum-5\/"},"modified":"2023-10-06T07:30:21","modified_gmt":"2023-10-06T05:30:21","slug":"historia-de-la-cuina-catalana-i-occitana-volum-5-9788412574708","status":"publish","type":"product","link":"https:\/\/www.claret.cat\/es\/libro\/historia-de-la-cuina-catalana-i-occitana-volum-5-9788412574708\/","title":{"rendered":"HIST\u00d2RIA DE LA CUINA CATALANA I OCCITANA. VOLUM 5"},"content":{"rendered":"<p>Les cuines catalana i occitana s\u00f3n cuines germanes. Les relacions hist\u00f2riques,<br \/> ling\u00fc\u00edstiques i culturals entre els antics regnes, comtats, regions i comarques<br \/> d&#8217;aquests dos grans territoris, aix\u00ed com el fet de viure en unes terres amb un<br \/> passat i unes condicions clim\u00e0tiques semblants han propiciat l&#8217;exist\u00e8ncia d&#8217;una de<br \/> les millors cuines del m\u00f3n, amb un car\u00e0cter i unes particularitats tan destacades<br \/> que des de la mateixa edat mitjana es va reivindicar en diferents receptaris i<br \/> manuals on es compilava i es preservava. Vicent Marqu\u00e9s ha dedicat la seva vida<br \/> a compendiar la hist\u00f2ria d&#8217;aquesta cuina. En aquest cinqu\u00e8 volum ens ofereix<br \/> centenars de monografies i de receptes de bacall\u00e0, de carn i de menuts. Marqu\u00e9s<br \/> no nom\u00e9s ens explica les receptes, sin\u00f3 tamb\u00e9 el recorregut hist\u00f2ric, filol\u00f2gic,<br \/> literari i cultural d&#8217;uns plats que conformen el corpus de la cuina que compartim<br \/> la gent dels Pa\u00efsos Catalans i Occit\u00e0nia.<br \/> \u00abAix\u00f2 \u00e9s una obra d&#8217;art\u00bb, Ferran Adri\u00e0<br \/> \u00abUna obra magna\u00bb, Xavier Graset<br \/> \u00abAquest \u00e9s un llibre molt important i el comen\u00e7ament d&#8217;una s\u00e8rie molt<br \/> important\u00bb, Colman Andrews<br \/> El segon volum, dedicat a les olles i les verdures, va mer\u00e8ixer el premi<br \/> Best of the World als Gourmand World Cookbook Awards<\/p>\n","protected":false},"excerpt":{"rendered":"<p>MARQU\u00c9S, VICENT<\/p>\n","protected":false},"featured_media":316477,"template":"","meta":{"_acf_changed":false,"om_disable_all_campaigns":false,"rs_blank_template":"","rs_page_bg_color":"","slide_template_v7":"","inline_featured_image":false,"_monsterinsights_skip_tracking":false,"_monsterinsights_sitenote_active":false,"_monsterinsights_sitenote_note":"","_monsterinsights_sitenote_category":0},"product_brand":[],"product_cat":[103],"product_tag":[],"class_list":{"0":"post-266725","1":"product","2":"type-product","3":"status-publish","4":"has-post-thumbnail","6":"product_cat-cuina","8":"first","9":"instock","10":"taxable","11":"shipping-taxable","12":"purchasable","13":"product-type-simple"},"acf":{"autor":"MARQU\u00c9S, VICENT","codart":"841257470","libros-coleccion":"Hist\u00f2ria de la cuina","ediciones":"1","encuadernacion":"Carton\u00e9","fecha_de_publicacion":"01\/10\/2022","novedad":"1","paginas":"912","subtitulo":"EL BACALL\u00c0 \u00b7 LA CARN \u00b7 ELS MENUTS","orden":"0","portada":"0","idioma":"cat","editorial":[{"ID":147894,"post_author":"3","post_date":"2022-10-14 11:54:03","post_date_gmt":"2022-10-14 09:54:03","post_content":"","post_title":"Edicions Sidill\u00e0 SL","post_excerpt":"","post_status":"publish","comment_status":"closed","ping_status":"closed","post_password":"","post_name":"edicions-sidilla-sl","to_ping":"","pinged":"","post_modified":"2022-10-14 11:54:03","post_modified_gmt":"2022-10-14 09:54:03","post_content_filtered":"","post_parent":0,"guid":"http:\/\/dev.claret.cat\/editorial\/edicions-sidilla-sl\/","menu_order":0,"post_type":"editorial","post_mime_type":"","comment_count":"0","filter":"raw"}],"autores-libros":[{"ID":170934,"post_author":"3","post_date":"2022-10-14 22:39:21","post_date_gmt":"2022-10-14 20:39:21","post_content":"","post_title":"VICENT MARQU\u00c9S","post_excerpt":"","post_status":"publish","comment_status":"closed","ping_status":"closed","post_password":"","post_name":"vicent-marques","to_ping":"","pinged":"","post_modified":"2022-10-14 22:39:21","post_modified_gmt":"2022-10-14 20:39:21","post_content_filtered":"","post_parent":0,"guid":"http:\/\/dev.claret.cat\/autor\/vicent-marques\/","menu_order":0,"post_type":"autor","post_mime_type":"","comment_count":"0","filter":"raw"}]},"aioseo_notices":[],"_links":{"self":[{"href":"https:\/\/www.claret.cat\/es\/wp-json\/wp\/v2\/product\/266725","targetHints":{"allow":["GET"]}}],"collection":[{"href":"https:\/\/www.claret.cat\/es\/wp-json\/wp\/v2\/product"}],"about":[{"href":"https:\/\/www.claret.cat\/es\/wp-json\/wp\/v2\/types\/product"}],"wp:featuredmedia":[{"embeddable":true,"href":"https:\/\/www.claret.cat\/es\/wp-json\/wp\/v2\/media\/316477"}],"wp:attachment":[{"href":"https:\/\/www.claret.cat\/es\/wp-json\/wp\/v2\/media?parent=266725"}],"wp:term":[{"taxonomy":"product_brand","embeddable":true,"href":"https:\/\/www.claret.cat\/es\/wp-json\/wp\/v2\/product_brand?post=266725"},{"taxonomy":"product_cat","embeddable":true,"href":"https:\/\/www.claret.cat\/es\/wp-json\/wp\/v2\/product_cat?post=266725"},{"taxonomy":"product_tag","embeddable":true,"href":"https:\/\/www.claret.cat\/es\/wp-json\/wp\/v2\/product_tag?post=266725"}],"curies":[{"name":"wp","href":"https:\/\/api.w.org\/{rel}","templated":true}]}}

HISTÒRIA DE LA CUINA CATALANA I OCCITANA. VOLUM 5

<p>Les cuines catalana i occitana són cuines germanes. Les relacions històriques,<br /> lingüístiques i culturals entre els antics regnes, comtats, regions i comarques<br /> d&#8217;aquests dos grans territoris, així com el fet de viure en unes terres amb un<br /> passat i unes condicions climàtiques semblants han propiciat l&#8217;existència d&#8217;una de<br /> les millors cuines del món, amb un caràcter i unes particularitats tan destacades<br /> que des de la mateixa edat mitjana es va reivindicar en diferents receptaris i<br /> manuals on es compilava i es preservava. Vicent Marqués ha dedicat la seva vida<br /> a compendiar la història d&#8217;aquesta cuina. En aquest cinquè volum ens ofereix<br /> centenars de monografies i de receptes de bacallà, de carn i de menuts. Marqués<br /> no només ens explica les receptes, sinó també el recorregut històric, filològic,<br /> literari i cultural d&#8217;uns plats que conformen el corpus de la cuina que compartim<br /> la gent dels Països Catalans i Occitània.<br /> «Això és una obra d&#8217;art», Ferran Adrià<br /> «Una obra magna», Xavier Graset<br /> «Aquest és un llibre molt important i el començament d&#8217;una sèrie molt<br /> important», Colman Andrews<br /> El segon volum, dedicat a les olles i les verdures, va merèixer el premi<br /> Best of the World als Gourmand World Cookbook Awards</p>

<p>MARQUÉS, VICENT</p>

MARQUÉS, VICENT

Història de la cuina

Cartoné

EL BACALLÀ · LA CARN · ELS MENUTS

Edicions Sidillà SL

VICENT MARQUÉS
