{"id":266905,"date":"2022-12-01T13:06:20","date_gmt":"2022-12-01T12:06:20","guid":{"rendered":"http:\/\/dev.claret.cat\/producte\/el-gran-llibre-de-les-criatures-del-bosc\/"},"modified":"2025-03-28T17:42:16","modified_gmt":"2025-03-28T16:42:16","slug":"el-gran-llibre-de-les-criatures-del-bosc-9788418350887","status":"publish","type":"product","link":"https:\/\/www.claret.cat\/es\/libro\/el-gran-llibre-de-les-criatures-del-bosc-9788418350887\/","title":{"rendered":"EL GRAN LLIBRE DE LES CRIATURES DEL BOSC"},"content":{"rendered":"<p>Acompanya&#8217;ns a la recerca de fades, gnoms, trols, nimfes i altres criatures m\u00e0giques que viuen al bosc.<\/p>\n<p> Amb aquest diari aprendr\u00e0s tots els seus secrets i podr\u00e0s llegir les incre\u00efbles hist\u00f2ries que s&#8217;expliquen arreu del m\u00f3n sobre elles.<br \/> Prepara&#8217;t per emocionar-te, riure, i tamb\u00e9 per tapar-te el nas (s\u00ed, no totes les criatures del bosc fan olor de roses!).<\/p>\n<p> Per\u00f2 el m\u00e9s important, prepara&#8217;t per viure moltes sorpreses!<\/p>\n<p> Est\u00e0s preparat per coneixe&#8217;ls?<\/p>\n<p> Posa&#8217;t c\u00f2mode, obre el llibre i endinsa&#8217;t amb nosaltres al bosc encantat!<\/p>\n","protected":false},"excerpt":{"rendered":"<p>L\u00c1NG, ANNA<\/p>\n","protected":false},"featured_media":1015113,"template":"","meta":{"_acf_changed":false,"om_disable_all_campaigns":false,"rs_blank_template":"","rs_page_bg_color":"","slide_template_v7":"","inline_featured_image":false,"_monsterinsights_skip_tracking":false,"_monsterinsights_sitenote_active":false,"_monsterinsights_sitenote_note":"","_monsterinsights_sitenote_category":0},"product_brand":[],"product_cat":[132,362],"product_tag":[],"class_list":{"0":"post-266905","1":"product","2":"type-product","3":"status-publish","4":"has-post-thumbnail","6":"product_cat-lectures-per-preadolescents-6-12-anys","7":"product_cat-libros-preadolescentes-6-12-anos","9":"first","10":"instock","11":"taxable","12":"shipping-taxable","13":"purchasable","14":"product-type-simple"},"acf":{"autor":"L\u00c1NG, ANNA","codart":"841835088","libros-coleccion":"","ediciones":"1","encuadernacion":"R\u00fastica","fecha_de_publicacion":"01\/10\/2022","novedad":"1","paginas":"64","subtitulo":"","orden":"0","portada":"0","idioma":"cat","editorial":[{"ID":147888,"post_author":"3","post_date":"2022-10-14 11:54:00","post_date_gmt":"2022-10-14 09:54:00","post_content":"","post_title":"Edicions Llibreria Universit\u00e0ria de Barc","post_excerpt":"","post_status":"publish","comment_status":"closed","ping_status":"closed","post_password":"","post_name":"edicions-llibreria-universitaria-de-barc","to_ping":"","pinged":"","post_modified":"2022-10-14 11:54:00","post_modified_gmt":"2022-10-14 09:54:00","post_content_filtered":"","post_parent":0,"guid":"http:\/\/dev.claret.cat\/editorial\/edicions-llibreria-universitaria-de-barc\/","menu_order":0,"post_type":"editorial","post_mime_type":"","comment_count":"0","filter":"raw"}],"autores-libros":[{"ID":150597,"post_author":"3","post_date":"2022-10-14 14:34:14","post_date_gmt":"2022-10-14 12:34:14","post_content":"","post_title":"ANNA LANG","post_excerpt":"","post_status":"publish","comment_status":"closed","ping_status":"closed","post_password":"","post_name":"anna-lang","to_ping":"","pinged":"","post_modified":"2022-10-14 14:34:14","post_modified_gmt":"2022-10-14 12:34:14","post_content_filtered":"","post_parent":0,"guid":"http:\/\/dev.claret.cat\/autor\/anna-lang\/","menu_order":0,"post_type":"autor","post_mime_type":"","comment_count":"0","filter":"raw"}]},"aioseo_notices":[],"_links":{"self":[{"href":"https:\/\/www.claret.cat\/es\/wp-json\/wp\/v2\/product\/266905","targetHints":{"allow":["GET"]}}],"collection":[{"href":"https:\/\/www.claret.cat\/es\/wp-json\/wp\/v2\/product"}],"about":[{"href":"https:\/\/www.claret.cat\/es\/wp-json\/wp\/v2\/types\/product"}],"wp:featuredmedia":[{"embeddable":true,"href":"https:\/\/www.claret.cat\/es\/wp-json\/wp\/v2\/media\/1015113"}],"wp:attachment":[{"href":"https:\/\/www.claret.cat\/es\/wp-json\/wp\/v2\/media?parent=266905"}],"wp:term":[{"taxonomy":"product_brand","embeddable":true,"href":"https:\/\/www.claret.cat\/es\/wp-json\/wp\/v2\/product_brand?post=266905"},{"taxonomy":"product_cat","embeddable":true,"href":"https:\/\/www.claret.cat\/es\/wp-json\/wp\/v2\/product_cat?post=266905"},{"taxonomy":"product_tag","embeddable":true,"href":"https:\/\/www.claret.cat\/es\/wp-json\/wp\/v2\/product_tag?post=266905"}],"curies":[{"name":"wp","href":"https:\/\/api.w.org\/{rel}","templated":true}]}}

<p>Acompanya&#8217;ns a la recerca de fades, gnoms, trols, nimfes i altres criatures màgiques que viuen al bosc.</p>
<p> Amb aquest diari aprendràs tots els seus secrets i podràs llegir les increïbles històries que s&#8217;expliquen arreu del món sobre elles.<br /> Prepara&#8217;t per emocionar-te, riure, i també per tapar-te el nas (sí, no totes les criatures del bosc fan olor de roses!).</p>
<p> Però el més important, prepara&#8217;t per viure moltes sorpreses!</p>
<p> Estàs preparat per coneixe&#8217;ls?</p>
<p> Posa&#8217;t còmode, obre el llibre i endinsa&#8217;t amb nosaltres al bosc encantat!</p>

<p>LÁNG, ANNA</p>

LÁNG, ANNA

Rústica

Edicions Llibreria Universitària de Barc
