{"id":267613,"date":"2022-12-01T13:24:01","date_gmt":"2022-12-01T12:24:01","guid":{"rendered":"http:\/\/dev.claret.cat\/producte\/cartas-a-los-corrientes\/"},"modified":"2025-11-26T16:33:40","modified_gmt":"2025-11-26T15:33:40","slug":"cartas-a-los-corrientes-9788412557312","status":"publish","type":"product","link":"https:\/\/www.claret.cat\/es\/libro\/cartas-a-los-corrientes-9788412557312\/","title":{"rendered":"CARTAS A LOS CORRIENTES"},"content":{"rendered":"<p>\u201cCartas a los Corrientes\u201d son invitaciones a los cristianos <br \/> de hoy a caminar y crecer como verdaderos disc\u00edpulos de <br \/> Jes\u00fas, al igual que lo fueron las ep\u00edstolas que los ap\u00f3stoles <br \/> escribieron a las primeras comunidades cristianas <br \/> nacientes. <br \/> Estas cartas nos animan a aspirar a la santidad, como <br \/> llamada que Dios hace a todo creyente sin excepci\u00f3n: \u201cSed <br \/> para m\u00ed santos como yo el Se\u00f1or soy santo\u201d. En palabras <br \/> del autor, \u201cTodos los \u2018corrientes&#8221; en la vida cristiana, <br \/> sabemos que la vida espiritual es una posibilidad para <br \/> todos; y sabemos que es una llamada que, entre otras <br \/> cosas, apunta a la felicidad\u201d. <br \/> Entre esas cartas, encontramos textos, reflexiones y <br \/> oraciones que nos estimulan a seguir al Resucitado en <br \/> toda circunstancia, en alegr\u00edas, desiertos y sufrimientos de <br \/> la vida; siempre abiertos a la novedad de su Esp\u00edritu.<\/p>\n","protected":false},"excerpt":{"rendered":"<p>PADRE CHALO<\/p>\n","protected":false},"featured_media":275589,"template":"","meta":{"_acf_changed":false,"om_disable_all_campaigns":false,"rs_blank_template":"","rs_page_bg_color":"","slide_template_v7":"","inline_featured_image":false,"_monsterinsights_skip_tracking":false,"_monsterinsights_sitenote_active":false,"_monsterinsights_sitenote_note":"","_monsterinsights_sitenote_category":0},"product_brand":[],"product_cat":[468,207],"product_tag":[],"class_list":{"0":"post-267613","1":"product","2":"type-product","3":"status-publish","4":"has-post-thumbnail","6":"product_cat-epistolas-catolicas","7":"product_cat-epistoles-catoliques","9":"first","10":"instock","11":"taxable","12":"shipping-taxable","13":"purchasable","14":"product-type-simple"},"acf":{"autor":"PADRE CHALO","codart":"841255731","libros-coleccion":"","ediciones":"1","encuadernacion":"R\u00fastica","fecha_de_publicacion":"01\/10\/2022","novedad":"1","paginas":"169","subtitulo":"","orden":"0","portada":"0","idioma":"spa","editorial":[{"ID":148436,"post_author":"3","post_date":"2022-10-14 11:58:14","post_date_gmt":"2022-10-14 09:58:14","post_content":"","post_title":"Libros Libres","post_excerpt":"","post_status":"publish","comment_status":"closed","ping_status":"closed","post_password":"","post_name":"libros-libres","to_ping":"","pinged":"","post_modified":"2022-10-14 11:58:14","post_modified_gmt":"2022-10-14 09:58:14","post_content_filtered":"","post_parent":0,"guid":"http:\/\/dev.claret.cat\/editorial\/libros-libres\/","menu_order":0,"post_type":"editorial","post_mime_type":"","comment_count":"0","filter":"raw"}],"autores-libros":[{"ID":263809,"post_author":"3","post_date":"2022-12-01 11:20:59","post_date_gmt":"2022-12-01 10:20:59","post_content":"","post_title":"PADRE CHALO","post_excerpt":"","post_status":"publish","comment_status":"closed","ping_status":"closed","post_password":"","post_name":"padre-chalo","to_ping":"","pinged":"","post_modified":"2022-12-01 11:20:59","post_modified_gmt":"2022-12-01 10:20:59","post_content_filtered":"","post_parent":0,"guid":"http:\/\/dev.claret.cat\/autor\/padre-chalo\/","menu_order":0,"post_type":"autor","post_mime_type":"","comment_count":"0","filter":"raw"}],"booktrailer":"","resenas":""},"aioseo_notices":[],"_links":{"self":[{"href":"https:\/\/www.claret.cat\/es\/wp-json\/wp\/v2\/product\/267613","targetHints":{"allow":["GET"]}}],"collection":[{"href":"https:\/\/www.claret.cat\/es\/wp-json\/wp\/v2\/product"}],"about":[{"href":"https:\/\/www.claret.cat\/es\/wp-json\/wp\/v2\/types\/product"}],"wp:featuredmedia":[{"embeddable":true,"href":"https:\/\/www.claret.cat\/es\/wp-json\/wp\/v2\/media\/275589"}],"wp:attachment":[{"href":"https:\/\/www.claret.cat\/es\/wp-json\/wp\/v2\/media?parent=267613"}],"wp:term":[{"taxonomy":"product_brand","embeddable":true,"href":"https:\/\/www.claret.cat\/es\/wp-json\/wp\/v2\/product_brand?post=267613"},{"taxonomy":"product_cat","embeddable":true,"href":"https:\/\/www.claret.cat\/es\/wp-json\/wp\/v2\/product_cat?post=267613"},{"taxonomy":"product_tag","embeddable":true,"href":"https:\/\/www.claret.cat\/es\/wp-json\/wp\/v2\/product_tag?post=267613"}],"curies":[{"name":"wp","href":"https:\/\/api.w.org\/{rel}","templated":true}]}}

<p>“Cartas a los Corrientes” son invitaciones a los cristianos <br /> de hoy a caminar y crecer como verdaderos discípulos de <br /> Jesús, al igual que lo fueron las epístolas que los apóstoles <br /> escribieron a las primeras comunidades cristianas <br /> nacientes. <br /> Estas cartas nos animan a aspirar a la santidad, como <br /> llamada que Dios hace a todo creyente sin excepción: “Sed <br /> para mí santos como yo el Señor soy santo”. En palabras <br /> del autor, “Todos los ‘corrientes&#8221; en la vida cristiana, <br /> sabemos que la vida espiritual es una posibilidad para <br /> todos; y sabemos que es una llamada que, entre otras <br /> cosas, apunta a la felicidad”. <br /> Entre esas cartas, encontramos textos, reflexiones y <br /> oraciones que nos estimulan a seguir al Resucitado en <br /> toda circunstancia, en alegrías, desiertos y sufrimientos de <br /> la vida; siempre abiertos a la novedad de su Espíritu.</p>

Rústica
