{"id":267958,"date":"2022-12-01T13:32:55","date_gmt":"2022-12-01T12:32:55","guid":{"rendered":"http:\/\/dev.claret.cat\/producte\/gustau-el-fantasma-timid\/"},"modified":"2025-10-09T17:35:43","modified_gmt":"2025-10-09T15:35:43","slug":"gustau-el-fantasma-timid-9788447948932","status":"publish","type":"product","link":"https:\/\/www.claret.cat\/es\/libro\/gustau-el-fantasma-timid-9788447948932\/","title":{"rendered":"GUSTAU, EL FANTASMA T\u00cdMID"},"content":{"rendered":"<p>En Gustau \u00e9s un fantasma t\u00edmid que el que m\u00e9s desitja \u00e9s tenir amics. Per aix\u00f2 convida un munt de monstres a la festa del Dia dels Morts.<\/p>\n","protected":false},"excerpt":{"rendered":"<p>DRAGO, FLAVIA Z.<\/p>\n","protected":false},"featured_media":267959,"template":"","meta":{"_acf_changed":false,"om_disable_all_campaigns":false,"rs_blank_template":"","rs_page_bg_color":"","slide_template_v7":"","inline_featured_image":false,"_monsterinsights_skip_tracking":false,"_monsterinsights_sitenote_active":false,"_monsterinsights_sitenote_note":"","_monsterinsights_sitenote_category":0},"product_brand":[],"product_cat":[131,361],"product_tag":[],"class_list":{"0":"post-267958","1":"product","2":"type-product","3":"status-publish","4":"has-post-thumbnail","6":"product_cat-contes-per-infants-0-6-anys","7":"product_cat-cuentos-para-ninos-0-6-anos","9":"first","10":"instock","11":"taxable","12":"shipping-taxable","13":"purchasable","14":"product-type-simple"},"acf":{"autor":"DRAGO, FLAVIA Z.","codart":"844794893","libros-coleccion":"\u00c0lbum","ediciones":"1","encuadernacion":"Carton\u00e9","fecha_de_publicacion":"01\/09\/2022","novedad":"1","paginas":"40","subtitulo":"","orden":"0","portada":"0","idioma":"cat","editorial":[{"ID":147536,"post_author":"3","post_date":"2022-10-14 11:51:19","post_date_gmt":"2022-10-14 09:51:19","post_content":"","post_title":"BAULA-EDELVIVES-VALENCIANO\/CATALAN-TXT-","post_excerpt":"","post_status":"publish","comment_status":"closed","ping_status":"closed","post_password":"","post_name":"baula-edelvives-valenciano-catalan-txt","to_ping":"","pinged":"","post_modified":"2022-10-14 11:51:19","post_modified_gmt":"2022-10-14 09:51:19","post_content_filtered":"","post_parent":0,"guid":"http:\/\/dev.claret.cat\/editorial\/baula-edelvives-valenciano-catalan-txt\/","menu_order":0,"post_type":"editorial","post_mime_type":"","comment_count":"0","filter":"raw"}],"autores-libros":[{"ID":263481,"post_author":"3","post_date":"2022-12-01 11:17:48","post_date_gmt":"2022-12-01 10:17:48","post_content":"","post_title":"FLAVIA Z. DRAGO","post_excerpt":"","post_status":"publish","comment_status":"closed","ping_status":"closed","post_password":"","post_name":"flavia-z-drago","to_ping":"","pinged":"","post_modified":"2022-12-01 11:17:48","post_modified_gmt":"2022-12-01 10:17:48","post_content_filtered":"","post_parent":0,"guid":"http:\/\/dev.claret.cat\/autor\/flavia-z-drago\/","menu_order":0,"post_type":"autor","post_mime_type":"","comment_count":"0","filter":"raw"}],"booktrailer":"","resenas":""},"aioseo_notices":[],"_links":{"self":[{"href":"https:\/\/www.claret.cat\/es\/wp-json\/wp\/v2\/product\/267958","targetHints":{"allow":["GET"]}}],"collection":[{"href":"https:\/\/www.claret.cat\/es\/wp-json\/wp\/v2\/product"}],"about":[{"href":"https:\/\/www.claret.cat\/es\/wp-json\/wp\/v2\/types\/product"}],"wp:featuredmedia":[{"embeddable":true,"href":"https:\/\/www.claret.cat\/es\/wp-json\/wp\/v2\/media\/267959"}],"wp:attachment":[{"href":"https:\/\/www.claret.cat\/es\/wp-json\/wp\/v2\/media?parent=267958"}],"wp:term":[{"taxonomy":"product_brand","embeddable":true,"href":"https:\/\/www.claret.cat\/es\/wp-json\/wp\/v2\/product_brand?post=267958"},{"taxonomy":"product_cat","embeddable":true,"href":"https:\/\/www.claret.cat\/es\/wp-json\/wp\/v2\/product_cat?post=267958"},{"taxonomy":"product_tag","embeddable":true,"href":"https:\/\/www.claret.cat\/es\/wp-json\/wp\/v2\/product_tag?post=267958"}],"curies":[{"name":"wp","href":"https:\/\/api.w.org\/{rel}","templated":true}]}}

GUSTAU, EL FANTASMA TÍMID

<p>En Gustau és un fantasma tímid que el que més desitja és tenir amics. Per això convida un munt de monstres a la festa del Dia dels Morts.</p>

Àlbum

Cartoné
