{"id":268135,"date":"2022-12-01T13:37:23","date_gmt":"2022-12-01T12:37:23","guid":{"rendered":"http:\/\/dev.claret.cat\/producte\/la-pau-interior\/"},"modified":"2026-03-06T16:50:17","modified_gmt":"2026-03-06T15:50:17","slug":"la-pau-interior-9788412477177","status":"publish","type":"product","link":"https:\/\/www.claret.cat\/es\/libro\/la-pau-interior-9788412477177\/","title":{"rendered":"LA PAU INTERIOR"},"content":{"rendered":"<p>Vivim en una \u00e8poca caracteritzada per una gran agitaci\u00f3 i manca de pau interior. Aquesta tend\u00e8ncia social es manifesta en diverses facetes de la nostra vida, tant en la part espiritual com en la m\u00e9s superficial: una mena d&#8217;inquietud i angoixa substitueixen la confian\u00e7a i la pau, que molt sovint anhelem. Aix\u00f2 succeeix fins i tot quan estem cercant D\u00e9u, la santedat i el servei als altres.<\/p>\n<p> Qu\u00e8 hem de fer per superar aquests moments de por? Com podem aprendre a posar tota la confian\u00e7a en D\u00e9u?<\/p>\n<p> Respostes a aquests interrogants crucials s\u00f3n el que trobareu en aquest llibre, un cl\u00e0ssic modern que veu la llum per primera vegada en catal\u00e0.<\/p>\n<p> SOBRE L&#8217;AUTOR:<\/p>\n<p> Jacques Philippe va n\u00e9ixer el 12 de mar\u00e7 de 1947 a Lorena, Fran\u00e7a. Despr\u00e9s d&#8217;estudiar matem\u00e0tiques a la universitat, va passar uns quants anys ensenyant i fent recerca cient\u00edfica. Membre de la Comunitat de les Benaurances des de 1976, ha fet estades a Jerusalem i Natzaret estudiant hebreu i les arrels jueves del cristianisme. Com a sacerdot cat\u00f2lic, predica recessos a Fran\u00e7a i a altres pa\u00efsos.<br \/> \u00c9s autor de nombrosos llibres sobre espiritualitat que sumen m\u00e9s d&#8217;un mili\u00f3 de c\u00f2pies en m\u00e9s d&#8217;una vintena d&#8217;idiomes. Ara veu la llum, per primera vegada, una traducci\u00f3 al catal\u00e0 d&#8217;un dels seus t\u00edtols m\u00e9s exitosos.<\/p>\n","protected":false},"excerpt":{"rendered":"<p>PHILIPPE, JACQUES<\/p>\n","protected":false},"featured_media":393912,"template":"","meta":{"_acf_changed":false,"om_disable_all_campaigns":false,"rs_blank_template":"","rs_page_bg_color":"","slide_template_v7":"","inline_featured_image":false,"_monsterinsights_skip_tracking":false,"_monsterinsights_sitenote_active":false,"_monsterinsights_sitenote_note":"","_monsterinsights_sitenote_category":0},"product_brand":[],"product_cat":[495,245,244,494],"product_tag":[],"class_list":{"0":"post-268135","1":"product","2":"type-product","3":"status-publish","4":"has-post-thumbnail","6":"product_cat-diversa-espiritualidad-1_espiritualidad","7":"product_cat-diversa","8":"product_cat-ignaciana","9":"product_cat-ignaciana-espiritualidad-1_espiritualidad","11":"first","12":"instock","13":"taxable","14":"shipping-taxable","15":"purchasable","16":"product-type-simple"},"acf":{"autor":"PHILIPPE, JACQUES","codart":"841247717","libros-coleccion":"FORA DE COL.LECCI\u00d3","ediciones":"1","encuadernacion":"R\u00fastica","fecha_de_publicacion":"01\/06\/2022","novedad":"1","paginas":"156","subtitulo":"","orden":"0","portada":"1","idioma":"cat","editorial":[{"ID":6117,"post_author":"3","post_date":"2022-07-28 17:45:15","post_date_gmt":"2022-07-28 15:45:15","post_content":"","post_title":"Albada","post_excerpt":"","post_status":"publish","comment_status":"closed","ping_status":"closed","post_password":"","post_name":"albada","to_ping":"","pinged":"","post_modified":"2022-07-28 17:45:15","post_modified_gmt":"2022-07-28 15:45:15","post_content_filtered":"","post_parent":0,"guid":"http:\/\/dev.claret.cat\/editorial\/albada\/","menu_order":0,"post_type":"editorial","post_mime_type":"","comment_count":"0","filter":"raw"}],"autores-libros":[{"ID":158332,"post_author":"3","post_date":"2022-10-14 15:36:00","post_date_gmt":"2022-10-14 13:36:00","post_content":"","post_title":"JACQUES PHILIPPE","post_excerpt":"","post_status":"publish","comment_status":"closed","ping_status":"closed","post_password":"","post_name":"jacques-philippe","to_ping":"","pinged":"","post_modified":"2022-10-14 15:36:00","post_modified_gmt":"2022-10-14 13:36:00","post_content_filtered":"","post_parent":0,"guid":"http:\/\/dev.claret.cat\/autor\/jacques-philippe\/","menu_order":0,"post_type":"autor","post_mime_type":"","comment_count":"0","filter":"raw"}],"booktrailer":"","resenas":""},"aioseo_notices":[],"_links":{"self":[{"href":"https:\/\/www.claret.cat\/es\/wp-json\/wp\/v2\/product\/268135","targetHints":{"allow":["GET"]}}],"collection":[{"href":"https:\/\/www.claret.cat\/es\/wp-json\/wp\/v2\/product"}],"about":[{"href":"https:\/\/www.claret.cat\/es\/wp-json\/wp\/v2\/types\/product"}],"wp:featuredmedia":[{"embeddable":true,"href":"https:\/\/www.claret.cat\/es\/wp-json\/wp\/v2\/media\/393912"}],"wp:attachment":[{"href":"https:\/\/www.claret.cat\/es\/wp-json\/wp\/v2\/media?parent=268135"}],"wp:term":[{"taxonomy":"product_brand","embeddable":true,"href":"https:\/\/www.claret.cat\/es\/wp-json\/wp\/v2\/product_brand?post=268135"},{"taxonomy":"product_cat","embeddable":true,"href":"https:\/\/www.claret.cat\/es\/wp-json\/wp\/v2\/product_cat?post=268135"},{"taxonomy":"product_tag","embeddable":true,"href":"https:\/\/www.claret.cat\/es\/wp-json\/wp\/v2\/product_tag?post=268135"}],"curies":[{"name":"wp","href":"https:\/\/api.w.org\/{rel}","templated":true}]}}

<p>Vivim en una època caracteritzada per una gran agitació i manca de pau interior. Aquesta tendència social es manifesta en diverses facetes de la nostra vida, tant en la part espiritual com en la més superficial: una mena d&#8217;inquietud i angoixa substitueixen la confiança i la pau, que molt sovint anhelem. Això succeeix fins i tot quan estem cercant Déu, la santedat i el servei als altres.</p>
<p> Què hem de fer per superar aquests moments de por? Com podem aprendre a posar tota la confiança en Déu?</p>
<p> Respostes a aquests interrogants crucials són el que trobareu en aquest llibre, un clàssic modern que veu la llum per primera vegada en català.</p>
<p> SOBRE L&#8217;AUTOR:</p>
<p> Jacques Philippe va néixer el 12 de març de 1947 a Lorena, França. Després d&#8217;estudiar matemàtiques a la universitat, va passar uns quants anys ensenyant i fent recerca científica. Membre de la Comunitat de les Benaurances des de 1976, ha fet estades a Jerusalem i Natzaret estudiant hebreu i les arrels jueves del cristianisme. Com a sacerdot catòlic, predica recessos a França i a altres països.<br /> És autor de nombrosos llibres sobre espiritualitat que sumen més d&#8217;un milió de còpies en més d&#8217;una vintena d&#8217;idiomes. Ara veu la llum, per primera vegada, una traducció al català d&#8217;un dels seus títols més exitosos.</p>

FORA DE COL.LECCIÓ

Rústica
