{"id":269465,"date":"2022-12-02T11:40:27","date_gmt":"2022-12-02T10:40:27","guid":{"rendered":"http:\/\/dev.claret.cat\/producte\/hacia-un-tiempo-de-sintesis\/"},"modified":"2026-04-02T10:55:05","modified_gmt":"2026-04-02T08:55:05","slug":"hacia-un-tiempo-de-sintesis-9788492416424","status":"publish","type":"product","link":"https:\/\/www.claret.cat\/es\/libro\/hacia-un-tiempo-de-sintesis-9788492416424\/","title":{"rendered":"HACIA UN TIEMPO DE SINTESIS"},"content":{"rendered":"<p>Nuestra generaci\u00f3n ha crecido entre las ruinas de antiguas certezas. Nacimos mientras ca\u00edan. Somos hijos del fragmento, pero el fragmento no nos inquieta porque la alternativa de las grandes moles compactas no nos atrae ni nos convence. Han producido demasiadas v\u00edctimas como para con?ar en ellas.<br \/>Despu\u00e9s de un siglo de ideolog\u00edas f\u00e9rreas que negaban lo Invisible y de d\u00e9cadas de teolog\u00eda sobre la muerte de Dios, nos hallamos ante un nuevo paradigma en el que el resurgimiento de lo espiritual ha con?uido con la pluralidad cultural y religiosa. El reto consiste en que este resurgimiento integre las aportaciones de las generaciones precedentes, tanto de las m\u00e1s antiguas que pertenecieron a la primera inocencia como de las m\u00e1s recientes que aportaron una actitud cr\u00edtica respecto a las religiones. De aqu\u00ed que se pueda esperar un tiempo nuevo en el que visiones que hasta el presente han competido entre s\u00ed descubran que se necesitan mutuamente.<br \/>Alcanzar esta s\u00edntesis no es una tarea f\u00e1cil, porque no se establece en el mismo plano que sus antinomias, sino en un \u00e1mbito de mayor profundidad donde cada una de ellas es convocada m\u00e1s all\u00e1 de s\u00ed misma.<\/p>\n","protected":false},"excerpt":{"rendered":"<p>MELLONI, JAVIER<\/p>\n","protected":false},"featured_media":269466,"template":"","meta":{"_acf_changed":false,"om_disable_all_campaigns":false,"rs_blank_template":"","rs_page_bg_color":"","slide_template_v7":"","inline_featured_image":false,"_monsterinsights_skip_tracking":false,"_monsterinsights_sitenote_active":false,"_monsterinsights_sitenote_note":"","_monsterinsights_sitenote_category":0},"product_brand":[],"product_cat":[90,540],"product_tag":[],"class_list":{"0":"post-269465","1":"product","2":"type-product","3":"status-publish","4":"has-post-thumbnail","6":"product_cat-altres","7":"product_cat-otros","9":"first","10":"instock","11":"taxable","12":"shipping-taxable","13":"purchasable","14":"product-type-simple"},"acf":{"autor":"MELLONI, JAVIER","codart":"849241642","libros-coleccion":"","ediciones":"1","encuadernacion":"R\u00fastica","fecha_de_publicacion":"01\/05\/2011","novedad":"0","paginas":"264","subtitulo":"","orden":"999","portada":"0","idioma":"spa","editorial":[{"ID":6258,"post_author":"3","post_date":"2022-07-28 17:48:20","post_date_gmt":"2022-07-28 15:48:20","post_content":"","post_title":"FRAGMENTA EDITORIAL","post_excerpt":"","post_status":"publish","comment_status":"closed","ping_status":"closed","post_password":"","post_name":"fragmenta-editorial","to_ping":"","pinged":"","post_modified":"2022-07-28 17:48:20","post_modified_gmt":"2022-07-28 15:48:20","post_content_filtered":"","post_parent":0,"guid":"http:\/\/dev.claret.cat\/editorial\/fragmenta-editorial\/","menu_order":0,"post_type":"editorial","post_mime_type":"","comment_count":"0","filter":"raw"}],"autores-libros":[{"ID":5580,"post_author":"3","post_date":"2022-07-28 17:27:02","post_date_gmt":"2022-07-28 15:27:02","post_content":"","post_title":"JAVIER MELLONI","post_excerpt":"","post_status":"publish","comment_status":"closed","ping_status":"closed","post_password":"","post_name":"javier-melloni","to_ping":"","pinged":"","post_modified":"2022-07-28 17:27:02","post_modified_gmt":"2022-07-28 15:27:02","post_content_filtered":"","post_parent":0,"guid":"http:\/\/dev.claret.cat\/autor\/javier-melloni\/","menu_order":0,"post_type":"autor","post_mime_type":"","comment_count":"0","filter":"raw"}],"booktrailer":"","resenas":""},"aioseo_notices":[],"_links":{"self":[{"href":"https:\/\/www.claret.cat\/es\/wp-json\/wp\/v2\/product\/269465","targetHints":{"allow":["GET"]}}],"collection":[{"href":"https:\/\/www.claret.cat\/es\/wp-json\/wp\/v2\/product"}],"about":[{"href":"https:\/\/www.claret.cat\/es\/wp-json\/wp\/v2\/types\/product"}],"wp:featuredmedia":[{"embeddable":true,"href":"https:\/\/www.claret.cat\/es\/wp-json\/wp\/v2\/media\/269466"}],"wp:attachment":[{"href":"https:\/\/www.claret.cat\/es\/wp-json\/wp\/v2\/media?parent=269465"}],"wp:term":[{"taxonomy":"product_brand","embeddable":true,"href":"https:\/\/www.claret.cat\/es\/wp-json\/wp\/v2\/product_brand?post=269465"},{"taxonomy":"product_cat","embeddable":true,"href":"https:\/\/www.claret.cat\/es\/wp-json\/wp\/v2\/product_cat?post=269465"},{"taxonomy":"product_tag","embeddable":true,"href":"https:\/\/www.claret.cat\/es\/wp-json\/wp\/v2\/product_tag?post=269465"}],"curies":[{"name":"wp","href":"https:\/\/api.w.org\/{rel}","templated":true}]}}

<p>Nuestra generación ha crecido entre las ruinas de antiguas certezas. Nacimos mientras caían. Somos hijos del fragmento, pero el fragmento no nos inquieta porque la alternativa de las grandes moles compactas no nos atrae ni nos convence. Han producido demasiadas víctimas como para con?ar en ellas.<br />Después de un siglo de ideologías férreas que negaban lo Invisible y de décadas de teología sobre la muerte de Dios, nos hallamos ante un nuevo paradigma en el que el resurgimiento de lo espiritual ha con?uido con la pluralidad cultural y religiosa. El reto consiste en que este resurgimiento integre las aportaciones de las generaciones precedentes, tanto de las más antiguas que pertenecieron a la primera inocencia como de las más recientes que aportaron una actitud crítica respecto a las religiones. De aquí que se pueda esperar un tiempo nuevo en el que visiones que hasta el presente han competido entre sí descubran que se necesitan mutuamente.<br />Alcanzar esta síntesis no es una tarea fácil, porque no se establece en el mismo plano que sus antinomias, sino en un ámbito de mayor profundidad donde cada una de ellas es convocada más allá de sí misma.</p>

Rústica
