{"id":27196,"date":"2022-10-02T10:55:57","date_gmt":"2022-10-02T08:55:57","guid":{"rendered":"http:\/\/dev.claret.cat\/producte\/cielo-e-infierno-verdades-de-dios\/"},"modified":"2026-04-22T10:50:54","modified_gmt":"2026-04-22T08:50:54","slug":"cielo-e-infierno-verdades-de-dios-9788415570127","status":"publish","type":"product","link":"https:\/\/www.claret.cat\/es\/libro\/cielo-e-infierno-verdades-de-dios-9788415570127\/","title":{"rendered":"CIELO E INFIERNO: VERDADES DE DIOS"},"content":{"rendered":"<p>\u00bfQu\u00e9 es el cielo? \u00bfQu\u00e9 es el infierno? \u00bfExiste el demonio? \u00bfSon<\/p>\n<p>realidades de nuestra existencia o simple charlataner\u00eda?<\/p>\n<p>En esta ocasi\u00f3n, la autora madrile\u00f1a se mete de lleno en la fascinante<\/p>\n<p>realidad sobrenatural del cielo e infierno. Inagotable<\/p>\n<p>investigadora cat\u00f3lica, Mar\u00eda Vallejo-N\u00e1gera nos descubre, con<\/p>\n<p>sorprendente facilidad, todo lo que el catolicismo explica al respecto,<\/p>\n<p>incluyendo testimonios sobrecogedores de personas que<\/p>\n<p>han sobrevivido para relatarnos lo que experimentaron sobre<\/p>\n<p>\u00abel m\u00e1s all\u00e1\u00bb.<\/p>\n<p>El lector no podr\u00e1 abandonar la lectura una vez comenzada.<\/p>\n<p>De nuevo, Mar\u00eda Vallejo-N\u00e1gera vuelve a sorprendernos con<\/p>\n<p>un agil\u00edsimo ensayo lleno de sobrenaturalidad<\/p>\n","protected":false},"excerpt":{"rendered":"<p>VALLEJO-N\u00c1GERA, MAR\u00cdA<\/p>\n","protected":false},"featured_media":1097989,"template":"","meta":{"_acf_changed":false,"om_disable_all_campaigns":false,"rs_blank_template":"","rs_page_bg_color":"","slide_template_v7":"","inline_featured_image":false,"_monsterinsights_skip_tracking":false,"_monsterinsights_sitenote_active":false,"_monsterinsights_sitenote_note":"","_monsterinsights_sitenote_category":0},"product_brand":[],"product_cat":[90,540],"product_tag":[],"class_list":{"0":"post-27196","1":"product","2":"type-product","3":"status-publish","4":"has-post-thumbnail","6":"product_cat-altres","7":"product_cat-otros","9":"first","10":"instock","11":"taxable","12":"shipping-taxable","13":"purchasable","14":"product-type-simple"},"acf":{"autor":"VALLEJO-N\u00c1GERA, MAR\u00cdA","codart":"841557012","libros-coleccion":"","ediciones":"1","encuadernacion":"R\u00fastica","fecha_de_publicacion":"01\/11\/2012","novedad":"0","paginas":"333","subtitulo":"VERDADES DE DIOS","orden":"999","portada":"0","idioma":"spa","editorial":[{"ID":148440,"post_author":"3","post_date":"2022-10-14 11:58:15","post_date_gmt":"2022-10-14 09:58:15","post_content":"","post_title":"LIBROSLIBRES","post_excerpt":"","post_status":"publish","comment_status":"closed","ping_status":"closed","post_password":"","post_name":"libroslibres","to_ping":"","pinged":"","post_modified":"2022-10-14 11:58:15","post_modified_gmt":"2022-10-14 09:58:15","post_content_filtered":"","post_parent":0,"guid":"http:\/\/dev.claret.cat\/editorial\/libroslibres\/","menu_order":0,"post_type":"editorial","post_mime_type":"","comment_count":"0","filter":"raw"}],"autores-libros":[{"ID":163798,"post_author":"3","post_date":"2022-10-14 17:41:57","post_date_gmt":"2022-10-14 15:41:57","post_content":"","post_title":"MAR\u00cdA VALLEJO-N\u00c1GERA","post_excerpt":"","post_status":"publish","comment_status":"closed","ping_status":"closed","post_password":"","post_name":"maria-vallejo-nagera","to_ping":"","pinged":"","post_modified":"2022-10-14 17:41:57","post_modified_gmt":"2022-10-14 15:41:57","post_content_filtered":"","post_parent":0,"guid":"http:\/\/dev.claret.cat\/autor\/maria-vallejo-nagera\/","menu_order":0,"post_type":"autor","post_mime_type":"","comment_count":"0","filter":"raw"}],"booktrailer":"","resenas":""},"aioseo_notices":[],"_links":{"self":[{"href":"https:\/\/www.claret.cat\/es\/wp-json\/wp\/v2\/product\/27196","targetHints":{"allow":["GET"]}}],"collection":[{"href":"https:\/\/www.claret.cat\/es\/wp-json\/wp\/v2\/product"}],"about":[{"href":"https:\/\/www.claret.cat\/es\/wp-json\/wp\/v2\/types\/product"}],"wp:featuredmedia":[{"embeddable":true,"href":"https:\/\/www.claret.cat\/es\/wp-json\/wp\/v2\/media\/1097989"}],"wp:attachment":[{"href":"https:\/\/www.claret.cat\/es\/wp-json\/wp\/v2\/media?parent=27196"}],"wp:term":[{"taxonomy":"product_brand","embeddable":true,"href":"https:\/\/www.claret.cat\/es\/wp-json\/wp\/v2\/product_brand?post=27196"},{"taxonomy":"product_cat","embeddable":true,"href":"https:\/\/www.claret.cat\/es\/wp-json\/wp\/v2\/product_cat?post=27196"},{"taxonomy":"product_tag","embeddable":true,"href":"https:\/\/www.claret.cat\/es\/wp-json\/wp\/v2\/product_tag?post=27196"}],"curies":[{"name":"wp","href":"https:\/\/api.w.org\/{rel}","templated":true}]}}

<p>¿Qué es el cielo? ¿Qué es el infierno? ¿Existe el demonio? ¿Son</p>
<p>realidades de nuestra existencia o simple charlatanería?</p>
<p>En esta ocasión, la autora madrileña se mete de lleno en la fascinante</p>
<p>realidad sobrenatural del cielo e infierno. Inagotable</p>
<p>investigadora católica, María Vallejo-Nágera nos descubre, con</p>
<p>sorprendente facilidad, todo lo que el catolicismo explica al respecto,</p>
<p>incluyendo testimonios sobrecogedores de personas que</p>
<p>han sobrevivido para relatarnos lo que experimentaron sobre</p>
<p>«el más allá».</p>
<p>El lector no podrá abandonar la lectura una vez comenzada.</p>
<p>De nuevo, María Vallejo-Nágera vuelve a sorprendernos con</p>
<p>un agilísimo ensayo lleno de sobrenaturalidad</p>

<p>VALLEJO-NÁGERA, MARÍA</p>

VALLEJO-NÁGERA, MARÍA

Rústica

MARÍA VALLEJO-NÁGERA
