{"id":27736,"date":"2022-10-02T11:03:25","date_gmt":"2022-10-02T09:03:25","guid":{"rendered":"http:\/\/dev.claret.cat\/producte\/10-palabras-clave-ante-el-final-de-la-vida\/"},"modified":"2024-05-23T12:37:53","modified_gmt":"2024-05-23T10:37:53","slug":"10-palabras-clave-ante-el-final-de-la-vida-9788481697124","status":"publish","type":"product","link":"https:\/\/www.claret.cat\/es\/libro\/10-palabras-clave-ante-el-final-de-la-vida-9788481697124\/","title":{"rendered":"10 PALABRAS CLAVE ANTE EL FINAL DE LA VIDA"},"content":{"rendered":"<p>Si tuvi\u00e9ramos que destacar una idea dominante en 10 palabras clave ante el final de la vida, \u00e9sta bien podr\u00eda ser la aspiraci\u00f3n a un morir mejor, es decir, m\u00e1s humano, referido no s\u00f3lo al instante postrero de la vida, sino, sobre todo, a su fase \u00faltima, m\u00e1s o menos larga. Porque el morir en nuestra sociedad es manifiestamente mejorable. Al perseguir este objetivo, no podemos olvidar que la mejora del morir tiene tantas caras como personas. Este punto es capital, pero si queremos trabajar l\u00facidamente en el empe\u00f1o, es necesario recordar que cada momento hist\u00f3rico, cada sociedad, deja, en alg\u00fan grado, su propia huella en la \u00faltima etapa de la vida por medio de normas, leyes, costumbres, ritos, ideas \u00e9ticas, pr\u00e1cticas m\u00e9dicas, creencias, aspiraciones, temores, interrogantes, etc.<\/p>\n","protected":false},"excerpt":{"rendered":"<p>ELIZARI BASTERRA, FRANCIS<\/p>\n","protected":false},"featured_media":371921,"template":"","meta":{"_acf_changed":false,"om_disable_all_campaigns":false,"rs_blank_template":"","rs_page_bg_color":"","slide_template_v7":"","inline_featured_image":false,"_monsterinsights_skip_tracking":false,"_monsterinsights_sitenote_active":false,"_monsterinsights_sitenote_note":"","_monsterinsights_sitenote_category":0},"product_brand":[],"product_cat":[401,260,515,289,288,514],"product_tag":[],"class_list":{"0":"post-27736","1":"product","2":"type-product","3":"status-publish","4":"has-post-thumbnail","6":"product_cat-de-la-salud","7":"product_cat-de-la-salut","8":"product_cat-moral-de-la-persona-bioetica-teologia-1_espiritualidad","9":"product_cat-moral-de-la-persona-bioetica","10":"product_cat-moral-fonamental","11":"product_cat-moral-fundamental","13":"first","14":"instock","15":"taxable","16":"shipping-taxable","17":"purchasable","18":"product-type-simple"},"acf":{"editorial":[{"ID":6390,"post_author":"3","post_date":"2022-07-28 17:51:08","post_date_gmt":"2022-07-28 15:51:08","post_content":"","post_title":"VERBO DIVINO","post_excerpt":"","post_status":"publish","comment_status":"closed","ping_status":"closed","post_password":"","post_name":"verbo-divino","to_ping":"","pinged":"","post_modified":"2022-07-28 17:51:08","post_modified_gmt":"2022-07-28 15:51:08","post_content_filtered":"","post_parent":0,"guid":"http:\/\/dev.claret.cat\/editorial\/verbo-divino\/","menu_order":0,"post_type":"editorial","post_mime_type":"","comment_count":"0","filter":"raw"}],"autor":"ELIZARI BASTERRA, FRANCIS","codart":"848169712","libros-coleccion":"10 palabras clave","ediciones":"0","encuadernacion":"R\u00fastica","fecha_de_publicacion":"13\/02\/2007","novedad":"0","paginas":"462","subtitulo":"","orden":"1","portada":"0","idioma":"spa","autores-libros":[{"ID":156260,"post_author":"3","post_date":"2022-10-14 15:19:23","post_date_gmt":"2022-10-14 13:19:23","post_content":"","post_title":"FRANCISCO JAVIER (ed) ELIZARI BASTERRA","post_excerpt":"","post_status":"publish","comment_status":"closed","ping_status":"closed","post_password":"","post_name":"francisco-javier-ed-elizari-basterra","to_ping":"","pinged":"","post_modified":"2022-10-14 15:19:23","post_modified_gmt":"2022-10-14 13:19:23","post_content_filtered":"","post_parent":0,"guid":"http:\/\/dev.claret.cat\/autor\/francisco-javier-ed-elizari-basterra\/","menu_order":0,"post_type":"autor","post_mime_type":"","comment_count":"0","filter":"raw"}]},"aioseo_notices":[],"_links":{"self":[{"href":"https:\/\/www.claret.cat\/es\/wp-json\/wp\/v2\/product\/27736","targetHints":{"allow":["GET"]}}],"collection":[{"href":"https:\/\/www.claret.cat\/es\/wp-json\/wp\/v2\/product"}],"about":[{"href":"https:\/\/www.claret.cat\/es\/wp-json\/wp\/v2\/types\/product"}],"wp:featuredmedia":[{"embeddable":true,"href":"https:\/\/www.claret.cat\/es\/wp-json\/wp\/v2\/media\/371921"}],"wp:attachment":[{"href":"https:\/\/www.claret.cat\/es\/wp-json\/wp\/v2\/media?parent=27736"}],"wp:term":[{"taxonomy":"product_brand","embeddable":true,"href":"https:\/\/www.claret.cat\/es\/wp-json\/wp\/v2\/product_brand?post=27736"},{"taxonomy":"product_cat","embeddable":true,"href":"https:\/\/www.claret.cat\/es\/wp-json\/wp\/v2\/product_cat?post=27736"},{"taxonomy":"product_tag","embeddable":true,"href":"https:\/\/www.claret.cat\/es\/wp-json\/wp\/v2\/product_tag?post=27736"}],"curies":[{"name":"wp","href":"https:\/\/api.w.org\/{rel}","templated":true}]}}

<p>Si tuviéramos que destacar una idea dominante en 10 palabras clave ante el final de la vida, ésta bien podría ser la aspiración a un morir mejor, es decir, más humano, referido no sólo al instante postrero de la vida, sino, sobre todo, a su fase última, más o menos larga. Porque el morir en nuestra sociedad es manifiestamente mejorable. Al perseguir este objetivo, no podemos olvidar que la mejora del morir tiene tantas caras como personas. Este punto es capital, pero si queremos trabajar lúcidamente en el empeño, es necesario recordar que cada momento histórico, cada sociedad, deja, en algún grado, su propia huella en la última etapa de la vida por medio de normas, leyes, costumbres, ritos, ideas éticas, prácticas médicas, creencias, aspiraciones, temores, interrogantes, etc.</p>

Rústica
