{"id":279072,"date":"2022-12-09T16:31:13","date_gmt":"2022-12-09T15:31:13","guid":{"rendered":"http:\/\/dev.claret.cat\/llibre\/tres-anys\/"},"modified":"2023-10-06T07:04:37","modified_gmt":"2023-10-06T05:04:37","slug":"tres-anys-9788412585629","status":"publish","type":"product","link":"https:\/\/www.claret.cat\/es\/libro\/tres-anys-9788412585629\/","title":{"rendered":"TRES ANYS"},"content":{"rendered":"<p>&#8216;Tres anys&#8217; comen\u00e7a all\u00e0 on tantes hist\u00f2ries acaben. La I\u00falia Sergu\u00e9ievna accepta casar-se amb el L\u00e0ptev, un home ric, lleig i baixet que l&#8217;estima. Passa el temps. Ning\u00fa no \u00e9s feli\u00e7 del tot, ning\u00fa est\u00e0 trist del tot i les raons que els mouen a actuar sovint s\u00f3n incompatibles amb les dels altres.<\/p>\n","protected":false},"excerpt":{"rendered":"<p>TX\u00c9KHOV, ANTON<\/p>\n","protected":false},"featured_media":311301,"template":"","meta":{"_acf_changed":false,"om_disable_all_campaigns":false,"rs_blank_template":"","rs_page_bg_color":"","slide_template_v7":"","inline_featured_image":false,"_monsterinsights_skip_tracking":false,"_monsterinsights_sitenote_active":false,"_monsterinsights_sitenote_note":"","_monsterinsights_sitenote_category":0},"product_brand":[],"product_cat":[123],"product_tag":[],"class_list":{"0":"post-279072","1":"product","2":"type-product","3":"status-publish","4":"has-post-thumbnail","6":"product_cat-classica","8":"first","9":"instock","10":"taxable","11":"shipping-taxable","12":"purchasable","13":"product-type-simple"},"acf":{"autor":"TX\u00c9KHOV, ANTON","codart":"841258562","libros-coleccion":"FORA DE COL.LECCI\u00d3","ediciones":"1","encuadernacion":"R\u00fastica","fecha_de_publicacion":"01\/11\/2022","novedad":"1","paginas":"220","subtitulo":"","orden":"0","portada":"0","idioma":"cat","editorial":[{"ID":147582,"post_author":"3","post_date":"2022-10-14 11:51:40","post_date_gmt":"2022-10-14 09:51:40","post_content":"","post_title":"Cal Carr\u00e9. Editorial Artesana.","post_excerpt":"","post_status":"publish","comment_status":"closed","ping_status":"closed","post_password":"","post_name":"cal-carre-editorial-artesana","to_ping":"","pinged":"","post_modified":"2022-10-14 11:51:40","post_modified_gmt":"2022-10-14 09:51:40","post_content_filtered":"","post_parent":0,"guid":"http:\/\/dev.claret.cat\/editorial\/cal-carre-editorial-artesana\/","menu_order":0,"post_type":"editorial","post_mime_type":"","comment_count":"0","filter":"raw"}],"autores-libros":[{"ID":150796,"post_author":"3","post_date":"2022-10-14 14:35:49","post_date_gmt":"2022-10-14 12:35:49","post_content":"","post_title":"ANTON TXEKHOV","post_excerpt":"","post_status":"publish","comment_status":"closed","ping_status":"closed","post_password":"","post_name":"anton-txekhov","to_ping":"","pinged":"","post_modified":"2022-10-14 14:35:49","post_modified_gmt":"2022-10-14 12:35:49","post_content_filtered":"","post_parent":0,"guid":"http:\/\/dev.claret.cat\/autor\/anton-txekhov\/","menu_order":0,"post_type":"autor","post_mime_type":"","comment_count":"0","filter":"raw"}]},"aioseo_notices":[],"_links":{"self":[{"href":"https:\/\/www.claret.cat\/es\/wp-json\/wp\/v2\/product\/279072","targetHints":{"allow":["GET"]}}],"collection":[{"href":"https:\/\/www.claret.cat\/es\/wp-json\/wp\/v2\/product"}],"about":[{"href":"https:\/\/www.claret.cat\/es\/wp-json\/wp\/v2\/types\/product"}],"wp:featuredmedia":[{"embeddable":true,"href":"https:\/\/www.claret.cat\/es\/wp-json\/wp\/v2\/media\/311301"}],"wp:attachment":[{"href":"https:\/\/www.claret.cat\/es\/wp-json\/wp\/v2\/media?parent=279072"}],"wp:term":[{"taxonomy":"product_brand","embeddable":true,"href":"https:\/\/www.claret.cat\/es\/wp-json\/wp\/v2\/product_brand?post=279072"},{"taxonomy":"product_cat","embeddable":true,"href":"https:\/\/www.claret.cat\/es\/wp-json\/wp\/v2\/product_cat?post=279072"},{"taxonomy":"product_tag","embeddable":true,"href":"https:\/\/www.claret.cat\/es\/wp-json\/wp\/v2\/product_tag?post=279072"}],"curies":[{"name":"wp","href":"https:\/\/api.w.org\/{rel}","templated":true}]}}

<p>&#8216;Tres anys&#8217; comença allà on tantes històries acaben. La Iúlia Serguéievna accepta casar-se amb el Làptev, un home ric, lleig i baixet que l&#8217;estima. Passa el temps. Ningú no és feliç del tot, ningú està trist del tot i les raons que els mouen a actuar sovint són incompatibles amb les dels altres.</p>

<p>TXÉKHOV, ANTON</p>

TXÉKHOV, ANTON

FORA DE COL.LECCIÓ

Rústica

Cal Carré. Editorial Artesana.
