{"id":28004,"date":"2022-10-02T11:07:04","date_gmt":"2022-10-02T09:07:04","guid":{"rendered":"http:\/\/dev.claret.cat\/producte\/paseando-por-el-cielo-sorprendentes-historias-reales\/"},"modified":"2024-12-20T13:30:11","modified_gmt":"2024-12-20T12:30:11","slug":"paseando-por-el-cielo-sorprendentes-historias-reales-9788490618493","status":"publish","type":"product","link":"https:\/\/www.claret.cat\/es\/libro\/paseando-por-el-cielo-sorprendentes-historias-reales-9788490618493\/","title":{"rendered":"PASEANDO POR EL CIELO. SORPRENDENTES HISTORIAS REALES"},"content":{"rendered":"<p>Despu\u00e9s de 2000 a\u00f1os Jes\u00fas sigue vivo y muy activo entre nosotros. \u00bfQui\u00e9n lo cree hoy? \u00bfQu\u00e9 cabeza pensante del siglo XXI es capaz de asumirlo? \u00bfEst\u00e1 vivo en un peque\u00f1o trozo de pan consagrado? La autora de este libro cree que s\u00ed: es el mismo que andaba por Galilea. \u00a1No hay diferencia! Suena a locura, \u00bfverdad? A trav\u00e9s de las p\u00e1ginas de este libro, Mar\u00eda Vallejo-N\u00e1gera nos sorprendecon relatos reales y extraordinarios que tienen como eje la adoraci\u00f3n eucar\u00edstica, donde los protagonistas -entre los que se encuentra la propia autora- son buscados y sorprendidos por Jes\u00fas-Eucarist\u00eda. Todas estas experiencias son avaladas por el ejemplo de los santos a lo largo de los tiempos, cuya vida estuvo centrada en este misterio del que se alimentaron.<\/p>\n","protected":false},"excerpt":{"rendered":"<p>VALLEJO-N\u00c1GERA, MAR\u00cdA<\/p>\n","protected":false},"featured_media":359639,"template":"","meta":{"_acf_changed":false,"om_disable_all_campaigns":false,"rs_blank_template":"","rs_page_bg_color":"","slide_template_v7":"","inline_featured_image":false,"_monsterinsights_skip_tracking":false,"_monsterinsights_sitenote_active":false,"_monsterinsights_sitenote_note":"","_monsterinsights_sitenote_category":0},"product_brand":[],"product_cat":[345,79],"product_tag":[],"class_list":{"0":"post-28004","1":"product","2":"type-product","3":"status-publish","4":"has-post-thumbnail","6":"product_cat-espiritualidad","7":"product_cat-espiritualitat","9":"first","10":"instock","11":"taxable","12":"shipping-taxable","13":"purchasable","14":"product-type-simple"},"acf":{"autor":"VALLEJO-N\u00c1GERA, MAR\u00cdA","codart":"849061849","libros-coleccion":"Palabra hoy","ediciones":"1","encuadernacion":"R\u00fastica","fecha_de_publicacion":"01\/04\/2019","novedad":"1","paginas":"263","subtitulo":"","orden":"0","portada":"0","idioma":"spa","editorial":[{"ID":148621,"post_author":"3","post_date":"2022-10-14 11:59:41","post_date_gmt":"2022-10-14 09:59:41","post_content":"","post_title":"PALABRA","post_excerpt":"","post_status":"publish","comment_status":"closed","ping_status":"closed","post_password":"","post_name":"palabra","to_ping":"","pinged":"","post_modified":"2022-10-14 11:59:41","post_modified_gmt":"2022-10-14 09:59:41","post_content_filtered":"","post_parent":0,"guid":"http:\/\/dev.claret.cat\/editorial\/palabra\/","menu_order":0,"post_type":"editorial","post_mime_type":"","comment_count":"0","filter":"raw"}],"autores-libros":[{"ID":163798,"post_author":"3","post_date":"2022-10-14 17:41:57","post_date_gmt":"2022-10-14 15:41:57","post_content":"","post_title":"MAR\u00cdA VALLEJO-N\u00c1GERA","post_excerpt":"","post_status":"publish","comment_status":"closed","ping_status":"closed","post_password":"","post_name":"maria-vallejo-nagera","to_ping":"","pinged":"","post_modified":"2022-10-14 17:41:57","post_modified_gmt":"2022-10-14 15:41:57","post_content_filtered":"","post_parent":0,"guid":"http:\/\/dev.claret.cat\/autor\/maria-vallejo-nagera\/","menu_order":0,"post_type":"autor","post_mime_type":"","comment_count":"0","filter":"raw"}]},"aioseo_notices":[],"_links":{"self":[{"href":"https:\/\/www.claret.cat\/es\/wp-json\/wp\/v2\/product\/28004","targetHints":{"allow":["GET"]}}],"collection":[{"href":"https:\/\/www.claret.cat\/es\/wp-json\/wp\/v2\/product"}],"about":[{"href":"https:\/\/www.claret.cat\/es\/wp-json\/wp\/v2\/types\/product"}],"wp:featuredmedia":[{"embeddable":true,"href":"https:\/\/www.claret.cat\/es\/wp-json\/wp\/v2\/media\/359639"}],"wp:attachment":[{"href":"https:\/\/www.claret.cat\/es\/wp-json\/wp\/v2\/media?parent=28004"}],"wp:term":[{"taxonomy":"product_brand","embeddable":true,"href":"https:\/\/www.claret.cat\/es\/wp-json\/wp\/v2\/product_brand?post=28004"},{"taxonomy":"product_cat","embeddable":true,"href":"https:\/\/www.claret.cat\/es\/wp-json\/wp\/v2\/product_cat?post=28004"},{"taxonomy":"product_tag","embeddable":true,"href":"https:\/\/www.claret.cat\/es\/wp-json\/wp\/v2\/product_tag?post=28004"}],"curies":[{"name":"wp","href":"https:\/\/api.w.org\/{rel}","templated":true}]}}

<p>Después de 2000 años Jesús sigue vivo y muy activo entre nosotros. ¿Quién lo cree hoy? ¿Qué cabeza pensante del siglo XXI es capaz de asumirlo? ¿Está vivo en un pequeño trozo de pan consagrado? La autora de este libro cree que sí: es el mismo que andaba por Galilea. ¡No hay diferencia! Suena a locura, ¿verdad? A través de las páginas de este libro, María Vallejo-Nágera nos sorprendecon relatos reales y extraordinarios que tienen como eje la adoración eucarística, donde los protagonistas -entre los que se encuentra la propia autora- son buscados y sorprendidos por Jesús-Eucaristía. Todas estas experiencias son avaladas por el ejemplo de los santos a lo largo de los tiempos, cuya vida estuvo centrada en este misterio del que se alimentaron.</p>

<p>VALLEJO-NÁGERA, MARÍA</p>

VALLEJO-NÁGERA, MARÍA

Rústica

MARÍA VALLEJO-NÁGERA
