{"id":280440,"date":"2022-12-09T18:40:48","date_gmt":"2022-12-09T17:40:48","guid":{"rendered":"http:\/\/dev.claret.cat\/llibre\/escritos-espirituales-carlos-de-foucauld\/"},"modified":"2026-02-27T12:00:06","modified_gmt":"2026-02-27T11:00:06","slug":"escritos-espirituales-carlos-de-foucauld-9788425410796","status":"publish","type":"product","link":"https:\/\/www.claret.cat\/es\/libro\/escritos-espirituales-carlos-de-foucauld-9788425410796\/","title":{"rendered":"ESCRITOS ESPIRITUALES, CARLOS DE FOUCAULD"},"content":{"rendered":"<p>Volumen compuesto de fragmentos tomados de las Meditaciones sobre el Evangelio, de la correspondencia y de los cuadernos de los retiros. Estos \u00faltimos fueron uno de los grandes medios de perseverancia y de avance en la vida espiritual, a los que recurri\u00f3 Foucauld, el ermita\u00f1o del Sahara.<\/p>\n","protected":false},"excerpt":{"rendered":"<p>FOUCAULD, CHARLES DE<\/p>\n","protected":false},"featured_media":1085229,"template":"","meta":{"_acf_changed":false,"om_disable_all_campaigns":false,"rs_blank_template":"","rs_page_bg_color":"","slide_template_v7":"","inline_featured_image":false,"_monsterinsights_skip_tracking":false,"_monsterinsights_sitenote_active":false,"_monsterinsights_sitenote_note":"","_monsterinsights_sitenote_category":0},"product_brand":[],"product_cat":[345,79,545,95],"product_tag":[],"class_list":{"0":"post-280440","1":"product","2":"type-product","3":"status-publish","4":"has-post-thumbnail","6":"product_cat-espiritualidad","7":"product_cat-espiritualitat","8":"product_cat-santoral-1_espiritualidad-spa","9":"product_cat-santoral","11":"first","12":"instock","13":"taxable","14":"shipping-taxable","15":"purchasable","16":"product-type-simple"},"acf":{"autor":"FOUCAULD, CHARLES DE","codart":"842541079","libros-coleccion":"FORA DE COL.LECCI\u00d3","ediciones":"7","encuadernacion":"[EditValue is null]","fecha_de_publicacion":"01\/12\/1979","novedad":"0","paginas":"228","subtitulo":"","orden":"999","portada":"0","idioma":"spa","editorial":[{"ID":6266,"post_author":"3","post_date":"2022-07-28 17:48:31","post_date_gmt":"2022-07-28 15:48:31","post_content":"","post_title":"HERDER","post_excerpt":"","post_status":"publish","comment_status":"closed","ping_status":"closed","post_password":"","post_name":"herder","to_ping":"","pinged":"","post_modified":"2022-07-28 17:48:31","post_modified_gmt":"2022-07-28 15:48:31","post_content_filtered":"","post_parent":0,"guid":"http:\/\/dev.claret.cat\/editorial\/herder\/","menu_order":0,"post_type":"editorial","post_mime_type":"","comment_count":"0","filter":"raw"}],"autores-libros":[{"ID":280439,"post_author":"3","post_date":"2022-12-09 18:40:46","post_date_gmt":"2022-12-09 17:40:46","post_content":"","post_title":"CHARLES DE FOUCAULD","post_excerpt":"","post_status":"publish","comment_status":"closed","ping_status":"closed","post_password":"","post_name":"charles-de-foucauld-2","to_ping":"","pinged":"","post_modified":"2022-12-09 18:40:46","post_modified_gmt":"2022-12-09 17:40:46","post_content_filtered":"","post_parent":0,"guid":"http:\/\/dev.claret.cat\/autor\/charles-de-foucauld-2\/","menu_order":0,"post_type":"autor","post_mime_type":"","comment_count":"0","filter":"raw"}],"booktrailer":"","resenas":""},"aioseo_notices":[],"_links":{"self":[{"href":"https:\/\/www.claret.cat\/es\/wp-json\/wp\/v2\/product\/280440","targetHints":{"allow":["GET"]}}],"collection":[{"href":"https:\/\/www.claret.cat\/es\/wp-json\/wp\/v2\/product"}],"about":[{"href":"https:\/\/www.claret.cat\/es\/wp-json\/wp\/v2\/types\/product"}],"wp:featuredmedia":[{"embeddable":true,"href":"https:\/\/www.claret.cat\/es\/wp-json\/wp\/v2\/media\/1085229"}],"wp:attachment":[{"href":"https:\/\/www.claret.cat\/es\/wp-json\/wp\/v2\/media?parent=280440"}],"wp:term":[{"taxonomy":"product_brand","embeddable":true,"href":"https:\/\/www.claret.cat\/es\/wp-json\/wp\/v2\/product_brand?post=280440"},{"taxonomy":"product_cat","embeddable":true,"href":"https:\/\/www.claret.cat\/es\/wp-json\/wp\/v2\/product_cat?post=280440"},{"taxonomy":"product_tag","embeddable":true,"href":"https:\/\/www.claret.cat\/es\/wp-json\/wp\/v2\/product_tag?post=280440"}],"curies":[{"name":"wp","href":"https:\/\/api.w.org\/{rel}","templated":true}]}}

<p>Volumen compuesto de fragmentos tomados de las Meditaciones sobre el Evangelio, de la correspondencia y de los cuadernos de los retiros. Estos últimos fueron uno de los grandes medios de perseverancia y de avance en la vida espiritual, a los que recurrió Foucauld, el ermitaño del Sahara.</p>

FORA DE COL.LECCIÓ
