{"id":280497,"date":"2022-12-09T19:20:10","date_gmt":"2022-12-09T18:20:10","guid":{"rendered":"http:\/\/dev.claret.cat\/llibre\/el-medico-de-auschwitz\/"},"modified":"2024-04-19T18:50:08","modified_gmt":"2024-04-19T16:50:08","slug":"el-medico-de-auschwitz-9788411311922","status":"publish","type":"product","link":"https:\/\/www.claret.cat\/es\/libro\/el-medico-de-auschwitz-9788411311922\/","title":{"rendered":"EL M\u00c9DICO DE AUSCHWITZ"},"content":{"rendered":"<p>Enero de 1945. Hay 4.800 prisioneros en Auschwitz-Birkenau. Sus condiciones de degradaci\u00f3n f\u00edsica no permiten enviarlos al oeste para retornarlos luego a sus lugares de origen. Las tropas sovi\u00e9ticas irrumpen entonces a tal velocidad en el campo de exterminio que los hombres de las SS solo consiguen volar parte de las c\u00e1maras de gas y matar a un pu\u00f1ado de supervivientes para no dejar testigos de lo que all\u00ed suced\u00eda.<\/p>\n<p> El 5 de febrero J\u00f3zef Bellert, con un grupo de unos treinta m\u00e9dicos y enfermeros de Cracovia, se encamina a Auschwitz. Durante ocho meses, el doctor Bellert dirige el que muy probablemente fue el hospital de campa\u00f1a m\u00e1s grande de Europa. A pesar de la falta de alcantarillado y la escasez de agua, alimentos y medicinas, Bellert y sus asistentes dedicaron todos sus esfuerzos a los presos liberados. \u00a1Son cerca de 5.000 hombres desahuciados para la vida!<br \/> Los pacientes pesan entre 25 y 30 kilos. Sufren de fiebre tifoidea y tuberculosis, diarrea por hambre, edemas y escaras en su piel. Adem\u00e1s de las enfermedades, Bellert debe hacer frente al temor de un mont\u00f3n de hombres y mujeres que se aterrorizan ante quienes visten batas y utilizan jeringas como herramientas de trabajo. Los buenos m\u00e9dicos son asociados a las inyecciones de fenol con las que los alemanes mataban a los prisioneros enfermos. Pero aunque sea dif\u00edcil de creer, a pesar de aquellas condiciones, 4.400 hombres y mujeres recuperaron su salud y su vida.<br \/> J\u00f3zef Bellert fue un h\u00e9roe silencioso, cuya biograf\u00eda contiene varias personalidades. Fue conspirador del PPS (pacto alem\u00e1n-sovi\u00e9tico, que permiti\u00f3 a los alemanes invadir Polonia sin la intervenci\u00f3n rusa); soldado de las Legiones y m\u00e9dico de la brigada de Piy#322;sudski; activista social e independentista; soldado en septiembre de 1939 e insurgente de Varsovia. Pero ?solo? fue reconocido como un modesto m\u00e9dico del distrito de Piy#324;cz\u00f3w.<\/p>\n","protected":false},"excerpt":{"rendered":"<p>SZYMON NOWAK<\/p>\n","protected":false},"featured_media":370921,"template":"","meta":{"_acf_changed":false,"om_disable_all_campaigns":false,"rs_blank_template":"","rs_page_bg_color":"","slide_template_v7":"","inline_featured_image":false,"_monsterinsights_skip_tracking":false,"_monsterinsights_sitenote_active":false,"_monsterinsights_sitenote_note":"","_monsterinsights_sitenote_category":0},"product_brand":[],"product_cat":[130,360],"product_tag":[],"class_list":{"0":"post-280497","1":"product","2":"type-product","3":"status-publish","4":"has-post-thumbnail","6":"product_cat-novella-historica-i-ficcio","7":"product_cat-novela-historica-y-ficcion","9":"first","10":"instock","11":"taxable","12":"shipping-taxable","13":"purchasable","14":"product-type-simple"},"acf":{"autor":"SZYMON NOWAK","codart":"841131192","libros-coleccion":"Biblioteca de historia","ediciones":"1","encuadernacion":"R\u00fastica","fecha_de_publicacion":"01\/10\/2022","novedad":"1","paginas":"350","subtitulo":"","orden":"0","portada":"0","idioma":"spa","editorial":[{"ID":6120,"post_author":"3","post_date":"2022-07-28 17:45:19","post_date_gmt":"2022-07-28 15:45:19","post_content":"","post_title":"ALMUZARA","post_excerpt":"","post_status":"publish","comment_status":"closed","ping_status":"closed","post_password":"","post_name":"almuzara","to_ping":"","pinged":"","post_modified":"2022-07-28 17:45:19","post_modified_gmt":"2022-07-28 15:45:19","post_content_filtered":"","post_parent":0,"guid":"http:\/\/dev.claret.cat\/editorial\/almuzara\/","menu_order":0,"post_type":"editorial","post_mime_type":"","comment_count":"0","filter":"raw"}],"autores-libros":[{"ID":280505,"post_author":"3","post_date":"2022-12-09 19:30:16","post_date_gmt":"2022-12-09 18:30:16","post_content":"","post_title":"SZYMON NOWAK","post_excerpt":"","post_status":"publish","comment_status":"closed","ping_status":"closed","post_password":"","post_name":"szymon-nowak","to_ping":"","pinged":"","post_modified":"2022-12-09 19:30:16","post_modified_gmt":"2022-12-09 18:30:16","post_content_filtered":"","post_parent":0,"guid":"http:\/\/dev.claret.cat\/autor\/szymon-nowak\/","menu_order":0,"post_type":"autor","post_mime_type":"","comment_count":"0","filter":"raw"}]},"aioseo_notices":[],"_links":{"self":[{"href":"https:\/\/www.claret.cat\/es\/wp-json\/wp\/v2\/product\/280497","targetHints":{"allow":["GET"]}}],"collection":[{"href":"https:\/\/www.claret.cat\/es\/wp-json\/wp\/v2\/product"}],"about":[{"href":"https:\/\/www.claret.cat\/es\/wp-json\/wp\/v2\/types\/product"}],"wp:featuredmedia":[{"embeddable":true,"href":"https:\/\/www.claret.cat\/es\/wp-json\/wp\/v2\/media\/370921"}],"wp:attachment":[{"href":"https:\/\/www.claret.cat\/es\/wp-json\/wp\/v2\/media?parent=280497"}],"wp:term":[{"taxonomy":"product_brand","embeddable":true,"href":"https:\/\/www.claret.cat\/es\/wp-json\/wp\/v2\/product_brand?post=280497"},{"taxonomy":"product_cat","embeddable":true,"href":"https:\/\/www.claret.cat\/es\/wp-json\/wp\/v2\/product_cat?post=280497"},{"taxonomy":"product_tag","embeddable":true,"href":"https:\/\/www.claret.cat\/es\/wp-json\/wp\/v2\/product_tag?post=280497"}],"curies":[{"name":"wp","href":"https:\/\/api.w.org\/{rel}","templated":true}]}}

EL MÉDICO DE AUSCHWITZ

<p>Enero de 1945. Hay 4.800 prisioneros en Auschwitz-Birkenau. Sus condiciones de degradación física no permiten enviarlos al oeste para retornarlos luego a sus lugares de origen. Las tropas soviéticas irrumpen entonces a tal velocidad en el campo de exterminio que los hombres de las SS solo consiguen volar parte de las cámaras de gas y matar a un puñado de supervivientes para no dejar testigos de lo que allí sucedía.</p>
<p> El 5 de febrero Józef Bellert, con un grupo de unos treinta médicos y enfermeros de Cracovia, se encamina a Auschwitz. Durante ocho meses, el doctor Bellert dirige el que muy probablemente fue el hospital de campaña más grande de Europa. A pesar de la falta de alcantarillado y la escasez de agua, alimentos y medicinas, Bellert y sus asistentes dedicaron todos sus esfuerzos a los presos liberados. ¡Son cerca de 5.000 hombres desahuciados para la vida!<br /> Los pacientes pesan entre 25 y 30 kilos. Sufren de fiebre tifoidea y tuberculosis, diarrea por hambre, edemas y escaras en su piel. Además de las enfermedades, Bellert debe hacer frente al temor de un montón de hombres y mujeres que se aterrorizan ante quienes visten batas y utilizan jeringas como herramientas de trabajo. Los buenos médicos son asociados a las inyecciones de fenol con las que los alemanes mataban a los prisioneros enfermos. Pero aunque sea difícil de creer, a pesar de aquellas condiciones, 4.400 hombres y mujeres recuperaron su salud y su vida.<br /> Józef Bellert fue un héroe silencioso, cuya biografía contiene varias personalidades. Fue conspirador del PPS (pacto alemán-soviético, que permitió a los alemanes invadir Polonia sin la intervención rusa); soldado de las Legiones y médico de la brigada de Piy#322;sudski; activista social e independentista; soldado en septiembre de 1939 e insurgente de Varsovia. Pero ?solo? fue reconocido como un modesto médico del distrito de Piy#324;czów.</p>

Rústica
