{"id":281272,"date":"2022-12-09T22:23:11","date_gmt":"2022-12-09T21:23:11","guid":{"rendered":"http:\/\/dev.claret.cat\/llibre\/el-contrato-social-el-manga\/"},"modified":"2026-01-28T11:09:22","modified_gmt":"2026-01-28T10:09:22","slug":"el-contrato-social-el-manga-9788425431340","status":"publish","type":"product","link":"https:\/\/www.claret.cat\/es\/libro\/el-contrato-social-el-manga-9788425431340\/","title":{"rendered":"EL CONTRATO SOCIAL &#8211; EL MANGA"},"content":{"rendered":"<p>Rousseau, personaje exc\u00e9ntrico y rebelde, fue un pensador contradictorio e inclasificable, cuyo legado ha sido reclamado y repudiado al mismo tiempo por las tres ideolog\u00edas que han dominado el pensamiento pol\u00edtico moderno: liberalismo, socialismo y nacionalismo. He aqu\u00ed la versi\u00f3n manga de su obra capital, libro de cabecera de los revolucionarios de 1789 y de figuras posteriores como Sim\u00f3n Bol\u00edvar y Fidel Castro.<\/p>\n<p>\u00abEl hombre ha nacido libre, pero por doquier se encuentra encadenado [\u2026] tan pronto como pueda sacudirse el yugo, [el pueblo] obrar\u00e1 mucho mejor si as\u00ed lo hace; pues al recobrar su libertad bas\u00e1ndose en el mismo derecho por el que le fue arrebatada, prueba que est\u00e1 legitimado a disfrutar de ella.\u00bb<\/p>\n","protected":false},"excerpt":{"rendered":"<p>ROUSSEAU, JEAN-JACQUES<\/p>\n","protected":false},"featured_media":331197,"template":"","meta":{"_acf_changed":false,"om_disable_all_campaigns":false,"rs_blank_template":"","rs_page_bg_color":"","slide_template_v7":"","inline_featured_image":false,"_monsterinsights_skip_tracking":false,"_monsterinsights_sitenote_active":false,"_monsterinsights_sitenote_note":"","_monsterinsights_sitenote_category":0},"product_brand":[],"product_cat":[558,108,83,349],"product_tag":[],"class_list":{"0":"post-281272","1":"product","2":"type-product","3":"status-publish","4":"has-post-thumbnail","6":"product_cat-comic-3_infantil-juvenil-spa-spa","7":"product_cat-comic","8":"product_cat-filosofia","9":"product_cat-filosofia-2_humanidades","11":"first","12":"instock","13":"taxable","14":"shipping-taxable","15":"purchasable","16":"product-type-simple"},"acf":{"autor":"ROUSSEAU, JEAN-JACQUES","codart":"842543134","libros-coleccion":"","ediciones":"1","encuadernacion":"R\u00fastica","fecha_de_publicacion":"18\/04\/2013","novedad":"0","paginas":"200","subtitulo":"\u00a1TAN SOLO EL CONTRATO SOCIAL PUEDE PONER FIN A LA DESIGUALDAD!","orden":"999","portada":"0","idioma":"spa","editorial":[{"ID":6266,"post_author":"3","post_date":"2022-07-28 17:48:31","post_date_gmt":"2022-07-28 15:48:31","post_content":"","post_title":"HERDER","post_excerpt":"","post_status":"publish","comment_status":"closed","ping_status":"closed","post_password":"","post_name":"herder","to_ping":"","pinged":"","post_modified":"2022-07-28 17:48:31","post_modified_gmt":"2022-07-28 15:48:31","post_content_filtered":"","post_parent":0,"guid":"http:\/\/dev.claret.cat\/editorial\/herder\/","menu_order":0,"post_type":"editorial","post_mime_type":"","comment_count":"0","filter":"raw"}],"autores-libros":[{"ID":158890,"post_author":"3","post_date":"2022-10-14 15:40:25","post_date_gmt":"2022-10-14 13:40:25","post_content":"","post_title":"JEAN-JACQUES ROUSSEAU","post_excerpt":"","post_status":"publish","comment_status":"closed","ping_status":"closed","post_password":"","post_name":"jean-jacques-rousseau","to_ping":"","pinged":"","post_modified":"2022-10-14 15:40:25","post_modified_gmt":"2022-10-14 13:40:25","post_content_filtered":"","post_parent":0,"guid":"http:\/\/dev.claret.cat\/autor\/jean-jacques-rousseau\/","menu_order":0,"post_type":"autor","post_mime_type":"","comment_count":"0","filter":"raw"}],"booktrailer":"","resenas":""},"aioseo_notices":[],"_links":{"self":[{"href":"https:\/\/www.claret.cat\/es\/wp-json\/wp\/v2\/product\/281272","targetHints":{"allow":["GET"]}}],"collection":[{"href":"https:\/\/www.claret.cat\/es\/wp-json\/wp\/v2\/product"}],"about":[{"href":"https:\/\/www.claret.cat\/es\/wp-json\/wp\/v2\/types\/product"}],"wp:featuredmedia":[{"embeddable":true,"href":"https:\/\/www.claret.cat\/es\/wp-json\/wp\/v2\/media\/331197"}],"wp:attachment":[{"href":"https:\/\/www.claret.cat\/es\/wp-json\/wp\/v2\/media?parent=281272"}],"wp:term":[{"taxonomy":"product_brand","embeddable":true,"href":"https:\/\/www.claret.cat\/es\/wp-json\/wp\/v2\/product_brand?post=281272"},{"taxonomy":"product_cat","embeddable":true,"href":"https:\/\/www.claret.cat\/es\/wp-json\/wp\/v2\/product_cat?post=281272"},{"taxonomy":"product_tag","embeddable":true,"href":"https:\/\/www.claret.cat\/es\/wp-json\/wp\/v2\/product_tag?post=281272"}],"curies":[{"name":"wp","href":"https:\/\/api.w.org\/{rel}","templated":true}]}}

<p>Rousseau, personaje excéntrico y rebelde, fue un pensador contradictorio e inclasificable, cuyo legado ha sido reclamado y repudiado al mismo tiempo por las tres ideologías que han dominado el pensamiento político moderno: liberalismo, socialismo y nacionalismo. He aquí la versión manga de su obra capital, libro de cabecera de los revolucionarios de 1789 y de figuras posteriores como Simón Bolívar y Fidel Castro.</p>
<p>«El hombre ha nacido libre, pero por doquier se encuentra encadenado […] tan pronto como pueda sacudirse el yugo, [el pueblo] obrará mucho mejor si así lo hace; pues al recobrar su libertad basándose en el mismo derecho por el que le fue arrebatada, prueba que está legitimado a disfrutar de ella.»</p>

Rústica
