{"id":281306,"date":"2022-12-09T22:30:28","date_gmt":"2022-12-09T21:30:28","guid":{"rendered":"http:\/\/dev.claret.cat\/llibre\/sed-de-ser\/"},"modified":"2026-04-20T12:45:15","modified_gmt":"2026-04-20T10:45:15","slug":"sed-de-ser-9788425432095","status":"publish","type":"product","link":"https:\/\/www.claret.cat\/es\/libro\/sed-de-ser-9788425432095\/","title":{"rendered":"SED DE SER"},"content":{"rendered":"<p>Javier Melloni, te\u00f3logo y antrop\u00f3logo especializado en m\u00edstica comparada y di\u00e1logo intercultural e interreligioso, ofrece al lector una obra lenta y en tono po\u00e9tico, gestada poco a poco, para ser le\u00edda tambi\u00e9n pausadamente. Sus p\u00e1ginas se han destilado sin prisa alguna, impelidas por la necesidad de expresar lo que el t\u00edtulo anuncia: la sed de Ser. <br \/> El autor ha dejado que el impulso y la inspiraci\u00f3n de su sed recorran los diferentes \u00e1mbitos de la b\u00fasqueda y los encuentros. As\u00ed, se van sucediendo los temas como un r\u00edo que fluye hacia el Mar e identificando algunos hitos del recorrido, algunas huellas y rastros que se han ido perfilando. Todo est\u00e1 abierto. Melloni comparte solo algunos de los sorbos que han calmado su sed y que tal vez p<\/p>\n","protected":false},"excerpt":{"rendered":"<p>MELLONI, JAVIER<\/p>\n","protected":false},"featured_media":384276,"template":"","meta":{"_acf_changed":false,"om_disable_all_campaigns":false,"rs_blank_template":"","rs_page_bg_color":"","slide_template_v7":"","inline_featured_image":false,"_monsterinsights_skip_tracking":false,"_monsterinsights_sitenote_active":false,"_monsterinsights_sitenote_note":"","_monsterinsights_sitenote_category":0},"product_brand":[],"product_cat":[345,79],"product_tag":[],"class_list":{"0":"post-281306","1":"product","2":"type-product","3":"status-publish","4":"has-post-thumbnail","6":"product_cat-espiritualidad","7":"product_cat-espiritualitat","9":"first","10":"instock","11":"taxable","12":"shipping-taxable","13":"purchasable","14":"product-type-simple"},"acf":{"autor":"MELLONI, JAVIER","codart":"842543209","libros-coleccion":"","ediciones":"1","encuadernacion":"R\u00fastica","fecha_de_publicacion":"01\/09\/2013","novedad":"0","paginas":"150","subtitulo":"","orden":"999","portada":"0","idioma":"spa","editorial":[{"ID":6266,"post_author":"3","post_date":"2022-07-28 17:48:31","post_date_gmt":"2022-07-28 15:48:31","post_content":"","post_title":"HERDER","post_excerpt":"","post_status":"publish","comment_status":"closed","ping_status":"closed","post_password":"","post_name":"herder","to_ping":"","pinged":"","post_modified":"2022-07-28 17:48:31","post_modified_gmt":"2022-07-28 15:48:31","post_content_filtered":"","post_parent":0,"guid":"http:\/\/dev.claret.cat\/editorial\/herder\/","menu_order":0,"post_type":"editorial","post_mime_type":"","comment_count":"0","filter":"raw"}],"autores-libros":[{"ID":5580,"post_author":"3","post_date":"2022-07-28 17:27:02","post_date_gmt":"2022-07-28 15:27:02","post_content":"","post_title":"JAVIER MELLONI","post_excerpt":"","post_status":"publish","comment_status":"closed","ping_status":"closed","post_password":"","post_name":"javier-melloni","to_ping":"","pinged":"","post_modified":"2022-07-28 17:27:02","post_modified_gmt":"2022-07-28 15:27:02","post_content_filtered":"","post_parent":0,"guid":"http:\/\/dev.claret.cat\/autor\/javier-melloni\/","menu_order":0,"post_type":"autor","post_mime_type":"","comment_count":"0","filter":"raw"}],"booktrailer":"","resenas":""},"aioseo_notices":[],"_links":{"self":[{"href":"https:\/\/www.claret.cat\/es\/wp-json\/wp\/v2\/product\/281306","targetHints":{"allow":["GET"]}}],"collection":[{"href":"https:\/\/www.claret.cat\/es\/wp-json\/wp\/v2\/product"}],"about":[{"href":"https:\/\/www.claret.cat\/es\/wp-json\/wp\/v2\/types\/product"}],"wp:featuredmedia":[{"embeddable":true,"href":"https:\/\/www.claret.cat\/es\/wp-json\/wp\/v2\/media\/384276"}],"wp:attachment":[{"href":"https:\/\/www.claret.cat\/es\/wp-json\/wp\/v2\/media?parent=281306"}],"wp:term":[{"taxonomy":"product_brand","embeddable":true,"href":"https:\/\/www.claret.cat\/es\/wp-json\/wp\/v2\/product_brand?post=281306"},{"taxonomy":"product_cat","embeddable":true,"href":"https:\/\/www.claret.cat\/es\/wp-json\/wp\/v2\/product_cat?post=281306"},{"taxonomy":"product_tag","embeddable":true,"href":"https:\/\/www.claret.cat\/es\/wp-json\/wp\/v2\/product_tag?post=281306"}],"curies":[{"name":"wp","href":"https:\/\/api.w.org\/{rel}","templated":true}]}}

<p>Javier Melloni, teólogo y antropólogo especializado en mística comparada y diálogo intercultural e interreligioso, ofrece al lector una obra lenta y en tono poético, gestada poco a poco, para ser leída también pausadamente. Sus páginas se han destilado sin prisa alguna, impelidas por la necesidad de expresar lo que el título anuncia: la sed de Ser. <br /> El autor ha dejado que el impulso y la inspiración de su sed recorran los diferentes ámbitos de la búsqueda y los encuentros. Así, se van sucediendo los temas como un río que fluye hacia el Mar e identificando algunos hitos del recorrido, algunas huellas y rastros que se han ido perfilando. Todo está abierto. Melloni comparte solo algunos de los sorbos que han calmado su sed y que tal vez p</p>

Rústica
