{"id":282223,"date":"2022-12-10T00:17:13","date_gmt":"2022-12-09T23:17:13","guid":{"rendered":"http:\/\/dev.claret.cat\/llibre\/espiritualidad-para-educadores\/"},"modified":"2026-04-01T05:22:09","modified_gmt":"2026-04-01T03:22:09","slug":"espiritualidad-para-educadores-9788427131712","status":"publish","type":"product","link":"https:\/\/www.claret.cat\/es\/libro\/espiritualidad-para-educadores-9788427131712\/","title":{"rendered":"ESPIRITUALIDAD PARA EDUCADORES"},"content":{"rendered":"<p>Este libro recoge un conjunto de reflexiones, conferencias y charlas a diversos grupos de educadores que, partiendo de las intuiciones y propuestas de la espiritualidad ignaciana, intentan ayudar a quienes se dedican a la educaci\u00f3n en cualquiera de sus facetas y contextos, a vivir su tarea cotidiana con m\u00e1s sentido, con m\u00e1s gozo, con m\u00e1s capacidad de servicio &#8230; Son reflexiones nacidas de la vida diaria, del di\u00e1logo con sus problemas y situaciones, y que vuelven a ella para iluminarla y enriquecerla.<\/p>\n","protected":false},"excerpt":{"rendered":"<p>MOLL\u00c1, DAR\u00cdO<\/p>\n","protected":false},"featured_media":331906,"template":"","meta":{"_acf_changed":false,"om_disable_all_campaigns":false,"rs_blank_template":"","rs_page_bg_color":"","slide_template_v7":"","inline_featured_image":false,"_monsterinsights_skip_tracking":false,"_monsterinsights_sitenote_active":false,"_monsterinsights_sitenote_note":"","_monsterinsights_sitenote_category":0},"product_brand":[],"product_cat":[191,454],"product_tag":[],"class_list":{"0":"post-282223","1":"product","2":"type-product","3":"status-publish","4":"has-post-thumbnail","6":"product_cat-educacio-en-valors-pedagogia-2_humanitats","7":"product_cat-educacion-en-valores","9":"first","10":"instock","11":"taxable","12":"shipping-taxable","13":"purchasable","14":"product-type-simple"},"acf":{"autor":"MOLL\u00c1, DAR\u00cdO","codart":"842713171","libros-coleccion":"","ediciones":"1","encuadernacion":"R\u00fastica","fecha_de_publicacion":"24\/03\/2011","novedad":"0","paginas":"156","subtitulo":"","orden":"999","portada":"0","idioma":"spa","editorial":[{"ID":8258,"post_author":"3","post_date":"2022-09-30 09:21:32","post_date_gmt":"2022-09-30 07:21:32","post_content":"","post_title":"MENSAJERO","post_excerpt":"","post_status":"publish","comment_status":"closed","ping_status":"closed","post_password":"","post_name":"mensajero","to_ping":"","pinged":"","post_modified":"2022-09-30 09:21:32","post_modified_gmt":"2022-09-30 07:21:32","post_content_filtered":"","post_parent":0,"guid":"http:\/\/dev.claret.cat\/editorial\/mensajero\/","menu_order":0,"post_type":"editorial","post_mime_type":"","comment_count":"0","filter":"raw"}],"autores-libros":[{"ID":282222,"post_author":"3","post_date":"2022-12-10 00:17:11","post_date_gmt":"2022-12-09 23:17:11","post_content":"","post_title":"DAR\u00cdO MOLL\u00c1","post_excerpt":"","post_status":"publish","comment_status":"closed","ping_status":"closed","post_password":"","post_name":"dario-molla","to_ping":"","pinged":"","post_modified":"2022-12-10 00:17:11","post_modified_gmt":"2022-12-09 23:17:11","post_content_filtered":"","post_parent":0,"guid":"http:\/\/dev.claret.cat\/autor\/dario-molla\/","menu_order":0,"post_type":"autor","post_mime_type":"","comment_count":"0","filter":"raw"}],"booktrailer":"","resenas":""},"aioseo_notices":[],"_links":{"self":[{"href":"https:\/\/www.claret.cat\/es\/wp-json\/wp\/v2\/product\/282223","targetHints":{"allow":["GET"]}}],"collection":[{"href":"https:\/\/www.claret.cat\/es\/wp-json\/wp\/v2\/product"}],"about":[{"href":"https:\/\/www.claret.cat\/es\/wp-json\/wp\/v2\/types\/product"}],"wp:featuredmedia":[{"embeddable":true,"href":"https:\/\/www.claret.cat\/es\/wp-json\/wp\/v2\/media\/331906"}],"wp:attachment":[{"href":"https:\/\/www.claret.cat\/es\/wp-json\/wp\/v2\/media?parent=282223"}],"wp:term":[{"taxonomy":"product_brand","embeddable":true,"href":"https:\/\/www.claret.cat\/es\/wp-json\/wp\/v2\/product_brand?post=282223"},{"taxonomy":"product_cat","embeddable":true,"href":"https:\/\/www.claret.cat\/es\/wp-json\/wp\/v2\/product_cat?post=282223"},{"taxonomy":"product_tag","embeddable":true,"href":"https:\/\/www.claret.cat\/es\/wp-json\/wp\/v2\/product_tag?post=282223"}],"curies":[{"name":"wp","href":"https:\/\/api.w.org\/{rel}","templated":true}]}}

<p>Este libro recoge un conjunto de reflexiones, conferencias y charlas a diversos grupos de educadores que, partiendo de las intuiciones y propuestas de la espiritualidad ignaciana, intentan ayudar a quienes se dedican a la educación en cualquiera de sus facetas y contextos, a vivir su tarea cotidiana con más sentido, con más gozo, con más capacidad de servicio &#8230; Son reflexiones nacidas de la vida diaria, del diálogo con sus problemas y situaciones, y que vuelven a ella para iluminarla y enriquecerla.</p>

<p>MOLLÁ, DARÍO</p>

MOLLÁ, DARÍO

Rústica

DARÍO MOLLÁ
