{"id":282300,"date":"2022-12-10T00:20:06","date_gmt":"2022-12-09T23:20:06","guid":{"rendered":"http:\/\/dev.claret.cat\/llibre\/espiritualidad-en-la-accion-social\/"},"modified":"2026-04-01T05:17:13","modified_gmt":"2026-04-01T03:17:13","slug":"espiritualidad-en-la-accion-social-9788427133082","status":"publish","type":"product","link":"https:\/\/www.claret.cat\/es\/libro\/espiritualidad-en-la-accion-social-9788427133082\/","title":{"rendered":"ESPIRITUALIDAD EN LA ACCI\u00d3N SOCIAL"},"content":{"rendered":"<p>La persona que se compromete a si misma con honestidad personal en la acci\u00f3n social, traspasando la rontera del simple hacer, m\u00e1s o menos rutinario, con m\u00e1s o menos calidad t\u00e9cnica o profesional, es sometida a un choque de experiencias, de signo muy diverso, que pueden darle vida o destruirla. Y es en esa alternativa donde la espiritualidad encuentra su sitio.<\/p>\n","protected":false},"excerpt":{"rendered":"<p>MOLL\u00c1, DAR\u00cdO<\/p>\n","protected":false},"featured_media":331957,"template":"","meta":{"_acf_changed":false,"om_disable_all_campaigns":false,"rs_blank_template":"","rs_page_bg_color":"","slide_template_v7":"","inline_featured_image":false,"_monsterinsights_skip_tracking":false,"_monsterinsights_sitenote_active":false,"_monsterinsights_sitenote_note":"","_monsterinsights_sitenote_category":0},"product_brand":[],"product_cat":[90,540],"product_tag":[],"class_list":{"0":"post-282300","1":"product","2":"type-product","3":"status-publish","4":"has-post-thumbnail","6":"product_cat-altres","7":"product_cat-otros","9":"first","10":"instock","11":"taxable","12":"shipping-taxable","13":"purchasable","14":"product-type-simple"},"acf":{"autor":"MOLL\u00c1, DAR\u00cdO","codart":"842713308","libros-coleccion":"","ediciones":"1","encuadernacion":"R\u00fastica","fecha_de_publicacion":"17\/02\/2012","novedad":"0","paginas":"159","subtitulo":"","orden":"999","portada":"0","idioma":"spa","editorial":[{"ID":8258,"post_author":"3","post_date":"2022-09-30 09:21:32","post_date_gmt":"2022-09-30 07:21:32","post_content":"","post_title":"MENSAJERO","post_excerpt":"","post_status":"publish","comment_status":"closed","ping_status":"closed","post_password":"","post_name":"mensajero","to_ping":"","pinged":"","post_modified":"2022-09-30 09:21:32","post_modified_gmt":"2022-09-30 07:21:32","post_content_filtered":"","post_parent":0,"guid":"http:\/\/dev.claret.cat\/editorial\/mensajero\/","menu_order":0,"post_type":"editorial","post_mime_type":"","comment_count":"0","filter":"raw"}],"autores-libros":[{"ID":282222,"post_author":"3","post_date":"2022-12-10 00:17:11","post_date_gmt":"2022-12-09 23:17:11","post_content":"","post_title":"DAR\u00cdO MOLL\u00c1","post_excerpt":"","post_status":"publish","comment_status":"closed","ping_status":"closed","post_password":"","post_name":"dario-molla","to_ping":"","pinged":"","post_modified":"2022-12-10 00:17:11","post_modified_gmt":"2022-12-09 23:17:11","post_content_filtered":"","post_parent":0,"guid":"http:\/\/dev.claret.cat\/autor\/dario-molla\/","menu_order":0,"post_type":"autor","post_mime_type":"","comment_count":"0","filter":"raw"}],"booktrailer":"","resenas":""},"aioseo_notices":[],"_links":{"self":[{"href":"https:\/\/www.claret.cat\/es\/wp-json\/wp\/v2\/product\/282300","targetHints":{"allow":["GET"]}}],"collection":[{"href":"https:\/\/www.claret.cat\/es\/wp-json\/wp\/v2\/product"}],"about":[{"href":"https:\/\/www.claret.cat\/es\/wp-json\/wp\/v2\/types\/product"}],"wp:featuredmedia":[{"embeddable":true,"href":"https:\/\/www.claret.cat\/es\/wp-json\/wp\/v2\/media\/331957"}],"wp:attachment":[{"href":"https:\/\/www.claret.cat\/es\/wp-json\/wp\/v2\/media?parent=282300"}],"wp:term":[{"taxonomy":"product_brand","embeddable":true,"href":"https:\/\/www.claret.cat\/es\/wp-json\/wp\/v2\/product_brand?post=282300"},{"taxonomy":"product_cat","embeddable":true,"href":"https:\/\/www.claret.cat\/es\/wp-json\/wp\/v2\/product_cat?post=282300"},{"taxonomy":"product_tag","embeddable":true,"href":"https:\/\/www.claret.cat\/es\/wp-json\/wp\/v2\/product_tag?post=282300"}],"curies":[{"name":"wp","href":"https:\/\/api.w.org\/{rel}","templated":true}]}}

ESPIRITUALIDAD EN LA ACCIÓN SOCIAL

<p>La persona que se compromete a si misma con honestidad personal en la acción social, traspasando la rontera del simple hacer, más o menos rutinario, con más o menos calidad técnica o profesional, es sometida a un choque de experiencias, de signo muy diverso, que pueden darle vida o destruirla. Y es en esa alternativa donde la espiritualidad encuentra su sitio.</p>

<p>MOLLÁ, DARÍO</p>

MOLLÁ, DARÍO

Rústica

DARÍO MOLLÁ
