{"id":282647,"date":"2022-12-10T00:50:09","date_gmt":"2022-12-09T23:50:09","guid":{"rendered":"http:\/\/dev.claret.cat\/llibre\/el-peregrino-autobiografia\/"},"modified":"2026-04-01T04:25:59","modified_gmt":"2026-04-01T02:25:59","slug":"el-peregrino-autobiografia-9788427138582","status":"publish","type":"product","link":"https:\/\/www.claret.cat\/es\/libro\/el-peregrino-autobiografia-9788427138582\/","title":{"rendered":"EL PEREGRINO. AUTOBIOGRAF\u00cdA"},"content":{"rendered":"<p>\u00abEn este tiempo le trataba Dios<br \/> de la misma manera que trata<br \/> un maestro de escuela a un ni\u00f1o, <br \/> ense\u00f1\u00e1ndole;<br \/> y ora esto fuese por su rudeza y grueso ingenio,<br \/> o porque no ten\u00eda quien le ense\u00f1ase,<br \/> o por la firme voluntad<br \/> que el mismo Dios le hab\u00eda dado para servirle,<br \/> claramente \u00e9l juzgaba<br \/> y siempre ha juzgado<br \/> que Dios le trataba desta manera\u00bb.<\/p>\n<p>IGNACIO DE LOYOLA, <br \/> El peregrino. Autobiograf\u00eda 27.<\/p>\n<p>\u00abNos felicitamos por que el p\u00fablico disponga de esta edici\u00f3n de la Autobiograf\u00eda, magistralmente preparada por Josep M. Rambla Blanch, sj. A san Ignacio le debemos que su aventura humana y religiosa no pierda actualidad. Su peregrinaci\u00f3n aporta intuiciones tan valiosas, que iluminar\u00e1n las b\u00fasquedas de tantas personas que como \u00e9l, un d\u00eda, se pusieron en camino\u00bb<br \/>(Tomado del Pr\u00f3logo, escrito por Francisco Jos\u00e9 Ruiz P\u00e9rez, SJ<\/p>\n","protected":false},"excerpt":{"rendered":"<p>\u00abEn este tiempo le trataba Dios de la misma manera que trata un maestro de escuela a un ni\u00f1o, ense\u00f1\u00e1ndole; y ora esto fuese por su rudeza y grueso ingenio, o porque no ten\u00eda quien le ense\u00f1ase, o por la firme voluntad que el mismo Dios le hab\u00eda dado para servirle, claramente \u00e9l juzgaba y [&hellip;]<\/p>\n","protected":false},"featured_media":1046395,"template":"","meta":{"_acf_changed":false,"om_disable_all_campaigns":false,"rs_blank_template":"","rs_page_bg_color":"","slide_template_v7":"","inline_featured_image":false,"_monsterinsights_skip_tracking":false,"_monsterinsights_sitenote_active":false,"_monsterinsights_sitenote_note":"","_monsterinsights_sitenote_category":0},"product_brand":[],"product_cat":[244,494],"product_tag":[],"class_list":{"0":"post-282647","1":"product","2":"type-product","3":"status-publish","4":"has-post-thumbnail","6":"product_cat-ignaciana","7":"product_cat-ignaciana-espiritualidad-1_espiritualidad","9":"first","10":"instock","11":"taxable","12":"shipping-taxable","13":"purchasable","14":"product-type-simple"},"acf":{"autor":"IGNACIO DE LOYOLA","codart":"842713858","libros-coleccion":"","ediciones":"1","encuadernacion":"R\u00fastica","fecha_de_publicacion":"18\/02\/2016","novedad":"0","paginas":"136","subtitulo":"","orden":"999","portada":"0","idioma":"spa","editorial":[{"ID":8258,"post_author":"3","post_date":"2022-09-30 09:21:32","post_date_gmt":"2022-09-30 07:21:32","post_content":"","post_title":"MENSAJERO","post_excerpt":"","post_status":"publish","comment_status":"closed","ping_status":"closed","post_password":"","post_name":"mensajero","to_ping":"","pinged":"","post_modified":"2022-09-30 09:21:32","post_modified_gmt":"2022-09-30 07:21:32","post_content_filtered":"","post_parent":0,"guid":"http:\/\/dev.claret.cat\/editorial\/mensajero\/","menu_order":0,"post_type":"editorial","post_mime_type":"","comment_count":"0","filter":"raw"}],"autores-libros":[{"ID":282646,"post_author":"3","post_date":"2022-12-10 00:50:08","post_date_gmt":"2022-12-09 23:50:08","post_content":"","post_title":"IGNACIO DE LOYOLA","post_excerpt":"","post_status":"publish","comment_status":"closed","ping_status":"closed","post_password":"","post_name":"ignacio-de-loyola","to_ping":"","pinged":"","post_modified":"2022-12-10 00:50:08","post_modified_gmt":"2022-12-09 23:50:08","post_content_filtered":"","post_parent":0,"guid":"http:\/\/dev.claret.cat\/autor\/ignacio-de-loyola\/","menu_order":0,"post_type":"autor","post_mime_type":"","comment_count":"0","filter":"raw"}],"booktrailer":"","resenas":""},"aioseo_notices":[],"_links":{"self":[{"href":"https:\/\/www.claret.cat\/es\/wp-json\/wp\/v2\/product\/282647","targetHints":{"allow":["GET"]}}],"collection":[{"href":"https:\/\/www.claret.cat\/es\/wp-json\/wp\/v2\/product"}],"about":[{"href":"https:\/\/www.claret.cat\/es\/wp-json\/wp\/v2\/types\/product"}],"wp:featuredmedia":[{"embeddable":true,"href":"https:\/\/www.claret.cat\/es\/wp-json\/wp\/v2\/media\/1046395"}],"wp:attachment":[{"href":"https:\/\/www.claret.cat\/es\/wp-json\/wp\/v2\/media?parent=282647"}],"wp:term":[{"taxonomy":"product_brand","embeddable":true,"href":"https:\/\/www.claret.cat\/es\/wp-json\/wp\/v2\/product_brand?post=282647"},{"taxonomy":"product_cat","embeddable":true,"href":"https:\/\/www.claret.cat\/es\/wp-json\/wp\/v2\/product_cat?post=282647"},{"taxonomy":"product_tag","embeddable":true,"href":"https:\/\/www.claret.cat\/es\/wp-json\/wp\/v2\/product_tag?post=282647"}],"curies":[{"name":"wp","href":"https:\/\/api.w.org\/{rel}","templated":true}]}}

EL PEREGRINO. AUTOBIOGRAFÍA

<p>«En este tiempo le trataba Dios<br /> de la misma manera que trata<br /> un maestro de escuela a un niño, <br /> enseñándole;<br /> y ora esto fuese por su rudeza y grueso ingenio,<br /> o porque no tenía quien le enseñase,<br /> o por la firme voluntad<br /> que el mismo Dios le había dado para servirle,<br /> claramente él juzgaba<br /> y siempre ha juzgado<br /> que Dios le trataba desta manera».</p>
<p>IGNACIO DE LOYOLA, <br /> El peregrino. Autobiografía 27.</p>
<p>«Nos felicitamos por que el público disponga de esta edición de la Autobiografía, magistralmente preparada por Josep M. Rambla Blanch, sj. A san Ignacio le debemos que su aventura humana y religiosa no pierda actualidad. Su peregrinación aporta intuiciones tan valiosas, que iluminarán las búsquedas de tantas personas que como él, un día, se pusieron en camino»<br />(Tomado del Prólogo, escrito por Francisco José Ruiz Pérez, SJ</p>

<p>«En este tiempo le trataba Dios de la misma manera que trata un maestro de escuela a un niño, enseñándole; y ora esto fuese por su rudeza y grueso ingenio, o porque no tenía quien le enseñase, o por la firme voluntad que el mismo Dios le había dado para servirle, claramente él juzgaba y [&hellip;]</p>

Rústica
