{"id":284435,"date":"2022-12-10T02:18:46","date_gmt":"2022-12-10T01:18:46","guid":{"rendered":"http:\/\/dev.claret.cat\/llibre\/el-viaje-de-los-reyes-magos\/"},"modified":"2024-05-02T11:08:00","modified_gmt":"2024-05-02T09:08:00","slug":"el-viaje-de-los-reyes-magos-9788428533744","status":"publish","type":"product","link":"https:\/\/www.claret.cat\/es\/libro\/el-viaje-de-los-reyes-magos-9788428533744\/","title":{"rendered":"EL VIAJE DE LOS REYES MAGOS"},"content":{"rendered":"<p>En una bonita noche de cielo abierto aparece una estrella muy peculiar. Su luz brilla con tanta fuerza que eclipsa a todas las dem\u00e1s. \u00bfQu\u00e9 significar\u00e1?<br \/>Con este libro los ni\u00f1os podr\u00e1n descubrirlo y conocer mejor a sus tres protagonistas acompa\u00f1\u00e1ndolos en su largo viaje siguiendo la estrella a trav\u00e9s de r\u00edos, monta\u00f1as y mares. Melchor &#8216;el sabio&#8217;, Gaspar &#8216;el mercader&#8217; y Baltasar &#8216;el egipcio&#8217; protagonizan, cada uno, un cap\u00edtulo del libro, y junto a ellos los ni\u00f1os vivir\u00e1n las incertidumbres, dificultades y esperanzas del camino hasta llegar a Bel\u00e9n, donde ellos tambi\u00e9n recibir\u00e1n un regalo muy especial que cambiar\u00e1 sus vidas.<br \/>Adem\u00e1s, los ni\u00f1os podr\u00e1n acercarse a la vida, costumbres y curiosidades de los tiempos de los Reyes Magos gracias a los magn\u00edficos desplegables que incluye este precioso libro.<\/p>\n","protected":false},"excerpt":{"rendered":"<p>MANERO, ELIA<\/p>\n","protected":false},"featured_media":333888,"template":"","meta":{"_acf_changed":false,"om_disable_all_campaigns":false,"rs_blank_template":"","rs_page_bg_color":"","slide_template_v7":"","inline_featured_image":false,"_monsterinsights_skip_tracking":false,"_monsterinsights_sitenote_active":false,"_monsterinsights_sitenote_note":"","_monsterinsights_sitenote_category":0},"product_brand":[],"product_cat":[131,361,267,405,478,219],"product_tag":[],"class_list":{"0":"post-284435","1":"product","2":"type-product","3":"status-publish","4":"has-post-thumbnail","6":"product_cat-contes-per-infants-0-6-anys","7":"product_cat-cuentos-para-ninos-0-6-anos","8":"product_cat-infantil-pastoral","9":"product_cat-infantil-pastoral-1_espiritualidad","10":"product_cat-infantil-catequesis-1_espiritualidad","11":"product_cat-infantil-catequesi","13":"first","14":"outofstock","15":"taxable","16":"shipping-taxable","17":"purchasable","18":"product-type-simple"},"acf":{"autor":"MANERO, ELIA","codart":"842853374","libros-coleccion":"Mis primeros libros","ediciones":"1","encuadernacion":"Carpeta","fecha_de_publicacion":"28\/10\/2008","novedad":"0","paginas":"44","subtitulo":"","orden":"999","portada":"0","idioma":"spa","editorial":[{"ID":6356,"post_author":"3","post_date":"2022-07-28 17:50:26","post_date_gmt":"2022-07-28 15:50:26","post_content":"","post_title":"SAN PABLO COMUNICACI\u00d3N","post_excerpt":"","post_status":"publish","comment_status":"closed","ping_status":"closed","post_password":"","post_name":"san-pablo-comunicacion","to_ping":"","pinged":"","post_modified":"2022-07-28 17:50:26","post_modified_gmt":"2022-07-28 15:50:26","post_content_filtered":"","post_parent":0,"guid":"http:\/\/dev.claret.cat\/editorial\/san-pablo-comunicacion\/","menu_order":0,"post_type":"editorial","post_mime_type":"","comment_count":"0","filter":"raw"}],"autores-libros":[{"ID":284163,"post_author":"3","post_date":"2022-12-10 02:04:53","post_date_gmt":"2022-12-10 01:04:53","post_content":"","post_title":"ELIA MANERO","post_excerpt":"","post_status":"publish","comment_status":"closed","ping_status":"closed","post_password":"","post_name":"elia-manero","to_ping":"","pinged":"","post_modified":"2022-12-10 02:04:53","post_modified_gmt":"2022-12-10 01:04:53","post_content_filtered":"","post_parent":0,"guid":"http:\/\/dev.claret.cat\/autor\/elia-manero\/","menu_order":0,"post_type":"autor","post_mime_type":"","comment_count":"0","filter":"raw"}]},"aioseo_notices":[],"_links":{"self":[{"href":"https:\/\/www.claret.cat\/es\/wp-json\/wp\/v2\/product\/284435","targetHints":{"allow":["GET"]}}],"collection":[{"href":"https:\/\/www.claret.cat\/es\/wp-json\/wp\/v2\/product"}],"about":[{"href":"https:\/\/www.claret.cat\/es\/wp-json\/wp\/v2\/types\/product"}],"wp:featuredmedia":[{"embeddable":true,"href":"https:\/\/www.claret.cat\/es\/wp-json\/wp\/v2\/media\/333888"}],"wp:attachment":[{"href":"https:\/\/www.claret.cat\/es\/wp-json\/wp\/v2\/media?parent=284435"}],"wp:term":[{"taxonomy":"product_brand","embeddable":true,"href":"https:\/\/www.claret.cat\/es\/wp-json\/wp\/v2\/product_brand?post=284435"},{"taxonomy":"product_cat","embeddable":true,"href":"https:\/\/www.claret.cat\/es\/wp-json\/wp\/v2\/product_cat?post=284435"},{"taxonomy":"product_tag","embeddable":true,"href":"https:\/\/www.claret.cat\/es\/wp-json\/wp\/v2\/product_tag?post=284435"}],"curies":[{"name":"wp","href":"https:\/\/api.w.org\/{rel}","templated":true}]}}

<p>En una bonita noche de cielo abierto aparece una estrella muy peculiar. Su luz brilla con tanta fuerza que eclipsa a todas las demás. ¿Qué significará?<br />Con este libro los niños podrán descubrirlo y conocer mejor a sus tres protagonistas acompañándolos en su largo viaje siguiendo la estrella a través de ríos, montañas y mares. Melchor &#8216;el sabio&#8217;, Gaspar &#8216;el mercader&#8217; y Baltasar &#8216;el egipcio&#8217; protagonizan, cada uno, un capítulo del libro, y junto a ellos los niños vivirán las incertidumbres, dificultades y esperanzas del camino hasta llegar a Belén, donde ellos también recibirán un regalo muy especial que cambiará sus vidas.<br />Además, los niños podrán acercarse a la vida, costumbres y curiosidades de los tiempos de los Reyes Magos gracias a los magníficos desplegables que incluye este precioso libro.</p>

SAN PABLO COMUNICACIÓN
