{"id":284521,"date":"2022-12-10T02:22:08","date_gmt":"2022-12-10T01:22:08","guid":{"rendered":"http:\/\/dev.claret.cat\/llibre\/oraciones-para-30-dias-de-duelo\/"},"modified":"2025-12-27T13:40:17","modified_gmt":"2025-12-27T12:40:17","slug":"oraciones-para-30-dias-de-duelo-9788428535038","status":"publish","type":"product","link":"https:\/\/www.claret.cat\/es\/libro\/oraciones-para-30-dias-de-duelo-9788428535038\/","title":{"rendered":"ORACIONES PARA 30 D\u00cdAS DE DUELO"},"content":{"rendered":"<p>El dolor es un mosaico de respuestas f\u00edsicas, emocionales y espirituales cuando sufrimos una p\u00e9rdida. Para curarnos, debemos aceptarlo. Esto significa que debemos reconocer nuestro sufrimiento y darle tiempo, espacio y prestarle la atenci\u00f3n que necesita. Es una invitaci\u00f3n a curar nuestro alma por medio de la oraci\u00f3n. Este librito quiere ayudar a hablar con Dios con el esp\u00edritu de los Salmos: desde el coraz\u00f3n, y tal como eres cada d\u00eda<\/p>\n","protected":false},"excerpt":{"rendered":"<p>MCGRATH, TOM.,ALLEY, R.W.<\/p>\n","protected":false},"featured_media":995109,"template":"","meta":{"_acf_changed":false,"om_disable_all_campaigns":false,"rs_blank_template":"","rs_page_bg_color":"","slide_template_v7":"","inline_featured_image":false,"_monsterinsights_skip_tracking":false,"_monsterinsights_sitenote_active":false,"_monsterinsights_sitenote_note":"","_monsterinsights_sitenote_category":0},"product_brand":[],"product_cat":[90,540],"product_tag":[],"class_list":{"0":"post-284521","1":"product","2":"type-product","3":"status-publish","4":"has-post-thumbnail","6":"product_cat-altres","7":"product_cat-otros","9":"first","10":"instock","11":"taxable","12":"shipping-taxable","13":"purchasable","14":"product-type-simple"},"acf":{"autor":"MCGRATH, TOM.,ALLEY, R.W.","codart":"842853503","libros-coleccion":"","ediciones":"1","encuadernacion":"R\u00fastica","fecha_de_publicacion":"29\/07\/2009","novedad":"0","paginas":"39","subtitulo":"","orden":"999","portada":"0","idioma":"spa","editorial":[{"ID":6356,"post_author":"3","post_date":"2022-07-28 17:50:26","post_date_gmt":"2022-07-28 15:50:26","post_content":"","post_title":"SAN PABLO COMUNICACI\u00d3N","post_excerpt":"","post_status":"publish","comment_status":"closed","ping_status":"closed","post_password":"","post_name":"san-pablo-comunicacion","to_ping":"","pinged":"","post_modified":"2022-07-28 17:50:26","post_modified_gmt":"2022-07-28 15:50:26","post_content_filtered":"","post_parent":0,"guid":"http:\/\/dev.claret.cat\/editorial\/san-pablo-comunicacion\/","menu_order":0,"post_type":"editorial","post_mime_type":"","comment_count":"0","filter":"raw"}],"autores-libros":[{"ID":284520,"post_author":"3","post_date":"2022-12-10 02:22:06","post_date_gmt":"2022-12-10 01:22:06","post_content":"","post_title":"TOM. McGRATH","post_excerpt":"","post_status":"publish","comment_status":"closed","ping_status":"closed","post_password":"","post_name":"tom-mcgrath-2","to_ping":"","pinged":"","post_modified":"2022-12-10 02:22:06","post_modified_gmt":"2022-12-10 01:22:06","post_content_filtered":"","post_parent":0,"guid":"http:\/\/dev.claret.cat\/autor\/tom-mcgrath-2\/","menu_order":0,"post_type":"autor","post_mime_type":"","comment_count":"0","filter":"raw"}],"booktrailer":"","resenas":""},"aioseo_notices":[],"_links":{"self":[{"href":"https:\/\/www.claret.cat\/es\/wp-json\/wp\/v2\/product\/284521","targetHints":{"allow":["GET"]}}],"collection":[{"href":"https:\/\/www.claret.cat\/es\/wp-json\/wp\/v2\/product"}],"about":[{"href":"https:\/\/www.claret.cat\/es\/wp-json\/wp\/v2\/types\/product"}],"wp:featuredmedia":[{"embeddable":true,"href":"https:\/\/www.claret.cat\/es\/wp-json\/wp\/v2\/media\/995109"}],"wp:attachment":[{"href":"https:\/\/www.claret.cat\/es\/wp-json\/wp\/v2\/media?parent=284521"}],"wp:term":[{"taxonomy":"product_brand","embeddable":true,"href":"https:\/\/www.claret.cat\/es\/wp-json\/wp\/v2\/product_brand?post=284521"},{"taxonomy":"product_cat","embeddable":true,"href":"https:\/\/www.claret.cat\/es\/wp-json\/wp\/v2\/product_cat?post=284521"},{"taxonomy":"product_tag","embeddable":true,"href":"https:\/\/www.claret.cat\/es\/wp-json\/wp\/v2\/product_tag?post=284521"}],"curies":[{"name":"wp","href":"https:\/\/api.w.org\/{rel}","templated":true}]}}

ORACIONES PARA 30 DÍAS DE DUELO

<p>El dolor es un mosaico de respuestas físicas, emocionales y espirituales cuando sufrimos una pérdida. Para curarnos, debemos aceptarlo. Esto significa que debemos reconocer nuestro sufrimiento y darle tiempo, espacio y prestarle la atención que necesita. Es una invitación a curar nuestro alma por medio de la oración. Este librito quiere ayudar a hablar con Dios con el espíritu de los Salmos: desde el corazón, y tal como eres cada día</p>

Rústica

SAN PABLO COMUNICACIÓN
