{"id":284968,"date":"2022-12-10T02:39:26","date_gmt":"2022-12-10T01:39:26","guid":{"rendered":"http:\/\/dev.claret.cat\/llibre\/pensar-y-sentir-la-muerte\/"},"modified":"2024-05-02T10:33:49","modified_gmt":"2024-05-02T08:33:49","slug":"pensar-y-sentir-la-muerte-9788428539302","status":"publish","type":"product","link":"https:\/\/www.claret.cat\/es\/libro\/pensar-y-sentir-la-muerte-9788428539302\/","title":{"rendered":"PENSAR Y SENTIR LA MUERTE"},"content":{"rendered":"<p>Este es un libro contracultural por muchas razones. Contracultural pues desea recuperar una historia olvidada, contracultural porque invita a reconciliarse con los s\u00edmbolos de la muerte, contracultural pues es profundamente cr\u00edtico con el silencio y la represi\u00f3n de la muerte dominantes en la actualidad, contracultural porque quiere recuperar una ancianidad serena y reflexiva en medio de tanto envejecimiento activo, contracultural porque invita a ser presencia y escucha al lado de la angustia de la muerte hoy, contracultural pues ofrece un camino \u2013el ignaciano\u2013 a la muerte.<\/p>\n","protected":false},"excerpt":{"rendered":"<p>TORRE, JAVIER DE LA<\/p>\n","protected":false},"featured_media":334244,"template":"","meta":{"_acf_changed":false,"om_disable_all_campaigns":false,"rs_blank_template":"","rs_page_bg_color":"","slide_template_v7":"","inline_featured_image":false,"_monsterinsights_skip_tracking":false,"_monsterinsights_sitenote_active":false,"_monsterinsights_sitenote_note":"","_monsterinsights_sitenote_category":0},"product_brand":[],"product_cat":[90,540],"product_tag":[],"class_list":{"0":"post-284968","1":"product","2":"type-product","3":"status-publish","4":"has-post-thumbnail","6":"product_cat-altres","7":"product_cat-otros","9":"first","10":"instock","11":"taxable","12":"shipping-taxable","13":"purchasable","14":"product-type-simple"},"acf":{"autor":"TORRE, JAVIER DE LA","codart":"842853930","libros-coleccion":"","ediciones":"1","encuadernacion":"R\u00fastica","fecha_de_publicacion":"16\/03\/2012","novedad":"0","paginas":"408","subtitulo":"EL ARTE DEL BUEN MORIR","orden":"999","portada":"0","idioma":"spa","editorial":[{"ID":6356,"post_author":"3","post_date":"2022-07-28 17:50:26","post_date_gmt":"2022-07-28 15:50:26","post_content":"","post_title":"SAN PABLO COMUNICACI\u00d3N","post_excerpt":"","post_status":"publish","comment_status":"closed","ping_status":"closed","post_password":"","post_name":"san-pablo-comunicacion","to_ping":"","pinged":"","post_modified":"2022-07-28 17:50:26","post_modified_gmt":"2022-07-28 15:50:26","post_content_filtered":"","post_parent":0,"guid":"http:\/\/dev.claret.cat\/editorial\/san-pablo-comunicacion\/","menu_order":0,"post_type":"editorial","post_mime_type":"","comment_count":"0","filter":"raw"}],"autores-libros":[{"ID":158697,"post_author":"3","post_date":"2022-10-14 15:38:54","post_date_gmt":"2022-10-14 13:38:54","post_content":"","post_title":"JAVIER DE LA TORRE","post_excerpt":"","post_status":"publish","comment_status":"closed","ping_status":"closed","post_password":"","post_name":"javier-de-la-torre","to_ping":"","pinged":"","post_modified":"2022-10-14 15:38:54","post_modified_gmt":"2022-10-14 13:38:54","post_content_filtered":"","post_parent":0,"guid":"http:\/\/dev.claret.cat\/autor\/javier-de-la-torre\/","menu_order":0,"post_type":"autor","post_mime_type":"","comment_count":"0","filter":"raw"}]},"aioseo_notices":[],"_links":{"self":[{"href":"https:\/\/www.claret.cat\/es\/wp-json\/wp\/v2\/product\/284968","targetHints":{"allow":["GET"]}}],"collection":[{"href":"https:\/\/www.claret.cat\/es\/wp-json\/wp\/v2\/product"}],"about":[{"href":"https:\/\/www.claret.cat\/es\/wp-json\/wp\/v2\/types\/product"}],"wp:featuredmedia":[{"embeddable":true,"href":"https:\/\/www.claret.cat\/es\/wp-json\/wp\/v2\/media\/334244"}],"wp:attachment":[{"href":"https:\/\/www.claret.cat\/es\/wp-json\/wp\/v2\/media?parent=284968"}],"wp:term":[{"taxonomy":"product_brand","embeddable":true,"href":"https:\/\/www.claret.cat\/es\/wp-json\/wp\/v2\/product_brand?post=284968"},{"taxonomy":"product_cat","embeddable":true,"href":"https:\/\/www.claret.cat\/es\/wp-json\/wp\/v2\/product_cat?post=284968"},{"taxonomy":"product_tag","embeddable":true,"href":"https:\/\/www.claret.cat\/es\/wp-json\/wp\/v2\/product_tag?post=284968"}],"curies":[{"name":"wp","href":"https:\/\/api.w.org\/{rel}","templated":true}]}}

<p>Este es un libro contracultural por muchas razones. Contracultural pues desea recuperar una historia olvidada, contracultural porque invita a reconciliarse con los símbolos de la muerte, contracultural pues es profundamente crítico con el silencio y la represión de la muerte dominantes en la actualidad, contracultural porque quiere recuperar una ancianidad serena y reflexiva en medio de tanto envejecimiento activo, contracultural porque invita a ser presencia y escucha al lado de la angustia de la muerte hoy, contracultural pues ofrece un camino –el ignaciano– a la muerte.</p>

Rústica

SAN PABLO COMUNICACIÓN
