{"id":288009,"date":"2022-12-10T07:31:25","date_gmt":"2022-12-10T06:31:25","guid":{"rendered":"http:\/\/dev.claret.cat\/llibre\/testamento-vital\/"},"modified":"2024-05-02T06:59:29","modified_gmt":"2024-05-02T04:59:29","slug":"testamento-vital-9788428823319","status":"publish","type":"product","link":"https:\/\/www.claret.cat\/es\/libro\/testamento-vital-9788428823319\/","title":{"rendered":"TESTAMENTO VITAL"},"content":{"rendered":"<p>Un reto de nuestra sociedad es crecer en conciencia y ejercicio de responsabilidad en el proceso del morir, tanto propio como de los seres queridos o personas confiadas a nuestro cuidado. Uno de los modos de contribuir a esta \u00abapropiaci\u00f3n del morir\u00bb entendemos que es la promoci\u00f3n del \u00abTestamento vital\u00bb. La conciencia de la propia finitud, el di\u00e1logo sobre la propia muerte, la indicaci\u00f3n a familiares, amigos y futuros profesionales de nuestra escala de valores y de los l\u00edmites a los que estamos expuestos cuando la medicina se desliza hacia un paradigma biologicista y se convierte en tecnocracia es un modo noble de ejercer la responsabilidad y de humanizar el final de la vida, y por ende el ejercicio de la medicina.As\u00ed pues, este libro se propone recoger y difundir informaci\u00f3n sobre el Testamento vital de manera sencilla y clara; contribuir al conocimiento de su significado, de su potencial humanizador al final de la vida y a lo largo de ella; ayudar a reflexionar sobre nuestra condici\u00f3n limitada y ofrecer un recurso \u00fatil para quienes deseen abrir el debate en torno a la humanizaci\u00f3n del morir.<\/p>\n","protected":false},"excerpt":{"rendered":"<p>BELDA, ROSA MAR\u00cdA; BERMEJO, JOS\u00c9 CARLOS<\/p>\n","protected":false},"featured_media":337271,"template":"","meta":{"_acf_changed":false,"om_disable_all_campaigns":false,"rs_blank_template":"","rs_page_bg_color":"","slide_template_v7":"","inline_featured_image":false,"_monsterinsights_skip_tracking":false,"_monsterinsights_sitenote_active":false,"_monsterinsights_sitenote_note":"","_monsterinsights_sitenote_category":0},"product_brand":[],"product_cat":[90,540],"product_tag":[],"class_list":{"0":"post-288009","1":"product","2":"type-product","3":"status-publish","4":"has-post-thumbnail","6":"product_cat-altres","7":"product_cat-otros","9":"first","10":"instock","11":"taxable","12":"shipping-taxable","13":"purchasable","14":"product-type-simple"},"acf":{"autor":"BELDA, ROSA MAR\u00cdA; BERMEJO, JOS\u00c9 CARLOS","codart":"842882331","libros-coleccion":"","ediciones":"1","encuadernacion":"R\u00fastica","fecha_de_publicacion":"14\/03\/2011","novedad":"0","paginas":"121","subtitulo":"DI\u00c1LOGO SOBRE LA VIDA, LA MUERTE Y LA LIBERTAD","orden":"999","portada":"0","idioma":"spa","editorial":[{"ID":6335,"post_author":"3","post_date":"2022-07-28 17:49:59","post_date_gmt":"2022-07-28 15:49:59","post_content":"","post_title":"PPC altres","post_excerpt":"","post_status":"publish","comment_status":"closed","ping_status":"closed","post_password":"","post_name":"ppc-altres","to_ping":"","pinged":"","post_modified":"2022-07-28 17:49:59","post_modified_gmt":"2022-07-28 15:49:59","post_content_filtered":"","post_parent":0,"guid":"http:\/\/dev.claret.cat\/editorial\/ppc-altres\/","menu_order":0,"post_type":"editorial","post_mime_type":"","comment_count":"0","filter":"raw"}],"autores-libros":[{"ID":5637,"post_author":"3","post_date":"2022-07-28 17:28:16","post_date_gmt":"2022-07-28 15:28:16","post_content":"","post_title":"JOS\u00c9 CARLOS BERMEJO","post_excerpt":"","post_status":"publish","comment_status":"closed","ping_status":"closed","post_password":"","post_name":"jose-carlos-bermejo","to_ping":"","pinged":"","post_modified":"2022-07-28 17:28:16","post_modified_gmt":"2022-07-28 15:28:16","post_content_filtered":"","post_parent":0,"guid":"http:\/\/dev.claret.cat\/autor\/jose-carlos-bermejo\/","menu_order":0,"post_type":"autor","post_mime_type":"","comment_count":"0","filter":"raw"},{"ID":168502,"post_author":"3","post_date":"2022-10-14 22:19:38","post_date_gmt":"2022-10-14 20:19:38","post_content":"","post_title":"ROSA MAR\u00cdA BELDA","post_excerpt":"","post_status":"publish","comment_status":"closed","ping_status":"closed","post_password":"","post_name":"rosa-maria-belda","to_ping":"","pinged":"","post_modified":"2022-10-14 22:19:38","post_modified_gmt":"2022-10-14 20:19:38","post_content_filtered":"","post_parent":0,"guid":"http:\/\/dev.claret.cat\/autor\/rosa-maria-belda\/","menu_order":0,"post_type":"autor","post_mime_type":"","comment_count":"0","filter":"raw"}]},"aioseo_notices":[],"_links":{"self":[{"href":"https:\/\/www.claret.cat\/es\/wp-json\/wp\/v2\/product\/288009","targetHints":{"allow":["GET"]}}],"collection":[{"href":"https:\/\/www.claret.cat\/es\/wp-json\/wp\/v2\/product"}],"about":[{"href":"https:\/\/www.claret.cat\/es\/wp-json\/wp\/v2\/types\/product"}],"wp:featuredmedia":[{"embeddable":true,"href":"https:\/\/www.claret.cat\/es\/wp-json\/wp\/v2\/media\/337271"}],"wp:attachment":[{"href":"https:\/\/www.claret.cat\/es\/wp-json\/wp\/v2\/media?parent=288009"}],"wp:term":[{"taxonomy":"product_brand","embeddable":true,"href":"https:\/\/www.claret.cat\/es\/wp-json\/wp\/v2\/product_brand?post=288009"},{"taxonomy":"product_cat","embeddable":true,"href":"https:\/\/www.claret.cat\/es\/wp-json\/wp\/v2\/product_cat?post=288009"},{"taxonomy":"product_tag","embeddable":true,"href":"https:\/\/www.claret.cat\/es\/wp-json\/wp\/v2\/product_tag?post=288009"}],"curies":[{"name":"wp","href":"https:\/\/api.w.org\/{rel}","templated":true}]}}

<p>Un reto de nuestra sociedad es crecer en conciencia y ejercicio de responsabilidad en el proceso del morir, tanto propio como de los seres queridos o personas confiadas a nuestro cuidado. Uno de los modos de contribuir a esta «apropiación del morir» entendemos que es la promoción del «Testamento vital». La conciencia de la propia finitud, el diálogo sobre la propia muerte, la indicación a familiares, amigos y futuros profesionales de nuestra escala de valores y de los límites a los que estamos expuestos cuando la medicina se desliza hacia un paradigma biologicista y se convierte en tecnocracia es un modo noble de ejercer la responsabilidad y de humanizar el final de la vida, y por ende el ejercicio de la medicina.Así pues, este libro se propone recoger y difundir información sobre el Testamento vital de manera sencilla y clara; contribuir al conocimiento de su significado, de su potencial humanizador al final de la vida y a lo largo de ella; ayudar a reflexionar sobre nuestra condición limitada y ofrecer un recurso útil para quienes deseen abrir el debate en torno a la humanización del morir.</p>

<p>BELDA, ROSA MARÍA; BERMEJO, JOSÉ CARLOS</p>

BELDA, ROSA MARÍA; BERMEJO, JOSÉ CARLOS

Rústica

DIÁLOGO SOBRE LA VIDA, LA MUERTE Y LA LIBERTAD

JOSÉ CARLOS BERMEJO

ROSA MARÍA BELDA
