{"id":290590,"date":"2022-12-10T17:01:13","date_gmt":"2022-12-10T16:01:13","guid":{"rendered":"http:\/\/dev.claret.cat\/llibre\/bioetica-en-residencias\/"},"modified":"2024-05-24T09:00:42","modified_gmt":"2024-05-24T07:00:42","slug":"bioetica-en-residencias-9788429317695","status":"publish","type":"product","link":"https:\/\/www.claret.cat\/es\/libro\/bioetica-en-residencias-9788429317695\/","title":{"rendered":"BIO\u00c9TICA EN RESIDENCIAS"},"content":{"rendered":"<p>Los conflictos \u00e9ticos en la atenci\u00f3n sociosanitaria son inevitables. En todas las Residencias y Centros de D\u00eda en los que se atiende a personas mayores dependientes se suscitan problemas \u00e9ticos. As\u00ed lo confirma la investigaci\u00f3n llevada a cabo por el autor en diversas residencias espa\u00f1olas y que est\u00e1 en la base de este Cuaderno.<br \/>La bio\u00e9tica no s\u00f3lo aborda las cuestiones fronterizas del principio y el final de la vida, sino la calidad \u00e9tica de la atenci\u00f3n a las personas en la vida cotidiana. Este libro es una invitaci\u00f3n a \u00abhacer bio\u00e9tica\u00bb al alcance de todos. Problemas como el consentimiento informado en personas mayores, el respeto a la intimidad del residente y el deber de confidencialidad de los profesionales, las sujeciones f\u00edsicas, los malos tratos o tratos inadecuados en instituciones, la adecuada comunicaci\u00f3n \u00aben la verdad\u00bb con el residente, el respeto a la libertad de la persona mayor en una residencia, la valoraci\u00f3n de la competencia en personas con deterioro cognitivo&#8230; se presentan junto con una serie de pautas para detectar d\u00f3nde se dan los conflictos, as\u00ed como herramientas para abordar los problemas \u00e9ticos de manera dialogada y racional.<br \/>Este libro quiere contar entre sus lectores con enfermeras y auxiliares, terapeutas y psic\u00f3logos, m\u00e9dicos y directores de Centros, religiosas y voluntarios: todos est\u00e1n invitados a la reflexi\u00f3n cr\u00edtica acerca de c\u00f3mo cuidamos a nuestros mayores dependientes.<\/p>\n","protected":false},"excerpt":{"rendered":"<p>PRAT, FRANCISCO<\/p>\n","protected":false},"featured_media":341018,"template":"","meta":{"_acf_changed":false,"om_disable_all_campaigns":false,"rs_blank_template":"","rs_page_bg_color":"","slide_template_v7":"","inline_featured_image":false,"_monsterinsights_skip_tracking":false,"_monsterinsights_sitenote_active":false,"_monsterinsights_sitenote_note":"","_monsterinsights_sitenote_category":0},"product_brand":[],"product_cat":[401,260,402,261,289,515,437,163],"product_tag":[],"class_list":{"0":"post-290590","1":"product","2":"type-product","3":"status-publish","4":"has-post-thumbnail","6":"product_cat-de-la-salud","7":"product_cat-de-la-salut","8":"product_cat-de-la-tercera-edad","9":"product_cat-de-la-tercera-edat-pastoral","10":"product_cat-moral-de-la-persona-bioetica","11":"product_cat-moral-de-la-persona-bioetica-teologia-1_espiritualidad","12":"product_cat-valores-y-convivencia","13":"product_cat-valors-i-convivencia","15":"first","16":"instock","17":"taxable","18":"shipping-taxable","19":"purchasable","20":"product-type-simple"},"acf":{"editorial":[{"ID":6351,"post_author":"3","post_date":"2022-07-28 17:50:19","post_date_gmt":"2022-07-28 15:50:19","post_content":"","post_title":"Sal Terrae","post_excerpt":"","post_status":"publish","comment_status":"closed","ping_status":"closed","post_password":"","post_name":"sal-terrae","to_ping":"","pinged":"","post_modified":"2022-07-28 17:50:19","post_modified_gmt":"2022-07-28 15:50:19","post_content_filtered":"","post_parent":0,"guid":"http:\/\/dev.claret.cat\/editorial\/sal-terrae\/","menu_order":0,"post_type":"editorial","post_mime_type":"","comment_count":"0","filter":"raw"}],"autores-libros":[{"ID":156292,"post_author":"3","post_date":"2022-10-14 15:19:39","post_date_gmt":"2022-10-14 13:19:39","post_content":"","post_title":"FRANCISCO PRAT","post_excerpt":"","post_status":"publish","comment_status":"closed","ping_status":"closed","post_password":"","post_name":"francisco-prat","to_ping":"","pinged":"","post_modified":"2022-10-14 15:19:39","post_modified_gmt":"2022-10-14 13:19:39","post_content_filtered":"","post_parent":0,"guid":"http:\/\/dev.claret.cat\/autor\/francisco-prat\/","menu_order":0,"post_type":"autor","post_mime_type":"","comment_count":"0","filter":"raw"}],"autor":"PRAT, FRANCISCO","codart":"842931769","libros-coleccion":"Centro de Humanizaci\u00f3n","ediciones":"1","encuadernacion":"R\u00fastica","fecha_de_publicacion":"17\/09\/2008","novedad":"0","paginas":"160","subtitulo":"PROBLEMAS \u00c9TICOS EN LA ASISTENCIA A LA PERSONA MAYOR","orden":"999","portada":"0","idioma":"spa"},"aioseo_notices":[],"_links":{"self":[{"href":"https:\/\/www.claret.cat\/es\/wp-json\/wp\/v2\/product\/290590","targetHints":{"allow":["GET"]}}],"collection":[{"href":"https:\/\/www.claret.cat\/es\/wp-json\/wp\/v2\/product"}],"about":[{"href":"https:\/\/www.claret.cat\/es\/wp-json\/wp\/v2\/types\/product"}],"wp:featuredmedia":[{"embeddable":true,"href":"https:\/\/www.claret.cat\/es\/wp-json\/wp\/v2\/media\/341018"}],"wp:attachment":[{"href":"https:\/\/www.claret.cat\/es\/wp-json\/wp\/v2\/media?parent=290590"}],"wp:term":[{"taxonomy":"product_brand","embeddable":true,"href":"https:\/\/www.claret.cat\/es\/wp-json\/wp\/v2\/product_brand?post=290590"},{"taxonomy":"product_cat","embeddable":true,"href":"https:\/\/www.claret.cat\/es\/wp-json\/wp\/v2\/product_cat?post=290590"},{"taxonomy":"product_tag","embeddable":true,"href":"https:\/\/www.claret.cat\/es\/wp-json\/wp\/v2\/product_tag?post=290590"}],"curies":[{"name":"wp","href":"https:\/\/api.w.org\/{rel}","templated":true}]}}

BIOÉTICA EN RESIDENCIAS

<p>Los conflictos éticos en la atención sociosanitaria son inevitables. En todas las Residencias y Centros de Día en los que se atiende a personas mayores dependientes se suscitan problemas éticos. Así lo confirma la investigación llevada a cabo por el autor en diversas residencias españolas y que está en la base de este Cuaderno.<br />La bioética no sólo aborda las cuestiones fronterizas del principio y el final de la vida, sino la calidad ética de la atención a las personas en la vida cotidiana. Este libro es una invitación a «hacer bioética» al alcance de todos. Problemas como el consentimiento informado en personas mayores, el respeto a la intimidad del residente y el deber de confidencialidad de los profesionales, las sujeciones físicas, los malos tratos o tratos inadecuados en instituciones, la adecuada comunicación «en la verdad» con el residente, el respeto a la libertad de la persona mayor en una residencia, la valoración de la competencia en personas con deterioro cognitivo&#8230; se presentan junto con una serie de pautas para detectar dónde se dan los conflictos, así como herramientas para abordar los problemas éticos de manera dialogada y racional.<br />Este libro quiere contar entre sus lectores con enfermeras y auxiliares, terapeutas y psicólogos, médicos y directores de Centros, religiosas y voluntarios: todos están invitados a la reflexión crítica acerca de cómo cuidamos a nuestros mayores dependientes.</p>

Centro de Humanización

Rústica

PROBLEMAS ÉTICOS EN LA ASISTENCIA A LA PERSONA MAYOR
