{"id":290631,"date":"2022-12-10T17:40:09","date_gmt":"2022-12-10T16:40:09","guid":{"rendered":"http:\/\/dev.claret.cat\/llibre\/contemplaciones-de-papel\/"},"modified":"2026-01-14T12:16:03","modified_gmt":"2026-01-14T11:16:03","slug":"contemplaciones-de-papel-9788429317831","status":"publish","type":"product","link":"https:\/\/www.claret.cat\/es\/libro\/contemplaciones-de-papel-9788429317831\/","title":{"rendered":"CONTEMPLACIONES DE PAPEL"},"content":{"rendered":"<p>Pasi\u00f3n, tristeza, amor, traiciones, l\u00e1grimas, alegr\u00eda, encuentros, miedo, soledad, celos, envidia, ambici\u00f3n, intriga, odios cerriles, lucha, generosidad, adulterio, bondad&#8230; Todo eso, y m\u00e1s, est\u00e1 en las p\u00e1ginas del evangelio. Un evangelio que nos desvela qui\u00e9n es Dios y nos ayuda a entender qui\u00e9nes somos nosotros. Porque habla de nuestras vidas, de nuestra humanidad al tiempo fr\u00e1gil y poderosa, de la capacidad para el bien y para el mal, de lo que somos capaces de elegir. Habla de nuestras luchas y heridas, de nuestras posibilidades, de lo que aprendemos y del encuentro con un Dios que sigue sali\u00e9ndonos al encuentro hoy de muchas formas.<br \/>Ac\u00e9rcate al evangelio de una manera diferente. Zamb\u00fallete en sus p\u00e1ginas y en sus historias. D\u00e9jate sorprender por la humanidad tan real de sus personajes. Mira lo que hacen, escucha lo que dicen, aprende lo que descubren\u2026<\/p>\n","protected":false},"excerpt":{"rendered":"<p>RODR\u00cdGUEZ OLAIZOLA, JOS\u00c9<\/p>\n","protected":false},"featured_media":339815,"template":"","meta":{"_acf_changed":false,"om_disable_all_campaigns":false,"rs_blank_template":"","rs_page_bg_color":"","slide_template_v7":"","inline_featured_image":false,"_monsterinsights_skip_tracking":false,"_monsterinsights_sitenote_active":false,"_monsterinsights_sitenote_note":"","_monsterinsights_sitenote_category":0},"product_brand":[],"product_cat":[497,248,396,247,394,236],"product_tag":[],"class_list":{"0":"post-290631","1":"product","2":"type-product","3":"status-publish","4":"has-post-thumbnail","6":"product_cat-meditaciones","7":"product_cat-meditacions","8":"product_cat-oracion","9":"product_cat-pregaria","10":"product_cat-vida-cotidiana","11":"product_cat-vida-quotidiana","13":"first","14":"instock","15":"taxable","16":"shipping-taxable","17":"purchasable","18":"product-type-simple"},"acf":{"autor":"RODR\u00cdGUEZ OLAIZOLA, JOS\u00c9","codart":"842931783","libros-coleccion":"El Pozo de Siquem","ediciones":"1","encuadernacion":"R\u00fastica","fecha_de_publicacion":"04\/12\/2008","novedad":"0","paginas":"224","subtitulo":"","orden":"999","portada":"0","idioma":"spa","editorial":[{"ID":6351,"post_author":"3","post_date":"2022-07-28 17:50:19","post_date_gmt":"2022-07-28 15:50:19","post_content":"","post_title":"Sal Terrae","post_excerpt":"","post_status":"publish","comment_status":"closed","ping_status":"closed","post_password":"","post_name":"sal-terrae","to_ping":"","pinged":"","post_modified":"2022-07-28 17:50:19","post_modified_gmt":"2022-07-28 15:50:19","post_content_filtered":"","post_parent":0,"guid":"http:\/\/dev.claret.cat\/editorial\/sal-terrae\/","menu_order":0,"post_type":"editorial","post_mime_type":"","comment_count":"0","filter":"raw"}],"autores-libros":[{"ID":160492,"post_author":"3","post_date":"2022-10-14 15:53:31","post_date_gmt":"2022-10-14 13:53:31","post_content":"","post_title":"JOS\u00c9 MAR\u00cdA RODR\u00cdGUEZ OLAIZOLA, SJ","post_excerpt":"","post_status":"publish","comment_status":"closed","ping_status":"closed","post_password":"","post_name":"jose-maria-rodriguez-olaizola-sj","to_ping":"","pinged":"","post_modified":"2022-10-14 15:53:31","post_modified_gmt":"2022-10-14 13:53:31","post_content_filtered":"","post_parent":0,"guid":"http:\/\/dev.claret.cat\/autor\/jose-maria-rodriguez-olaizola-sj\/","menu_order":0,"post_type":"autor","post_mime_type":"","comment_count":"0","filter":"raw"}],"booktrailer":"","resenas":""},"aioseo_notices":[],"_links":{"self":[{"href":"https:\/\/www.claret.cat\/es\/wp-json\/wp\/v2\/product\/290631","targetHints":{"allow":["GET"]}}],"collection":[{"href":"https:\/\/www.claret.cat\/es\/wp-json\/wp\/v2\/product"}],"about":[{"href":"https:\/\/www.claret.cat\/es\/wp-json\/wp\/v2\/types\/product"}],"wp:featuredmedia":[{"embeddable":true,"href":"https:\/\/www.claret.cat\/es\/wp-json\/wp\/v2\/media\/339815"}],"wp:attachment":[{"href":"https:\/\/www.claret.cat\/es\/wp-json\/wp\/v2\/media?parent=290631"}],"wp:term":[{"taxonomy":"product_brand","embeddable":true,"href":"https:\/\/www.claret.cat\/es\/wp-json\/wp\/v2\/product_brand?post=290631"},{"taxonomy":"product_cat","embeddable":true,"href":"https:\/\/www.claret.cat\/es\/wp-json\/wp\/v2\/product_cat?post=290631"},{"taxonomy":"product_tag","embeddable":true,"href":"https:\/\/www.claret.cat\/es\/wp-json\/wp\/v2\/product_tag?post=290631"}],"curies":[{"name":"wp","href":"https:\/\/api.w.org\/{rel}","templated":true}]}}

<p>Pasión, tristeza, amor, traiciones, lágrimas, alegría, encuentros, miedo, soledad, celos, envidia, ambición, intriga, odios cerriles, lucha, generosidad, adulterio, bondad&#8230; Todo eso, y más, está en las páginas del evangelio. Un evangelio que nos desvela quién es Dios y nos ayuda a entender quiénes somos nosotros. Porque habla de nuestras vidas, de nuestra humanidad al tiempo frágil y poderosa, de la capacidad para el bien y para el mal, de lo que somos capaces de elegir. Habla de nuestras luchas y heridas, de nuestras posibilidades, de lo que aprendemos y del encuentro con un Dios que sigue saliéndonos al encuentro hoy de muchas formas.<br />Acércate al evangelio de una manera diferente. Zambúllete en sus páginas y en sus historias. Déjate sorprender por la humanidad tan real de sus personajes. Mira lo que hacen, escucha lo que dicen, aprende lo que descubren…</p>

<p>RODRÍGUEZ OLAIZOLA, JOSÉ</p>

RODRÍGUEZ OLAIZOLA, JOSÉ

Rústica

JOSÉ MARÍA RODRÍGUEZ OLAIZOLA, SJ
