{"id":290813,"date":"2022-12-10T19:10:29","date_gmt":"2022-12-10T18:10:29","guid":{"rendered":"http:\/\/dev.claret.cat\/llibre\/una-espiritualidad-sacerdotal-para-nuestro-tiempo\/"},"modified":"2024-05-24T08:50:15","modified_gmt":"2024-05-24T06:50:15","slug":"una-espiritualidad-sacerdotal-para-nuestro-tiempo-9788429318586","status":"publish","type":"product","link":"https:\/\/www.claret.cat\/es\/libro\/una-espiritualidad-sacerdotal-para-nuestro-tiempo-9788429318586\/","title":{"rendered":"UNA ESPIRITUALIDAD SACERDOTAL PARA NUESTRO TIEMPO"},"content":{"rendered":"<p>Tengo la convicci\u00f3n de que los sacerdotes tenemos a nuestra disposici\u00f3n toda una espiritualidad espec\u00edfica ofrecida por la Iglesia y sumamente motivadora&#8230; El presente libro pretende servir de ayuda para el cuidado de una vida espiritual que responda a los signos de nuestro tiempo\u00bb (tomado de la \u201cPresentaci\u00f3n\u201d). Partiendo de la necesidad de la maduraci\u00f3n humana del presb\u00edtero, el autor reflexiona sobre temas clave de una espiritualidad sacerdotal que responda a los retos de nuestro tiempo: las actitudes fundamentales de los testigos del Evangelio; la fraternidad sacramental de los presb\u00edteros; el celibato cristiano y el celibato sacerdotal; la fidelidad a Cristo, a su comunidad y a nuestra misi\u00f3n eclesial. Esta obra muestra que la aut\u00e9ntica espiritualidad no es una m\u00edstica difusa, sino una experiencia concreta, personalizada y compartida, subyacente a nuestras opciones y actividades pastorales. Sus rasgos y sus acentos no son fruto de nuestro saber, ni de nuestro esfuerzo, ni de nuestro temperamento, sino, ante todo, del Esp\u00edritu Santo, verdadero Protagonista de nuestra maduraci\u00f3n espiritual<\/p>\n","protected":false},"excerpt":{"rendered":"<p>URIARTE, JUAN MAR\u00cdA<\/p>\n","protected":false},"featured_media":339923,"template":"","meta":{"_acf_changed":false,"om_disable_all_campaigns":false,"rs_blank_template":"","rs_page_bg_color":"","slide_template_v7":"","inline_featured_image":false,"_monsterinsights_skip_tracking":false,"_monsterinsights_sitenote_active":false,"_monsterinsights_sitenote_note":"","_monsterinsights_sitenote_category":0},"product_brand":[],"product_cat":[90,540],"product_tag":[],"class_list":{"0":"post-290813","1":"product","2":"type-product","3":"status-publish","4":"has-post-thumbnail","6":"product_cat-altres","7":"product_cat-otros","9":"first","10":"instock","11":"taxable","12":"shipping-taxable","13":"purchasable","14":"product-type-simple"},"acf":{"autor":"URIARTE, JUAN MAR\u00cdA","codart":"842931858","libros-coleccion":"","ediciones":"1","encuadernacion":"R\u00fastica","fecha_de_publicacion":"09\/04\/2010","novedad":"0","paginas":"149","subtitulo":"","orden":"999","portada":"0","idioma":"spa","editorial":[{"ID":6351,"post_author":"3","post_date":"2022-07-28 17:50:19","post_date_gmt":"2022-07-28 15:50:19","post_content":"","post_title":"Sal Terrae","post_excerpt":"","post_status":"publish","comment_status":"closed","ping_status":"closed","post_password":"","post_name":"sal-terrae","to_ping":"","pinged":"","post_modified":"2022-07-28 17:50:19","post_modified_gmt":"2022-07-28 15:50:19","post_content_filtered":"","post_parent":0,"guid":"http:\/\/dev.claret.cat\/editorial\/sal-terrae\/","menu_order":0,"post_type":"editorial","post_mime_type":"","comment_count":"0","filter":"raw"}],"autores-libros":[{"ID":161118,"post_author":"3","post_date":"2022-10-14 17:15:39","post_date_gmt":"2022-10-14 15:15:39","post_content":"","post_title":"JUAN MAR\u00cdA URIARTE","post_excerpt":"","post_status":"publish","comment_status":"closed","ping_status":"closed","post_password":"","post_name":"juan-maria-uriarte","to_ping":"","pinged":"","post_modified":"2022-10-14 17:15:39","post_modified_gmt":"2022-10-14 15:15:39","post_content_filtered":"","post_parent":0,"guid":"http:\/\/dev.claret.cat\/autor\/juan-maria-uriarte\/","menu_order":0,"post_type":"autor","post_mime_type":"","comment_count":"0","filter":"raw"}]},"aioseo_notices":[],"_links":{"self":[{"href":"https:\/\/www.claret.cat\/es\/wp-json\/wp\/v2\/product\/290813","targetHints":{"allow":["GET"]}}],"collection":[{"href":"https:\/\/www.claret.cat\/es\/wp-json\/wp\/v2\/product"}],"about":[{"href":"https:\/\/www.claret.cat\/es\/wp-json\/wp\/v2\/types\/product"}],"wp:featuredmedia":[{"embeddable":true,"href":"https:\/\/www.claret.cat\/es\/wp-json\/wp\/v2\/media\/339923"}],"wp:attachment":[{"href":"https:\/\/www.claret.cat\/es\/wp-json\/wp\/v2\/media?parent=290813"}],"wp:term":[{"taxonomy":"product_brand","embeddable":true,"href":"https:\/\/www.claret.cat\/es\/wp-json\/wp\/v2\/product_brand?post=290813"},{"taxonomy":"product_cat","embeddable":true,"href":"https:\/\/www.claret.cat\/es\/wp-json\/wp\/v2\/product_cat?post=290813"},{"taxonomy":"product_tag","embeddable":true,"href":"https:\/\/www.claret.cat\/es\/wp-json\/wp\/v2\/product_tag?post=290813"}],"curies":[{"name":"wp","href":"https:\/\/api.w.org\/{rel}","templated":true}]}}

<p>Tengo la convicción de que los sacerdotes tenemos a nuestra disposición toda una espiritualidad específica ofrecida por la Iglesia y sumamente motivadora&#8230; El presente libro pretende servir de ayuda para el cuidado de una vida espiritual que responda a los signos de nuestro tiempo» (tomado de la “Presentación”). Partiendo de la necesidad de la maduración humana del presbítero, el autor reflexiona sobre temas clave de una espiritualidad sacerdotal que responda a los retos de nuestro tiempo: las actitudes fundamentales de los testigos del Evangelio; la fraternidad sacramental de los presbíteros; el celibato cristiano y el celibato sacerdotal; la fidelidad a Cristo, a su comunidad y a nuestra misión eclesial. Esta obra muestra que la auténtica espiritualidad no es una mística difusa, sino una experiencia concreta, personalizada y compartida, subyacente a nuestras opciones y actividades pastorales. Sus rasgos y sus acentos no son fruto de nuestro saber, ni de nuestro esfuerzo, ni de nuestro temperamento, sino, ante todo, del Espíritu Santo, verdadero Protagonista de nuestra maduración espiritual</p>

<p>URIARTE, JUAN MARÍA</p>

URIARTE, JUAN MARÍA

Rústica

JUAN MARÍA URIARTE
