{"id":290992,"date":"2022-12-10T20:20:36","date_gmt":"2022-12-10T19:20:36","guid":{"rendered":"http:\/\/dev.claret.cat\/llibre\/hoy-es-ahora\/"},"modified":"2025-10-27T12:10:12","modified_gmt":"2025-10-27T11:10:12","slug":"hoy-es-ahora-9788429319583","status":"publish","type":"product","link":"https:\/\/www.claret.cat\/es\/libro\/hoy-es-ahora-9788429319583\/","title":{"rendered":"HOY ES AHORA"},"content":{"rendered":"<p>&#8216;Este es un libro sobre muchas facetas de la vida. Sobre las sociedades y las personas. Sobre la crisis y sobre las historias particulares. Sobre la mente y sobre el cuerpo. Sobre la pol\u00edtica. Sobre la fe. Sobre el sexo. Sobre la compasi\u00f3n. Sobre aquello en lo que creemos y aquello que sabemos. Para personas religiosas y para personas no religiosas, siempre que, unas u otras, sean personas inquietas&#8217;. Con su habitual maestr\u00eda aborda el autor tales temas en estos tiempos complejos y vertiginosos.<\/p>\n","protected":false},"excerpt":{"rendered":"<p>RODR\u00cdGUEZ OLAIZOLA, JOS\u00c9<\/p>\n","protected":false},"featured_media":340031,"template":"","meta":{"_acf_changed":false,"om_disable_all_campaigns":false,"rs_blank_template":"","rs_page_bg_color":"","slide_template_v7":"","inline_featured_image":false,"_monsterinsights_skip_tracking":false,"_monsterinsights_sitenote_active":false,"_monsterinsights_sitenote_note":"","_monsterinsights_sitenote_category":0},"product_brand":[],"product_cat":[345,79],"product_tag":[],"class_list":{"0":"post-290992","1":"product","2":"type-product","3":"status-publish","4":"has-post-thumbnail","6":"product_cat-espiritualidad","7":"product_cat-espiritualitat","9":"first","10":"instock","11":"taxable","12":"shipping-taxable","13":"purchasable","14":"product-type-simple"},"acf":{"autor":"RODR\u00cdGUEZ OLAIZOLA, JOS\u00c9","codart":"842931958","libros-coleccion":"POZO DE SIQUIEM","ediciones":"1","encuadernacion":"R\u00fastica","fecha_de_publicacion":"04\/11\/2011","novedad":"0","paginas":"167","subtitulo":"GENTE S\u00d3LIDA PARA TIEMPOS L\u00cdQUIDOS","orden":"999","portada":"0","idioma":"spa","editorial":[{"ID":6351,"post_author":"3","post_date":"2022-07-28 17:50:19","post_date_gmt":"2022-07-28 15:50:19","post_content":"","post_title":"Sal Terrae","post_excerpt":"","post_status":"publish","comment_status":"closed","ping_status":"closed","post_password":"","post_name":"sal-terrae","to_ping":"","pinged":"","post_modified":"2022-07-28 17:50:19","post_modified_gmt":"2022-07-28 15:50:19","post_content_filtered":"","post_parent":0,"guid":"http:\/\/dev.claret.cat\/editorial\/sal-terrae\/","menu_order":0,"post_type":"editorial","post_mime_type":"","comment_count":"0","filter":"raw"}],"autores-libros":[{"ID":160492,"post_author":"3","post_date":"2022-10-14 15:53:31","post_date_gmt":"2022-10-14 13:53:31","post_content":"","post_title":"JOS\u00c9 MAR\u00cdA RODR\u00cdGUEZ OLAIZOLA, SJ","post_excerpt":"","post_status":"publish","comment_status":"closed","ping_status":"closed","post_password":"","post_name":"jose-maria-rodriguez-olaizola-sj","to_ping":"","pinged":"","post_modified":"2022-10-14 15:53:31","post_modified_gmt":"2022-10-14 13:53:31","post_content_filtered":"","post_parent":0,"guid":"http:\/\/dev.claret.cat\/autor\/jose-maria-rodriguez-olaizola-sj\/","menu_order":0,"post_type":"autor","post_mime_type":"","comment_count":"0","filter":"raw"}],"booktrailer":"","resenas":""},"aioseo_notices":[],"_links":{"self":[{"href":"https:\/\/www.claret.cat\/es\/wp-json\/wp\/v2\/product\/290992","targetHints":{"allow":["GET"]}}],"collection":[{"href":"https:\/\/www.claret.cat\/es\/wp-json\/wp\/v2\/product"}],"about":[{"href":"https:\/\/www.claret.cat\/es\/wp-json\/wp\/v2\/types\/product"}],"wp:featuredmedia":[{"embeddable":true,"href":"https:\/\/www.claret.cat\/es\/wp-json\/wp\/v2\/media\/340031"}],"wp:attachment":[{"href":"https:\/\/www.claret.cat\/es\/wp-json\/wp\/v2\/media?parent=290992"}],"wp:term":[{"taxonomy":"product_brand","embeddable":true,"href":"https:\/\/www.claret.cat\/es\/wp-json\/wp\/v2\/product_brand?post=290992"},{"taxonomy":"product_cat","embeddable":true,"href":"https:\/\/www.claret.cat\/es\/wp-json\/wp\/v2\/product_cat?post=290992"},{"taxonomy":"product_tag","embeddable":true,"href":"https:\/\/www.claret.cat\/es\/wp-json\/wp\/v2\/product_tag?post=290992"}],"curies":[{"name":"wp","href":"https:\/\/api.w.org\/{rel}","templated":true}]}}

<p>&#8216;Este es un libro sobre muchas facetas de la vida. Sobre las sociedades y las personas. Sobre la crisis y sobre las historias particulares. Sobre la mente y sobre el cuerpo. Sobre la política. Sobre la fe. Sobre el sexo. Sobre la compasión. Sobre aquello en lo que creemos y aquello que sabemos. Para personas religiosas y para personas no religiosas, siempre que, unas u otras, sean personas inquietas&#8217;. Con su habitual maestría aborda el autor tales temas en estos tiempos complejos y vertiginosos.</p>

<p>RODRÍGUEZ OLAIZOLA, JOSÉ</p>

RODRÍGUEZ OLAIZOLA, JOSÉ

Rústica

GENTE SÓLIDA PARA TIEMPOS LÍQUIDOS

JOSÉ MARÍA RODRÍGUEZ OLAIZOLA, SJ
