{"id":293831,"date":"2022-12-11T03:13:09","date_gmt":"2022-12-11T02:13:09","guid":{"rendered":"http:\/\/dev.claret.cat\/llibre\/en-la-escuela-del-espiritu-santo\/"},"modified":"2026-02-28T12:45:10","modified_gmt":"2026-02-28T11:45:10","slug":"en-la-escuela-del-espiritu-santo-9788432135378","status":"publish","type":"product","link":"https:\/\/www.claret.cat\/es\/libro\/en-la-escuela-del-espiritu-santo-9788432135378\/","title":{"rendered":"EN LA ESCUELA DEL ESPIRITU SANTO"},"content":{"rendered":"<p>El Esp\u00edritu Santo es el Consolador, la fuerza de lo alto que acude en auxilio de nuestra flaqueza. Puede orientar y guiar, gracias a los movimientos que imprime en cada alma. Aprender a reconocerlos y a recibirlos nos ayudar\u00e1 a progresar en la vida cristiana, y a responder a la llamada a la santidad que Dios nos dirige a todos.<br \/>\u00bfC\u00f3mo dejar que el Esp\u00edritu Santo nos asista y nos gu\u00ede? \u00bfC\u00f3mo abrirnos lo m\u00e1s posible a su acci\u00f3n, que ilumina nuestra inteligencia y fortalece nuestro coraz\u00f3n?<br \/>El prop\u00f3sito de este libro, accesible y concreto, es el de mostrarnos las condiciones pr\u00e1cticas que permiten esa docilidad a la acci\u00f3n del Esp\u00edritu Santo.<\/p>\n","protected":false},"excerpt":{"rendered":"<p>PHILIPPE<\/p>\n","protected":false},"featured_media":342892,"template":"","meta":{"_acf_changed":false,"om_disable_all_campaigns":false,"rs_blank_template":"","rs_page_bg_color":"","slide_template_v7":"","inline_featured_image":false,"_monsterinsights_skip_tracking":false,"_monsterinsights_sitenote_active":false,"_monsterinsights_sitenote_note":"","_monsterinsights_sitenote_category":0},"product_brand":[],"product_cat":[78,344],"product_tag":[],"class_list":{"0":"post-293831","1":"product","2":"type-product","3":"status-publish","4":"has-post-thumbnail","6":"product_cat-pastoral","7":"product_cat-pastoral-1_espiritualidad","9":"first","10":"instock","11":"taxable","12":"shipping-taxable","13":"purchasable","14":"product-type-simple"},"acf":{"autor":"PHILIPPE","codart":"843213537","libros-coleccion":"","ediciones":"1","encuadernacion":"R\u00fastica","fecha_de_publicacion":"25\/04\/2005","novedad":"0","paginas":"96","subtitulo":"","orden":"999","portada":"0","idioma":"spa","editorial":[{"ID":6348,"post_author":"3","post_date":"2022-07-28 17:50:16","post_date_gmt":"2022-07-28 15:50:16","post_content":"","post_title":"Rialp","post_excerpt":"","post_status":"publish","comment_status":"closed","ping_status":"closed","post_password":"","post_name":"rialp","to_ping":"","pinged":"","post_modified":"2022-07-28 17:50:16","post_modified_gmt":"2022-07-28 15:50:16","post_content_filtered":"","post_parent":0,"guid":"http:\/\/dev.claret.cat\/editorial\/rialp\/","menu_order":0,"post_type":"editorial","post_mime_type":"","comment_count":"0","filter":"raw"}],"autores-libros":[{"ID":293814,"post_author":"3","post_date":"2022-12-11 03:12:24","post_date_gmt":"2022-12-11 02:12:24","post_content":"","post_title":"JACQUES PHILIPPE","post_excerpt":"","post_status":"publish","comment_status":"closed","ping_status":"closed","post_password":"","post_name":"jacques-philippe-2","to_ping":"","pinged":"","post_modified":"2022-12-11 03:12:24","post_modified_gmt":"2022-12-11 02:12:24","post_content_filtered":"","post_parent":0,"guid":"http:\/\/dev.claret.cat\/autor\/jacques-philippe-2\/","menu_order":0,"post_type":"autor","post_mime_type":"","comment_count":"0","filter":"raw"}],"booktrailer":"","resenas":""},"aioseo_notices":[],"_links":{"self":[{"href":"https:\/\/www.claret.cat\/es\/wp-json\/wp\/v2\/product\/293831","targetHints":{"allow":["GET"]}}],"collection":[{"href":"https:\/\/www.claret.cat\/es\/wp-json\/wp\/v2\/product"}],"about":[{"href":"https:\/\/www.claret.cat\/es\/wp-json\/wp\/v2\/types\/product"}],"wp:featuredmedia":[{"embeddable":true,"href":"https:\/\/www.claret.cat\/es\/wp-json\/wp\/v2\/media\/342892"}],"wp:attachment":[{"href":"https:\/\/www.claret.cat\/es\/wp-json\/wp\/v2\/media?parent=293831"}],"wp:term":[{"taxonomy":"product_brand","embeddable":true,"href":"https:\/\/www.claret.cat\/es\/wp-json\/wp\/v2\/product_brand?post=293831"},{"taxonomy":"product_cat","embeddable":true,"href":"https:\/\/www.claret.cat\/es\/wp-json\/wp\/v2\/product_cat?post=293831"},{"taxonomy":"product_tag","embeddable":true,"href":"https:\/\/www.claret.cat\/es\/wp-json\/wp\/v2\/product_tag?post=293831"}],"curies":[{"name":"wp","href":"https:\/\/api.w.org\/{rel}","templated":true}]}}

<p>El Espíritu Santo es el Consolador, la fuerza de lo alto que acude en auxilio de nuestra flaqueza. Puede orientar y guiar, gracias a los movimientos que imprime en cada alma. Aprender a reconocerlos y a recibirlos nos ayudará a progresar en la vida cristiana, y a responder a la llamada a la santidad que Dios nos dirige a todos.<br />¿Cómo dejar que el Espíritu Santo nos asista y nos guíe? ¿Cómo abrirnos lo más posible a su acción, que ilumina nuestra inteligencia y fortalece nuestro corazón?<br />El propósito de este libro, accesible y concreto, es el de mostrarnos las condiciones prácticas que permiten esa docilidad a la acción del Espíritu Santo.</p>

Rústica
